CRAN Package Check Results for Package tourrGui

Last updated on 2014-08-27 19:48:45.

Flavor Version Tinstall Tcheck Ttotal Status Flags
r-devel-linux-x86_64-debian-clang 0.4 2.05 27.21 29.26 NOTE
r-devel-linux-x86_64-debian-gcc 0.4 1.99 26.97 28.96 NOTE
r-devel-linux-x86_64-fedora-clang 0.4 67.37 NOTE
r-devel-linux-x86_64-fedora-gcc 0.4 61.62 NOTE
r-devel-osx-x86_64-clang 0.4 54.65 NOTE
r-devel-windows-ix86+x86_64 0.4 7.00 42.00 49.00 NOTE
r-patched-linux-x86_64 0.4 2.08 29.68 31.76 NOTE
r-patched-solaris-sparc 0.4 382.60 NOTE
r-patched-solaris-x86 0.4 99.70 NOTE
r-release-linux-ix86 0.4 3.07 42.24 45.31 NOTE
r-release-linux-x86_64 0.4 2.21 31.12 33.33 NOTE
r-release-osx-x86_64-mavericks 0.4 ERROR
r-release-osx-x86_64-snowleopard 0.4 NOTE
r-release-windows-ix86+x86_64 0.4 7.00 49.00 56.00 NOTE
r-oldrel-windows-ix86+x86_64 0.4 6.00 51.00 57.00 NOTE

Check Details

Version: 0.4
Check: DESCRIPTION meta-information
Result: NOTE
    License components which are templates and need '+ file LICENSE':
     MIT
Flavors: r-devel-linux-x86_64-debian-clang, r-devel-linux-x86_64-debian-gcc, r-devel-linux-x86_64-fedora-clang, r-devel-linux-x86_64-fedora-gcc, r-devel-osx-x86_64-clang, r-patched-linux-x86_64, r-patched-solaris-sparc, r-patched-solaris-x86, r-release-linux-ix86, r-release-linux-x86_64

Version: 0.4
Check: dependencies in R code
Result: NOTE
    'library' or 'require' calls to packages already attached by Depends:
     ‘Cairo’ ‘RGtk2’ ‘colorspace’ ‘gWidgets’ ‘tourr’
     Please remove these calls from your code.
    Packages in Depends field not imported from:
     ‘Cairo’ ‘RGtk2’ ‘colorspace’ ‘gWidgets’ ‘tourr’
     These packages need to be imported from (in the NAMESPACE file)
     for when this namespace is loaded but not attached.
    See the information on DESCRIPTION files in the chapter ‘Creating R
    packages’ of the ‘Writing R Extensions’ manual.
Flavors: r-devel-linux-x86_64-debian-clang, r-devel-linux-x86_64-debian-gcc, r-devel-linux-x86_64-fedora-clang, r-devel-linux-x86_64-fedora-gcc, r-devel-osx-x86_64-clang, r-devel-windows-ix86+x86_64, r-patched-linux-x86_64, r-patched-solaris-sparc, r-patched-solaris-x86, r-release-linux-ix86, r-release-linux-x86_64, r-release-windows-ix86+x86_64, r-oldrel-windows-ix86+x86_64

Version: 0.4
Check: R code for possible problems
Result: NOTE
    .create_1d_tour: no visible global function definition for ‘gmessage’
    .create_1d_tour: no visible global function definition for
     ‘display_dist’
    .create_1d_tour: no visible global function definition for ‘grand_tour’
    .create_1d_tour: no visible global function definition for
     ‘little_tour’
    .create_1d_tour: no visible global function definition for
     ‘guided_tour’
    .create_1d_tour: no visible binding for global variable ‘holes’
    .create_1d_tour: no visible binding for global variable ‘cmass’
    .create_1d_tour: no visible global function definition for ‘lda_pp’
    .create_1d_tour: no visible global function definition for ‘pda_pp’
    .create_1d_tour: no visible global function definition for ‘local_tour’
    .create_1d_tour: no visible global function definition for ‘basis_init’
    .create_1d_tour: no visible global function definition for ‘sphere’
    .create_1d_tour: no visible global function definition for ‘rescale’
    .create_andrews_tour: no visible global function definition for
     ‘gmessage’
    .create_andrews_tour: no visible global function definition for
     ‘rainbow_hcl’
    .create_andrews_tour: no visible global function definition for
     ‘display_andrews’
    .create_andrews_tour: no visible global function definition for
     ‘grand_tour’
    .create_andrews_tour: no visible global function definition for
     ‘little_tour’
    .create_andrews_tour: no visible global function definition for
     ‘guided_tour’
    .create_andrews_tour: no visible binding for global variable ‘holes’
    .create_andrews_tour: no visible binding for global variable ‘cmass’
    .create_andrews_tour: no visible global function definition for
     ‘lda_pp’
    .create_andrews_tour: no visible global function definition for
     ‘pda_pp’
    .create_andrews_tour: no visible global function definition for
     ‘local_tour’
    .create_andrews_tour: no visible global function definition for
     ‘basis_init’
    .create_andrews_tour: no visible global function definition for
     ‘sphere’
    .create_andrews_tour: no visible global function definition for
     ‘rescale’
    .create_face_tour: no visible global function definition for ‘gmessage’
    .create_face_tour: no visible global function definition for
     ‘display_faces’
    .create_face_tour: no visible global function definition for
     ‘grand_tour’
    .create_face_tour: no visible global function definition for
     ‘little_tour’
    .create_face_tour: no visible global function definition for
     ‘guided_tour’
    .create_face_tour: no visible binding for global variable ‘holes’
    .create_face_tour: no visible binding for global variable ‘cmass’
    .create_face_tour: no visible global function definition for ‘lda_pp’
    .create_face_tour: no visible global function definition for ‘pda_pp’
    .create_face_tour: no visible global function definition for
     ‘local_tour’
    .create_face_tour: no visible global function definition for
     ‘basis_init’
    .create_face_tour: no visible global function definition for ‘sphere’
    .create_face_tour: no visible global function definition for ‘rescale’
    .create_image_tour: no visible global function definition for
     ‘gmessage’
    .create_image_tour: no visible global function definition for
     ‘display_image’
    .create_image_tour: no visible global function definition for
     ‘grand_tour’
    .create_image_tour: no visible global function definition for
     ‘little_tour’
    .create_image_tour: no visible global function definition for
     ‘local_tour’
    .create_image_tour: no visible global function definition for
     ‘guided_tour’
    .create_image_tour: no visible binding for global variable ‘holes’
    .create_image_tour: no visible binding for global variable ‘cmass’
    .create_image_tour: no visible global function definition for ‘rescale’
    .create_mat_tour: no visible global function definition for ‘gmessage’
    .create_mat_tour: no visible global function definition for
     ‘display_scatmat’
    .create_mat_tour: no visible global function definition for
     ‘grand_tour’
    .create_mat_tour: no visible global function definition for
     ‘little_tour’
    .create_mat_tour: no visible global function definition for
     ‘guided_tour’
    .create_mat_tour: no visible binding for global variable ‘holes’
    .create_mat_tour: no visible binding for global variable ‘cmass’
    .create_mat_tour: no visible global function definition for ‘lda_pp’
    .create_mat_tour: no visible global function definition for ‘pda_pp’
    .create_mat_tour: no visible global function definition for
     ‘local_tour’
    .create_mat_tour: no visible global function definition for
     ‘basis_init’
    .create_mat_tour: no visible global function definition for ‘sphere’
    .create_mat_tour: no visible global function definition for ‘rescale’
    .create_pcp_tour: no visible global function definition for ‘gmessage’
    .create_pcp_tour: no visible global function definition for
     ‘display_pcp’
    .create_pcp_tour: no visible global function definition for
     ‘grand_tour’
    .create_pcp_tour: no visible global function definition for
     ‘little_tour’
    .create_pcp_tour: no visible global function definition for
     ‘guided_tour’
    .create_pcp_tour: no visible binding for global variable ‘holes’
    .create_pcp_tour: no visible binding for global variable ‘cmass’
    .create_pcp_tour: no visible global function definition for ‘lda_pp’
    .create_pcp_tour: no visible global function definition for ‘pda_pp’
    .create_pcp_tour: no visible global function definition for
     ‘local_tour’
    .create_pcp_tour: no visible global function definition for
     ‘basis_init’
    .create_pcp_tour: no visible global function definition for ‘sphere’
    .create_pcp_tour: no visible global function definition for ‘rescale’
    .create_stars_tour: no visible global function definition for
     ‘gmessage’
    .create_stars_tour: no visible global function definition for
     ‘display_stars’
    .create_stars_tour: no visible global function definition for
     ‘grand_tour’
    .create_stars_tour: no visible global function definition for
     ‘little_tour’
    .create_stars_tour: no visible global function definition for
     ‘guided_tour’
    .create_stars_tour: no visible binding for global variable ‘holes’
    .create_stars_tour: no visible binding for global variable ‘cmass’
    .create_stars_tour: no visible global function definition for ‘lda_pp’
    .create_stars_tour: no visible global function definition for ‘pda_pp’
    .create_stars_tour: no visible global function definition for
     ‘local_tour’
    .create_stars_tour: no visible global function definition for
     ‘basis_init’
    .create_stars_tour: no visible global function definition for ‘sphere’
    .create_stars_tour: no visible global function definition for ‘rescale’
    .create_stereo_tour: no visible global function definition for
     ‘gmessage’
    .create_stereo_tour: no visible global function definition for
     ‘display_stereo’
    .create_stereo_tour: no visible global function definition for
     ‘grand_tour’
    .create_stereo_tour: no visible global function definition for
     ‘little_tour’
    .create_stereo_tour: no visible global function definition for
     ‘guided_tour’
    .create_stereo_tour: no visible binding for global variable ‘holes’
    .create_stereo_tour: no visible binding for global variable ‘cmass’
    .create_stereo_tour: no visible global function definition for ‘lda_pp’
    .create_stereo_tour: no visible global function definition for ‘pda_pp’
    .create_stereo_tour: no visible global function definition for
     ‘local_tour’
    .create_stereo_tour: no visible global function definition for ‘sphere’
    .create_stereo_tour: no visible global function definition for
     ‘rescale’
    .create_xy_tour: no visible global function definition for ‘gmessage’
    .create_xy_tour: no visible global function definition for
     ‘rainbow_hcl’
    .create_xy_tour: no visible global function definition for ‘display_xy’
    .create_xy_tour: no visible global function definition for ‘grand_tour’
    .create_xy_tour: no visible global function definition for
     ‘little_tour’
    .create_xy_tour: no visible global function definition for
     ‘guided_tour’
    .create_xy_tour: no visible binding for global variable ‘holes’
    .create_xy_tour: no visible binding for global variable ‘cmass’
    .create_xy_tour: no visible global function definition for ‘lda_pp’
    .create_xy_tour: no visible global function definition for ‘pda_pp’
    .create_xy_tour: no visible global function definition for ‘local_tour’
    .create_xy_tour: no visible global function definition for ‘basis_init’
    .create_xy_tour: no visible global function definition for ‘sphere’
    .create_xy_tour: no visible global function definition for ‘rescale’
    .interface_andrews : update_tour_andrews: no visible global function
     definition for ‘svalue’
    .interface_andrews : draw_frame_andrews: no visible global function
     definition for ‘svalue’
    .interface_andrews : draw_frame_andrews: no visible global function
     definition for ‘find_platform’
    .interface_andrews: no visible global function definition for ‘glayout’
    .interface_andrews: no visible global function definition for
     ‘gcheckboxgroup’
    .interface_andrews: no visible global function definition for
     ‘tooltip<-’
    .interface_andrews: no visible global function definition for ‘gtable’
    .interface_andrews: no visible global function definition for ‘gradio’
    .interface_andrews: no visible global function definition for
     ‘gdroplist’
    .interface_andrews: no visible global function definition for ‘gslider’
    .interface_andrews: no visible global function definition for
     ‘gcheckbox’
    .interface_andrews : <anonymous>: no visible global function definition
     for ‘svalue’
    .interface_andrews : pause_andrews: no visible global function
     definition for ‘svalue<-’
    .interface_andrews : pause_andrews: no visible global function
     definition for ‘gtkIdleRemove’
    .interface_andrews : pause_andrews: no visible global function
     definition for ‘gIdleAdd’
    .interface_andrews: no visible global function definition for ‘ggroup’
    .interface_andrews: no visible global function definition for ‘gbutton’
    .interface_andrews : <anonymous>: no visible global function definition
     for ‘dispose’
    .interface_density : update_tour_density: no visible global function
     definition for ‘svalue’
    .interface_density : draw_frame_density: no visible global function
     definition for ‘svalue’
    .interface_density : draw_frame_density: no visible global function
     definition for ‘find_platform’
    .interface_density: no visible global function definition for ‘glayout’
    .interface_density: no visible global function definition for
     ‘gcheckboxgroup’
    .interface_density: no visible global function definition for
     ‘tooltip<-’
    .interface_density: no visible global function definition for ‘gtable’
    .interface_density: no visible global function definition for ‘gradio’
    .interface_density: no visible global function definition for
     ‘gdroplist’
    .interface_density: no visible global function definition for ‘gslider’
    .interface_density: no visible global function definition for
     ‘gcheckbox’
    .interface_density : <anonymous>: no visible global function definition
     for ‘svalue’
    .interface_density : pause_density: no visible global function
     definition for ‘svalue<-’
    .interface_density : pause_density: no visible global function
     definition for ‘gtkIdleRemove’
    .interface_density : pause_density: no visible global function
     definition for ‘gIdleAdd’
    .interface_density: no visible global function definition for ‘ggroup’
    .interface_density: no visible global function definition for ‘gbutton’
    .interface_density : <anonymous>: no visible global function definition
     for ‘dispose’
    .interface_faces : update_tour_faces: no visible global function
     definition for ‘svalue’
    .interface_faces : draw_frame_faces: no visible global function
     definition for ‘svalue’
    .interface_faces : draw_frame_faces: no visible global function
     definition for ‘find_platform’
    .interface_faces: no visible global function definition for ‘glayout’
    .interface_faces: no visible global function definition for
     ‘gcheckboxgroup’
    .interface_faces: no visible global function definition for ‘tooltip<-’
    .interface_faces: no visible global function definition for ‘gtable’
    .interface_faces: no visible global function definition for ‘gradio’
    .interface_faces: no visible global function definition for ‘gdroplist’
    .interface_faces: no visible global function definition for ‘gslider’
    .interface_faces: no visible global function definition for ‘gcheckbox’
    .interface_faces : <anonymous>: no visible global function definition
     for ‘svalue’
    .interface_faces : pause_faces: no visible global function definition
     for ‘svalue<-’
    .interface_faces : pause_faces: no visible global function definition
     for ‘gtkIdleRemove’
    .interface_faces : pause_faces: no visible global function definition
     for ‘gIdleAdd’
    .interface_faces: no visible global function definition for ‘ggroup’
    .interface_faces: no visible global function definition for ‘gbutton’
    .interface_faces : <anonymous>: no visible global function definition
     for ‘dispose’
    .interface_pcp : update_tour_pcp: no visible global function definition
     for ‘svalue’
    .interface_pcp : draw_frame_pcp: no visible global function definition
     for ‘svalue’
    .interface_pcp : draw_frame_pcp: no visible global function definition
     for ‘find_platform’
    .interface_pcp: no visible global function definition for ‘glayout’
    .interface_pcp: no visible global function definition for
     ‘gcheckboxgroup’
    .interface_pcp: no visible global function definition for ‘tooltip<-’
    .interface_pcp: no visible global function definition for ‘gtable’
    .interface_pcp: no visible global function definition for ‘gradio’
    .interface_pcp: no visible global function definition for ‘gdroplist’
    .interface_pcp: no visible global function definition for ‘gslider’
    .interface_pcp: no visible global function definition for ‘gcheckbox’
    .interface_pcp : <anonymous>: no visible global function definition for
     ‘svalue’
    .interface_pcp : pause_pcp: no visible global function definition for
     ‘svalue<-’
    .interface_pcp : pause_pcp: no visible global function definition for
     ‘gtkIdleRemove’
    .interface_pcp : pause_pcp: no visible global function definition for
     ‘gIdleAdd’
    .interface_pcp: no visible global function definition for ‘ggroup’
    .interface_pcp: no visible global function definition for ‘gbutton’
    .interface_pcp : <anonymous>: no visible global function definition for
     ‘dispose’
    .interface_scatmat : update_tour_scatmat: no visible global function
     definition for ‘svalue’
    .interface_scatmat : draw_frame_scatmat: no visible global function
     definition for ‘svalue’
    .interface_scatmat : draw_frame_scatmat: no visible global function
     definition for ‘find_platform’
    .interface_scatmat: no visible global function definition for ‘glayout’
    .interface_scatmat: no visible global function definition for
     ‘gcheckboxgroup’
    .interface_scatmat: no visible global function definition for
     ‘tooltip<-’
    .interface_scatmat: no visible global function definition for ‘gtable’
    .interface_scatmat: no visible global function definition for ‘gradio’
    .interface_scatmat: no visible global function definition for
     ‘gdroplist’
    .interface_scatmat: no visible global function definition for ‘gslider’
    .interface_scatmat: no visible global function definition for
     ‘gcheckbox’
    .interface_scatmat : <anonymous>: no visible global function definition
     for ‘svalue’
    .interface_scatmat : pause_scatmat: no visible global function
     definition for ‘svalue<-’
    .interface_scatmat : pause_scatmat: no visible global function
     definition for ‘gtkIdleRemove’
    .interface_scatmat : pause_scatmat: no visible global function
     definition for ‘gIdleAdd’
    .interface_scatmat: no visible global function definition for ‘ggroup’
    .interface_scatmat: no visible global function definition for ‘gbutton’
    .interface_scatmat : <anonymous>: no visible global function definition
     for ‘dispose’
    .interface_stars : update_tour_stars: no visible global function
     definition for ‘svalue’
    .interface_stars : draw_frame_stars: no visible global function
     definition for ‘svalue’
    .interface_stars : draw_frame_stars: no visible global function
     definition for ‘find_platform’
    .interface_stars: no visible global function definition for ‘glayout’
    .interface_stars: no visible global function definition for
     ‘gcheckboxgroup’
    .interface_stars: no visible global function definition for ‘tooltip<-’
    .interface_stars: no visible global function definition for ‘gtable’
    .interface_stars: no visible global function definition for ‘gradio’
    .interface_stars: no visible global function definition for ‘gdroplist’
    .interface_stars: no visible global function definition for ‘gslider’
    .interface_stars: no visible global function definition for ‘gcheckbox’
    .interface_stars : <anonymous>: no visible global function definition
     for ‘svalue’
    .interface_stars : pause_stars: no visible global function definition
     for ‘svalue<-’
    .interface_stars : pause_stars: no visible global function definition
     for ‘gtkIdleRemove’
    .interface_stars : pause_stars: no visible global function definition
     for ‘gIdleAdd’
    .interface_stars: no visible global function definition for ‘ggroup’
    .interface_stars: no visible global function definition for ‘gbutton’
    .interface_stars : <anonymous>: no visible global function definition
     for ‘dispose’
    .interface_stereo : update_tour_stereo: no visible global function
     definition for ‘svalue’
    .interface_stereo : draw_frame_stereo: no visible global function
     definition for ‘svalue’
    .interface_stereo : draw_frame_stereo: no visible global function
     definition for ‘find_platform’
    .interface_stereo: no visible global function definition for ‘glayout’
    .interface_stereo: no visible global function definition for
     ‘gcheckboxgroup’
    .interface_stereo: no visible global function definition for
     ‘tooltip<-’
    .interface_stereo: no visible global function definition for ‘gtable’
    .interface_stereo: no visible global function definition for ‘gradio’
    .interface_stereo: no visible global function definition for
     ‘gdroplist’
    .interface_stereo: no visible global function definition for ‘gslider’
    .interface_stereo: no visible global function definition for
     ‘gcheckbox’
    .interface_stereo : <anonymous>: no visible global function definition
     for ‘svalue’
    .interface_stereo : pause_stereo: no visible global function definition
     for ‘svalue<-’
    .interface_stereo : pause_stereo: no visible global function definition
     for ‘gtkIdleRemove’
    .interface_stereo : pause_stereo: no visible global function definition
     for ‘gIdleAdd’
    .interface_stereo: no visible global function definition for ‘ggroup’
    .interface_stereo: no visible global function definition for ‘gbutton’
    .interface_stereo : <anonymous>: no visible global function definition
     for ‘dispose’
    .interface_xy : update_tour_xy: no visible global function definition
     for ‘svalue’
    .interface_xy : draw_frame_xy: no visible global function definition
     for ‘svalue’
    .interface_xy: no visible global function definition for
     ‘find_platform’
    .interface_xy: no visible global function definition for ‘glayout’
    .interface_xy: no visible global function definition for
     ‘gcheckboxgroup’
    .interface_xy: no visible global function definition for ‘tooltip<-’
    .interface_xy: no visible global function definition for ‘gtable’
    .interface_xy: no visible global function definition for ‘gradio’
    .interface_xy: no visible global function definition for ‘gdroplist’
    .interface_xy: no visible global function definition for ‘gslider’
    .interface_xy: no visible global function definition for ‘gcheckbox’
    .interface_xy : <anonymous>: no visible global function definition for
     ‘svalue’
    .interface_xy : pause_xy: no visible global function definition for
     ‘svalue<-’
    .interface_xy : pause_xy: no visible global function definition for
     ‘gtkIdleRemove’
    .interface_xy : pause_xy: no visible global function definition for
     ‘gIdleAdd’
    .interface_xy: no visible global function definition for ‘ggroup’
    .interface_xy: no visible global function definition for ‘gbutton’
    .interface_xy : <anonymous>: no visible global function definition for
     ‘dispose’
    .interface_xy : <anonymous>: no visible global function definition for
     ‘gmessage’
    gui_andrews: no visible binding for global variable ‘flea’
    gui_andrews: no visible global function definition for ‘find_platform’
    gui_andrews : update_tour: no visible global function definition for
     ‘svalue’
    gui_andrews : draw_frame: no visible global function definition for
     ‘svalue’
    gui_andrews: no visible global function definition for ‘gwindow’
    gui_andrews: no visible global function definition for ‘glayout’
    gui_andrews: no visible global function definition for ‘gcheckboxgroup’
    gui_andrews: no visible global function definition for ‘tooltip<-’
    gui_andrews: no visible global function definition for ‘gtable’
    gui_andrews: no visible global function definition for ‘gradio’
    gui_andrews: no visible global function definition for ‘gdroplist’
    gui_andrews: no visible global function definition for ‘gslider’
    gui_andrews: no visible global function definition for ‘gcheckbox’
    gui_andrews : <anonymous>: no visible global function definition for
     ‘svalue’
    gui_andrews : pause: no visible global function definition for
     ‘svalue<-’
    gui_andrews : pause: no visible global function definition for
     ‘gtkIdleRemove’
    gui_andrews : pause: no visible global function definition for
     ‘gIdleAdd’
    gui_andrews: no visible global function definition for ‘ggroup’
    gui_andrews: no visible global function definition for ‘gbutton’
    gui_andrews : <anonymous>: no visible global function definition for
     ‘dispose’
    gui_andrews : <anonymous>: no visible global function definition for
     ‘gmessage’
    gui_andrews: no visible global function definition for ‘CairoX11’
    gui_andrews: no visible global function definition for ‘visible<-’
    gui_density: no visible binding for global variable ‘flea’
    gui_density: no visible global function definition for ‘find_platform’
    gui_density : update_tour: no visible global function definition for
     ‘svalue’
    gui_density : draw_frame: no visible global function definition for
     ‘svalue’
    gui_density: no visible global function definition for ‘gwindow’
    gui_density: no visible global function definition for ‘glayout’
    gui_density: no visible global function definition for ‘gcheckboxgroup’
    gui_density: no visible global function definition for ‘tooltip<-’
    gui_density: no visible global function definition for ‘gtable’
    gui_density: no visible global function definition for ‘gradio’
    gui_density: no visible global function definition for ‘gdroplist’
    gui_density: no visible global function definition for ‘gslider’
    gui_density: no visible global function definition for ‘gcheckbox’
    gui_density : <anonymous>: no visible global function definition for
     ‘svalue’
    gui_density : pause: no visible global function definition for
     ‘svalue<-’
    gui_density : pause: no visible global function definition for
     ‘gtkIdleRemove’
    gui_density : pause: no visible global function definition for
     ‘gIdleAdd’
    gui_density: no visible global function definition for ‘ggroup’
    gui_density: no visible global function definition for ‘gbutton’
    gui_density : <anonymous>: no visible global function definition for
     ‘dispose’
    gui_density : <anonymous>: no visible global function definition for
     ‘gmessage’
    gui_density: no visible global function definition for ‘CairoX11’
    gui_density: no visible global function definition for ‘visible<-’
    gui_faces: no visible binding for global variable ‘flea’
    gui_faces: no visible global function definition for ‘find_platform’
    gui_faces : update_tour: no visible global function definition for
     ‘svalue’
    gui_faces : draw_frame: no visible global function definition for
     ‘svalue’
    gui_faces: no visible global function definition for ‘gwindow’
    gui_faces: no visible global function definition for ‘glayout’
    gui_faces: no visible global function definition for ‘gcheckboxgroup’
    gui_faces: no visible global function definition for ‘tooltip<-’
    gui_faces: no visible global function definition for ‘gtable’
    gui_faces: no visible global function definition for ‘gradio’
    gui_faces: no visible global function definition for ‘gdroplist’
    gui_faces: no visible global function definition for ‘gslider’
    gui_faces: no visible global function definition for ‘gcheckbox’
    gui_faces : <anonymous>: no visible global function definition for
     ‘svalue’
    gui_faces : pause: no visible global function definition for ‘svalue<-’
    gui_faces : pause: no visible global function definition for
     ‘gtkIdleRemove’
    gui_faces : pause: no visible global function definition for ‘gIdleAdd’
    gui_faces: no visible global function definition for ‘ggroup’
    gui_faces: no visible global function definition for ‘gbutton’
    gui_faces : <anonymous>: no visible global function definition for
     ‘dispose’
    gui_faces : <anonymous>: no visible global function definition for
     ‘gmessage’
    gui_faces: no visible global function definition for ‘CairoX11’
    gui_faces: no visible global function definition for ‘visible<-’
    gui_image: no visible binding for global variable ‘ozone’
    gui_image: no visible global function definition for ‘find_platform’
    gui_image : update_tour: no visible global function definition for
     ‘svalue’
    gui_image : draw_frame: no visible global function definition for
     ‘svalue’
    gui_image: no visible global function definition for ‘gwindow’
    gui_image: no visible global function definition for ‘glayout’
    gui_image: no visible global function definition for ‘gradio’
    gui_image: no visible global function definition for ‘tooltip<-’
    gui_image: no visible global function definition for ‘gdroplist’
    gui_image: no visible global function definition for ‘gslider’
    gui_image: no visible global function definition for ‘gcheckbox’
    gui_image : <anonymous>: no visible global function definition for
     ‘svalue’
    gui_image : pause: no visible global function definition for ‘svalue<-’
    gui_image : pause: no visible global function definition for
     ‘gtkIdleRemove’
    gui_image : pause: no visible global function definition for ‘gIdleAdd’
    gui_image: no visible global function definition for ‘ggroup’
    gui_image: no visible global function definition for ‘gbutton’
    gui_image : <anonymous>: no visible global function definition for
     ‘dispose’
    gui_image : <anonymous>: no visible global function definition for
     ‘gmessage’
    gui_image: no visible global function definition for ‘CairoX11’
    gui_image: no visible global function definition for ‘visible<-’
    gui_pcp: no visible binding for global variable ‘flea’
    gui_pcp: no visible global function definition for ‘find_platform’
    gui_pcp : update_tour: no visible global function definition for
     ‘svalue’
    gui_pcp : draw_frame: no visible global function definition for
     ‘svalue’
    gui_pcp: no visible global function definition for ‘gwindow’
    gui_pcp: no visible global function definition for ‘glayout’
    gui_pcp: no visible global function definition for ‘gcheckboxgroup’
    gui_pcp: no visible global function definition for ‘tooltip<-’
    gui_pcp: no visible global function definition for ‘gtable’
    gui_pcp: no visible global function definition for ‘gradio’
    gui_pcp: no visible global function definition for ‘gdroplist’
    gui_pcp: no visible global function definition for ‘gslider’
    gui_pcp: no visible global function definition for ‘gcheckbox’
    gui_pcp : <anonymous>: no visible global function definition for
     ‘svalue’
    gui_pcp : pause: no visible global function definition for ‘svalue<-’
    gui_pcp : pause: no visible global function definition for
     ‘gtkIdleRemove’
    gui_pcp : pause: no visible global function definition for ‘gIdleAdd’
    gui_pcp: no visible global function definition for ‘ggroup’
    gui_pcp: no visible global function definition for ‘gbutton’
    gui_pcp : <anonymous>: no visible global function definition for
     ‘dispose’
    gui_pcp : <anonymous>: no visible global function definition for
     ‘gmessage’
    gui_pcp: no visible global function definition for ‘CairoX11’
    gui_pcp: no visible global function definition for ‘visible<-’
    gui_scatmat: no visible binding for global variable ‘flea’
    gui_scatmat: no visible global function definition for ‘find_platform’
    gui_scatmat : update_tour: no visible global function definition for
     ‘svalue’
    gui_scatmat : draw_frame: no visible global function definition for
     ‘svalue’
    gui_scatmat: no visible global function definition for ‘gwindow’
    gui_scatmat: no visible global function definition for ‘glayout’
    gui_scatmat: no visible global function definition for ‘gcheckboxgroup’
    gui_scatmat: no visible global function definition for ‘tooltip<-’
    gui_scatmat: no visible global function definition for ‘gtable’
    gui_scatmat: no visible global function definition for ‘gradio’
    gui_scatmat: no visible global function definition for ‘gdroplist’
    gui_scatmat: no visible global function definition for ‘gslider’
    gui_scatmat: no visible global function definition for ‘gcheckbox’
    gui_scatmat : <anonymous>: no visible global function definition for
     ‘svalue’
    gui_scatmat : pause: no visible global function definition for
     ‘svalue<-’
    gui_scatmat : pause: no visible global function definition for
     ‘gtkIdleRemove’
    gui_scatmat : pause: no visible global function definition for
     ‘gIdleAdd’
    gui_scatmat: no visible global function definition for ‘ggroup’
    gui_scatmat: no visible global function definition for ‘gbutton’
    gui_scatmat : <anonymous>: no visible global function definition for
     ‘dispose’
    gui_scatmat : <anonymous>: no visible global function definition for
     ‘gmessage’
    gui_scatmat: no visible global function definition for ‘CairoX11’
    gui_scatmat: no visible global function definition for ‘visible<-’
    gui_stars: no visible binding for global variable ‘flea’
    gui_stars: no visible global function definition for ‘find_platform’
    gui_stars : update_tour: no visible global function definition for
     ‘svalue’
    gui_stars : draw_frame: no visible global function definition for
     ‘svalue’
    gui_stars: no visible global function definition for ‘gwindow’
    gui_stars: no visible global function definition for ‘glayout’
    gui_stars: no visible global function definition for ‘gcheckboxgroup’
    gui_stars: no visible global function definition for ‘tooltip<-’
    gui_stars: no visible global function definition for ‘gtable’
    gui_stars: no visible global function definition for ‘gradio’
    gui_stars: no visible global function definition for ‘gdroplist’
    gui_stars: no visible global function definition for ‘gslider’
    gui_stars: no visible global function definition for ‘gcheckbox’
    gui_stars : <anonymous>: no visible global function definition for
     ‘svalue’
    gui_stars : pause: no visible global function definition for ‘svalue<-’
    gui_stars : pause: no visible global function definition for
     ‘gtkIdleRemove’
    gui_stars : pause: no visible global function definition for ‘gIdleAdd’
    gui_stars: no visible global function definition for ‘ggroup’
    gui_stars: no visible global function definition for ‘gbutton’
    gui_stars : <anonymous>: no visible global function definition for
     ‘dispose’
    gui_stars : <anonymous>: no visible global function definition for
     ‘gmessage’
    gui_stars: no visible global function definition for ‘CairoX11’
    gui_stars: no visible global function definition for ‘visible<-’
    gui_stereo: no visible binding for global variable ‘flea’
    gui_stereo: no visible global function definition for ‘find_platform’
    gui_stereo : update_tour: no visible global function definition for
     ‘svalue’
    gui_stereo : draw_frame: no visible global function definition for
     ‘svalue’
    gui_stereo: no visible global function definition for ‘gwindow’
    gui_stereo: no visible global function definition for ‘glayout’
    gui_stereo: no visible global function definition for ‘gcheckboxgroup’
    gui_stereo: no visible global function definition for ‘tooltip<-’
    gui_stereo: no visible global function definition for ‘gtable’
    gui_stereo: no visible global function definition for ‘gradio’
    gui_stereo: no visible global function definition for ‘gdroplist’
    gui_stereo: no visible global function definition for ‘gslider’
    gui_stereo: no visible global function definition for ‘gcheckbox’
    gui_stereo : <anonymous>: no visible global function definition for
     ‘svalue’
    gui_stereo : pause: no visible global function definition for
     ‘svalue<-’
    gui_stereo : pause: no visible global function definition for
     ‘gtkIdleRemove’
    gui_stereo : pause: no visible global function definition for
     ‘gIdleAdd’
    gui_stereo: no visible global function definition for ‘ggroup’
    gui_stereo: no visible global function definition for ‘gbutton’
    gui_stereo : <anonymous>: no visible global function definition for
     ‘dispose’
    gui_stereo : <anonymous>: no visible global function definition for
     ‘gmessage’
    gui_stereo: no visible global function definition for ‘CairoX11’
    gui_stereo: no visible global function definition for ‘visible<-’
    gui_tour: no visible binding for global variable ‘flea’
    gui_tour: no visible global function definition for ‘find_platform’
    gui_tour: no visible global function definition for ‘gwindow’
    gui_tour: no visible global function definition for ‘gnotebook’
    gui_tour: no visible global function definition for ‘ggroup’
    gui_tour: no visible global function definition for ‘CairoX11’
    gui_tour: no visible global function definition for ‘visible<-’
    gui_xy: no visible binding for global variable ‘flea’
    gui_xy: no visible global function definition for ‘find_platform’
    gui_xy : update_tour: no visible global function definition for
     ‘svalue’
    gui_xy : draw_frame: no visible global function definition for ‘svalue’
    gui_xy: no visible global function definition for ‘gwindow’
    gui_xy: no visible global function definition for ‘glayout’
    gui_xy: no visible global function definition for ‘gcheckboxgroup’
    gui_xy: no visible global function definition for ‘tooltip<-’
    gui_xy: no visible global function definition for ‘gtable’
    gui_xy: no visible global function definition for ‘gradio’
    gui_xy: no visible global function definition for ‘gdroplist’
    gui_xy: no visible global function definition for ‘gslider’
    gui_xy: no visible global function definition for ‘gcheckbox’
    gui_xy : <anonymous>: no visible global function definition for
     ‘svalue’
    gui_xy : pause: no visible global function definition for ‘svalue<-’
    gui_xy : pause: no visible global function definition for
     ‘gtkIdleRemove’
    gui_xy : pause: no visible global function definition for ‘gIdleAdd’
    gui_xy: no visible global function definition for ‘ggroup’
    gui_xy: no visible global function definition for ‘gbutton’
    gui_xy : <anonymous>: no visible global function definition for
     ‘dispose’
    gui_xy : <anonymous>: no visible global function definition for
     ‘gmessage’
    gui_xy: no visible global function definition for ‘CairoX11’
    gui_xy: no visible global function definition for ‘visible<-’
Flavors: r-devel-linux-x86_64-debian-clang, r-devel-linux-x86_64-debian-gcc, r-devel-linux-x86_64-fedora-clang, r-devel-linux-x86_64-fedora-gcc, r-devel-osx-x86_64-clang, r-devel-windows-ix86+x86_64

Version: 0.4
Check: package dependencies
Result: NOTE
    Package suggested but not available for checking: ‘rggobi’
Flavors: r-patched-solaris-sparc, r-patched-solaris-x86, r-release-osx-x86_64-snowleopard

Version: 0.4
Check: package dependencies
Result: ERROR
    Package required but not available: ‘RGtk2’
    
    Package suggested but not available for checking: ‘rggobi’
    
    See the information on DESCRIPTION files in the chapter ‘Creating R
    packages’ of the ‘Writing R Extensions’ manual.
Flavor: r-release-osx-x86_64-mavericks

Version: 0.4
Check: DESCRIPTION meta-information
Result: NOTE
    Licenses which are templates and need '+ file LICENSE':
     MIT
Flavor: r-release-osx-x86_64-snowleopard

Version: 0.4
Check: dependencies in R code
Result: NOTE
    'library' or 'require' calls to packages already attached by Depends:
     'Cairo' 'RGtk2' 'colorspace' 'gWidgets' 'tourr'
     Please remove these calls from your code.
    See the information on DESCRIPTION files in the chapter 'Creating R
    packages' of the 'Writing R Extensions' manual.
Flavor: r-release-osx-x86_64-snowleopard