CRAN Package Check Results for Package tourrGui

Last updated on 2014-04-24 23:48:15.

Flavor Version Tinstall Tcheck Ttotal Status Flags
r-devel-linux-x86_64-debian-clang 0.4 2.44 32.15 34.60 NOTE
r-devel-linux-x86_64-debian-gcc 0.4 2.45 31.99 34.44 NOTE
r-devel-linux-x86_64-fedora-clang 0.4 76.36 NOTE
r-devel-linux-x86_64-fedora-gcc 0.4 71.42 NOTE
r-devel-osx-x86_64-clang 0.4 67.88 NOTE
r-devel-osx-x86_64-gcc 0.4 ERROR
r-devel-windows-ix86+x86_64 0.4 7.00 46.00 53.00 NOTE
r-patched-linux-x86_64 0.4 2.31 32.14 34.45 NOTE
r-patched-solaris-sparc 0.4 417.00 NOTE
r-patched-solaris-x86 0.4 109.30 NOTE
r-release-linux-ix86 0.4 3.00 55.00 58.00 NOTE
r-release-linux-x86_64 0.4 2.31 31.94 34.24 NOTE
r-release-osx-x86_64-mavericks 0.4 ERROR
r-release-osx-x86_64-snowleopard 0.4 NOTE
r-release-windows-ix86+x86_64 0.4 7.00 46.00 53.00 NOTE
r-oldrel-windows-ix86+x86_64 0.4 7.00 46.00 53.00 NOTE

Check Details

Version: 0.4
Check: DESCRIPTION meta-information
Result: NOTE
    License components which are templates and need '+ file LICENSE':
     MIT
Flavors: r-devel-linux-x86_64-debian-clang, r-devel-linux-x86_64-debian-gcc, r-devel-linux-x86_64-fedora-clang, r-devel-linux-x86_64-fedora-gcc, r-devel-osx-x86_64-clang, r-patched-linux-x86_64, r-patched-solaris-sparc, r-patched-solaris-x86, r-release-linux-ix86, r-release-linux-x86_64

Version: 0.4
Check: dependencies in R code
Result: NOTE
    'library' or 'require' calls to packages already attached by Depends:
     ‘Cairo’ ‘RGtk2’ ‘colorspace’ ‘gWidgets’ ‘tourr’
     Please remove these calls from your code.
    Packages in Depends field not imported from:
     ‘Cairo’ ‘RGtk2’ ‘colorspace’ ‘gWidgets’ ‘tourr’
     These packages need to be imported from (in the NAMESPACE file)
     for when this namespace is loaded but not attached.
    See the information on DESCRIPTION files in the chapter ‘Creating R
    packages’ of the ‘Writing R Extensions’ manual.
Flavors: r-devel-linux-x86_64-debian-clang, r-devel-linux-x86_64-debian-gcc, r-devel-linux-x86_64-fedora-clang, r-devel-linux-x86_64-fedora-gcc, r-devel-osx-x86_64-clang, r-devel-windows-ix86+x86_64, r-patched-linux-x86_64, r-patched-solaris-sparc, r-patched-solaris-x86, r-release-linux-ix86, r-release-linux-x86_64, r-release-windows-ix86+x86_64, r-oldrel-windows-ix86+x86_64

Version: 0.4
Check: package dependencies
Result: ERROR
    Package required but not available: ‘tourr’
    
    Packages suggested but not available for checking: ‘rggobi’ ‘ggplot2’
    
    See the information on DESCRIPTION files in the chapter ‘Creating R
    packages’ of the ‘Writing R Extensions’ manual.
Flavor: r-devel-osx-x86_64-gcc

Version: 0.4
Check: package dependencies
Result: NOTE
    Package suggested but not available for checking: ‘rggobi’
Flavors: r-patched-solaris-sparc, r-patched-solaris-x86, r-release-osx-x86_64-snowleopard

Version: 0.4
Check: package dependencies
Result: ERROR
    Package required but not available: ‘RGtk2’
    
    Package suggested but not available for checking: ‘rggobi’
    
    See the information on DESCRIPTION files in the chapter ‘Creating R
    packages’ of the ‘Writing R Extensions’ manual.
Flavor: r-release-osx-x86_64-mavericks

Version: 0.4
Check: DESCRIPTION meta-information
Result: NOTE
    Licenses which are templates and need '+ file LICENSE':
     MIT
Flavor: r-release-osx-x86_64-snowleopard

Version: 0.4
Check: dependencies in R code
Result: NOTE
    'library' or 'require' calls to packages already attached by Depends:
     'Cairo' 'RGtk2' 'colorspace' 'gWidgets' 'tourr'
     Please remove these calls from your code.
    See the information on DESCRIPTION files in the chapter 'Creating R
    packages' of the 'Writing R Extensions' manual.
Flavor: r-release-osx-x86_64-snowleopard