CRAN Package Check Results for Package tourrGui

Last updated on 2014-07-23 05:49:13.

Flavor Version Tinstall Tcheck Ttotal Status Flags
r-devel-linux-x86_64-debian-clang 0.4 2.71 29.69 32.40 NOTE
r-devel-linux-x86_64-debian-gcc 0.4 2.05 29.31 31.36 NOTE
r-devel-linux-x86_64-fedora-clang 0.4 75.38 NOTE
r-devel-linux-x86_64-fedora-gcc 0.4 71.73 NOTE
r-devel-osx-x86_64-clang 0.4 63.58 NOTE
r-devel-windows-ix86+x86_64 0.4 7.00 46.00 53.00 NOTE
r-patched-linux-x86_64 0.4 2.08 29.44 31.52 NOTE
r-patched-solaris-sparc 0.4 417.00 NOTE
r-patched-solaris-x86 0.4 97.00 NOTE
r-release-linux-ix86 0.4 3.04 42.22 45.27 NOTE
r-release-linux-x86_64 0.4 2.35 31.13 33.48 NOTE
r-release-osx-x86_64-mavericks 0.4 ERROR
r-release-osx-x86_64-snowleopard 0.4 NOTE
r-release-windows-ix86+x86_64 0.4 8.00 44.00 52.00 NOTE
r-oldrel-windows-ix86+x86_64 0.4 8.00 47.00 55.00 NOTE

Check Details

Version: 0.4
Check: DESCRIPTION meta-information
Result: NOTE
    License components which are templates and need '+ file LICENSE':
     MIT
Flavors: r-devel-linux-x86_64-debian-clang, r-devel-linux-x86_64-debian-gcc, r-devel-linux-x86_64-fedora-clang, r-devel-linux-x86_64-fedora-gcc, r-devel-osx-x86_64-clang, r-patched-linux-x86_64, r-patched-solaris-sparc, r-patched-solaris-x86, r-release-linux-ix86, r-release-linux-x86_64

Version: 0.4
Check: dependencies in R code
Result: NOTE
    'library' or 'require' calls to packages already attached by Depends:
     ‘Cairo’ ‘RGtk2’ ‘colorspace’ ‘gWidgets’ ‘tourr’
     Please remove these calls from your code.
    Packages in Depends field not imported from:
     ‘Cairo’ ‘RGtk2’ ‘colorspace’ ‘gWidgets’ ‘tourr’
     These packages need to be imported from (in the NAMESPACE file)
     for when this namespace is loaded but not attached.
    See the information on DESCRIPTION files in the chapter ‘Creating R
    packages’ of the ‘Writing R Extensions’ manual.
Flavors: r-devel-linux-x86_64-debian-clang, r-devel-linux-x86_64-debian-gcc, r-devel-linux-x86_64-fedora-clang, r-devel-linux-x86_64-fedora-gcc, r-devel-osx-x86_64-clang, r-devel-windows-ix86+x86_64, r-patched-linux-x86_64, r-patched-solaris-sparc, r-patched-solaris-x86, r-release-linux-ix86, r-release-linux-x86_64, r-release-windows-ix86+x86_64, r-oldrel-windows-ix86+x86_64

Version: 0.4
Check: package dependencies
Result: NOTE
    Package suggested but not available for checking: ‘rggobi’
Flavors: r-patched-solaris-sparc, r-patched-solaris-x86, r-release-osx-x86_64-snowleopard

Version: 0.4
Check: package dependencies
Result: ERROR
    Package required but not available: ‘RGtk2’
    
    Package suggested but not available for checking: ‘rggobi’
    
    See the information on DESCRIPTION files in the chapter ‘Creating R
    packages’ of the ‘Writing R Extensions’ manual.
Flavor: r-release-osx-x86_64-mavericks

Version: 0.4
Check: DESCRIPTION meta-information
Result: NOTE
    Licenses which are templates and need '+ file LICENSE':
     MIT
Flavor: r-release-osx-x86_64-snowleopard

Version: 0.4
Check: dependencies in R code
Result: NOTE
    'library' or 'require' calls to packages already attached by Depends:
     'Cairo' 'RGtk2' 'colorspace' 'gWidgets' 'tourr'
     Please remove these calls from your code.
    See the information on DESCRIPTION files in the chapter 'Creating R
    packages' of the 'Writing R Extensions' manual.
Flavor: r-release-osx-x86_64-snowleopard