CRAN Package Check Results for Package tpAUC

Last updated on 2024-02-28 10:14:17 CET.

Flavor Version Tinstall Tcheck Ttotal Status Flags
r-devel-linux-x86_64-debian-clang 2.1.1 3.87 36.93 40.80 NOTE
r-devel-linux-x86_64-debian-gcc 2.1.1 2.69 28.50 31.19 NOTE
r-devel-linux-x86_64-fedora-clang 2.1.1 51.08 NOTE
r-devel-linux-x86_64-fedora-gcc 2.1.1 60.54 NOTE
r-devel-windows-x86_64 2.1.1 4.00 55.00 59.00 NOTE
r-patched-linux-x86_64 2.1.1 3.89 35.93 39.82 NOTE
r-release-linux-x86_64 2.1.1 2.99 36.34 39.33 NOTE
r-release-macos-arm64 2.1.1 26.00 NOTE
r-release-macos-x86_64 2.1.1 38.00 NOTE
r-release-windows-x86_64 2.1.1 5.00 56.00 61.00 NOTE
r-oldrel-macos-arm64 2.1.1 21.00 NOTE
r-oldrel-windows-x86_64 2.1.1 5.00 62.00 67.00 NOTE

Check Details

Version: 2.1.1
Check: LazyData
Result: NOTE 'LazyData' is specified without a 'data' directory Flavors: r-devel-linux-x86_64-debian-clang, r-devel-linux-x86_64-debian-gcc, r-devel-linux-x86_64-fedora-clang, r-devel-linux-x86_64-fedora-gcc, r-devel-windows-x86_64, r-patched-linux-x86_64, r-release-linux-x86_64, r-release-macos-arm64, r-release-macos-x86_64, r-release-windows-x86_64, r-oldrel-macos-arm64, r-oldrel-windows-x86_64