CRAN Package Check Results for Package tpe

Last updated on 2015-08-01 11:49:20.

Flavor Version Tinstall Tcheck Ttotal Status Flags
r-devel-linux-x86_64-debian-clang 1.0.1 1.04 11.09 12.13 NOTE
r-devel-linux-x86_64-debian-gcc 1.0.1 1.00 10.86 11.86 NOTE
r-devel-linux-x86_64-fedora-clang 1.0.1 22.10 NOTE
r-devel-linux-x86_64-fedora-gcc 1.0.1 21.55 NOTE
r-devel-osx-x86_64-clang 1.0.1 21.15 NOTE
r-devel-windows-ix86+x86_64 1.0.1 4.00 20.00 24.00 NOTE
r-patched-linux-x86_64 1.0.1 1.05 10.91 11.96 NOTE
r-patched-solaris-sparc 1.0.1 151.60 NOTE
r-patched-solaris-x86 1.0.1 34.80 NOTE
r-release-linux-x86_64 1.0.1 1.02 11.06 12.08 NOTE
r-release-osx-x86_64-mavericks 1.0.1 NOTE
r-release-windows-ix86+x86_64 1.0.1 3.00 19.00 22.00 OK
r-oldrel-windows-ix86+x86_64 1.0.1 5.00 20.00 25.00 OK

Check Details

Version: 1.0.1
Check: DESCRIPTION meta-information
Result: NOTE
    License components which are templates and need '+ file LICENSE':
     MIT
Flavors: r-devel-linux-x86_64-debian-clang, r-devel-linux-x86_64-debian-gcc, r-devel-linux-x86_64-fedora-clang, r-devel-linux-x86_64-fedora-gcc, r-devel-osx-x86_64-clang, r-patched-linux-x86_64, r-patched-solaris-sparc, r-patched-solaris-x86, r-release-linux-x86_64, r-release-osx-x86_64-mavericks

Version: 1.0.1
Check: R code for possible problems
Result: NOTE
    align1d : obj: no visible global function definition for ‘dist’
    align2d : obj: no visible global function definition for ‘dist’
    align2d : pen: no visible global function definition for ‘dist’
    align2d: no visible global function definition for ‘dist’
    sumt: no visible global function definition for ‘optim’
    tpe1d: no visible global function definition for ‘hclust’
    tpe2d: no visible global function definition for ‘hclust’
    tpe2d: no visible global function definition for ‘cmdscale’
    Undefined global functions or variables:
     cmdscale dist hclust optim
    Consider adding
     importFrom("stats", "cmdscale", "dist", "hclust", "optim")
    to your NAMESPACE.
Flavors: r-devel-linux-x86_64-debian-clang, r-devel-linux-x86_64-debian-gcc, r-devel-linux-x86_64-fedora-clang, r-devel-linux-x86_64-fedora-gcc, r-devel-windows-ix86+x86_64