CRAN Package Check Results for Package tpe

Last updated on 2014-11-27 09:48:07.

Flavor Version Tinstall Tcheck Ttotal Status Flags
r-devel-linux-x86_64-debian-clang 1.0.1 1.32 11.65 12.97 NOTE
r-devel-linux-x86_64-debian-gcc 1.0.1 1.28 12.01 13.29 NOTE
r-devel-linux-x86_64-fedora-clang 1.0.1 26.15 NOTE
r-devel-linux-x86_64-fedora-gcc 1.0.1 24.45 NOTE
r-devel-osx-x86_64-clang 1.0.1 27.15 NOTE
r-devel-windows-ix86+x86_64 1.0.1 3.00 18.00 21.00 OK
r-patched-linux-x86_64 1.0.1 1.38 11.63 13.01 NOTE
r-patched-solaris-sparc 1.0.1 138.90 NOTE
r-patched-solaris-x86 1.0.1 38.60 NOTE
r-release-linux-ix86 1.0.1 1.70 17.36 19.07 NOTE
r-release-linux-x86_64 1.0.1 1.16 11.43 12.59 NOTE
r-release-osx-x86_64-mavericks 1.0.1 NOTE
r-release-windows-ix86+x86_64 1.0.1 3.00 24.00 27.00 OK
r-oldrel-windows-ix86+x86_64 1.0.1 3.00 19.00 22.00 OK

Check Details

Version: 1.0.1
Check: DESCRIPTION meta-information
Result: NOTE
    License components which are templates and need '+ file LICENSE':
     MIT
Flavors: r-devel-linux-x86_64-debian-clang, r-devel-linux-x86_64-debian-gcc, r-devel-linux-x86_64-fedora-clang, r-devel-linux-x86_64-fedora-gcc, r-devel-osx-x86_64-clang, r-patched-linux-x86_64, r-patched-solaris-sparc, r-patched-solaris-x86, r-release-linux-ix86, r-release-linux-x86_64, r-release-osx-x86_64-mavericks