CRAN Package Check Results for Package tpe

Last updated on 2016-09-29 17:50:39.

Flavor Version Tinstall Tcheck Ttotal Status Flags
r-devel-linux-x86_64-debian-clang 1.0.1 1.10 11.66 12.76 NOTE
r-devel-linux-x86_64-debian-gcc 1.0.1 1.17 11.59 12.75 NOTE
r-devel-linux-x86_64-fedora-clang 1.0.1 22.08 NOTE
r-devel-linux-x86_64-fedora-gcc 1.0.1 19.92 NOTE
r-devel-macos-x86_64-clang 1.0.1 17.90 NOTE
r-devel-windows-ix86+x86_64 1.0.1 5.00 59.00 64.00 NOTE
r-patched-linux-x86_64 1.0.1 1.04 11.39 12.43 NOTE
r-patched-solaris-sparc 1.0.1 125.60 NOTE
r-patched-solaris-x86 1.0.1 30.60 NOTE
r-release-linux-x86_64 1.0.1 1.13 11.34 12.47 NOTE
r-release-osx-x86_64-mavericks 1.0.1 NOTE
r-release-windows-ix86+x86_64 1.0.1 3.00 26.00 29.00 NOTE
r-oldrel-windows-ix86+x86_64 1.0.1 4.00 27.00 31.00 OK

Check Details

Version: 1.0.1
Check: DESCRIPTION meta-information
Result: NOTE
    License components which are templates and need '+ file LICENSE':
     MIT
Flavors: r-devel-linux-x86_64-debian-clang, r-devel-linux-x86_64-debian-gcc, r-devel-linux-x86_64-fedora-clang, r-devel-linux-x86_64-fedora-gcc, r-devel-macos-x86_64-clang, r-patched-linux-x86_64, r-patched-solaris-sparc, r-patched-solaris-x86, r-release-linux-x86_64, r-release-osx-x86_64-mavericks

Version: 1.0.1
Check: R code for possible problems
Result: NOTE
    align1d : obj: no visible global function definition for ‘dist’
    align2d : obj: no visible global function definition for ‘dist’
    align2d : pen: no visible global function definition for ‘dist’
    align2d: no visible global function definition for ‘dist’
    sumt: no visible global function definition for ‘optim’
    tpe1d: no visible global function definition for ‘hclust’
    tpe2d: no visible global function definition for ‘hclust’
    tpe2d: no visible global function definition for ‘cmdscale’
    Undefined global functions or variables:
     cmdscale dist hclust optim
    Consider adding
     importFrom("stats", "cmdscale", "dist", "hclust", "optim")
    to your NAMESPACE file.
Flavors: r-devel-linux-x86_64-debian-clang, r-devel-linux-x86_64-debian-gcc, r-devel-linux-x86_64-fedora-clang, r-devel-linux-x86_64-fedora-gcc, r-devel-macos-x86_64-clang, r-devel-windows-ix86+x86_64, r-patched-linux-x86_64, r-patched-solaris-sparc, r-patched-solaris-x86, r-release-linux-x86_64, r-release-osx-x86_64-mavericks, r-release-windows-ix86+x86_64