CRAN Package Check Results for Package tpe

Last updated on 2017-02-25 16:48:44.

Flavor Version Tinstall Tcheck Ttotal Status Flags
r-devel-linux-x86_64-debian-clang 1.0.1 1.18 13.33 14.50 NOTE
r-devel-linux-x86_64-debian-gcc 1.0.1 1.15 13.19 14.33 NOTE
r-devel-linux-x86_64-fedora-clang 1.0.1 23.57 NOTE --no-stop-on-test-error
r-devel-linux-x86_64-fedora-gcc 1.0.1 22.31 NOTE --no-stop-on-test-error
r-devel-macos-x86_64-clang 1.0.1 20.51 NOTE --no-stop-on-test-error
r-devel-windows-ix86+x86_64 1.0.1 4.00 25.00 29.00 NOTE
r-patched-linux-x86_64 1.0.1 1.05 11.83 12.88 NOTE
r-patched-solaris-sparc 1.0.1 125.40 NOTE
r-patched-solaris-x86 1.0.1 32.30 NOTE
r-release-linux-x86_64 1.0.1 1.08 11.97 13.04 NOTE
r-release-osx-x86_64-mavericks 1.0.1 NOTE
r-release-windows-ix86+x86_64 1.0.1 4.00 27.00 31.00 NOTE
r-oldrel-windows-ix86+x86_64 1.0.1 3.00 31.00 34.00 OK

Check Details

Version: 1.0.1
Check: DESCRIPTION meta-information
Result: NOTE
    License components which are templates and need '+ file LICENSE':
     MIT
Flavors: r-devel-linux-x86_64-debian-clang, r-devel-linux-x86_64-debian-gcc, r-patched-linux-x86_64, r-patched-solaris-sparc, r-patched-solaris-x86, r-release-linux-x86_64, r-release-osx-x86_64-mavericks

Version: 1.0.1
Check: R code for possible problems
Result: NOTE
    align1d : obj: no visible global function definition for ‘dist’
    align2d : obj: no visible global function definition for ‘dist’
    align2d : pen: no visible global function definition for ‘dist’
    align2d: no visible global function definition for ‘dist’
    sumt: no visible global function definition for ‘optim’
    tpe1d: no visible global function definition for ‘hclust’
    tpe2d: no visible global function definition for ‘hclust’
    tpe2d: no visible global function definition for ‘cmdscale’
    Undefined global functions or variables:
     cmdscale dist hclust optim
    Consider adding
     importFrom("stats", "cmdscale", "dist", "hclust", "optim")
    to your NAMESPACE file.
Flavors: r-devel-linux-x86_64-debian-clang, r-devel-linux-x86_64-debian-gcc, r-devel-windows-ix86+x86_64, r-patched-linux-x86_64, r-patched-solaris-sparc, r-patched-solaris-x86, r-release-linux-x86_64, r-release-osx-x86_64-mavericks, r-release-windows-ix86+x86_64

Version: 1.0.1
Flags: --no-stop-on-test-error
Check: DESCRIPTION meta-information
Result: NOTE
    License components which are templates and need '+ file LICENSE':
     MIT
Flavors: r-devel-linux-x86_64-fedora-clang, r-devel-linux-x86_64-fedora-gcc, r-devel-macos-x86_64-clang

Version: 1.0.1
Flags: --no-stop-on-test-error
Check: R code for possible problems
Result: NOTE
    align1d : obj: no visible global function definition for ‘dist’
    align2d : obj: no visible global function definition for ‘dist’
    align2d : pen: no visible global function definition for ‘dist’
    align2d: no visible global function definition for ‘dist’
    sumt: no visible global function definition for ‘optim’
    tpe1d: no visible global function definition for ‘hclust’
    tpe2d: no visible global function definition for ‘hclust’
    tpe2d: no visible global function definition for ‘cmdscale’
    Undefined global functions or variables:
     cmdscale dist hclust optim
    Consider adding
     importFrom("stats", "cmdscale", "dist", "hclust", "optim")
    to your NAMESPACE file.
Flavors: r-devel-linux-x86_64-fedora-clang, r-devel-linux-x86_64-fedora-gcc, r-devel-macos-x86_64-clang