CRAN Package Check Results for Package tpe

Last updated on 2016-07-27 07:47:51.

Flavor Version Tinstall Tcheck Ttotal Status Flags
r-devel-linux-x86_64-debian-clang 1.0.1 1.37 13.73 15.09 NOTE
r-devel-linux-x86_64-debian-gcc 1.0.1 1.26 13.51 14.77 NOTE
r-devel-linux-x86_64-fedora-clang 1.0.1 20.47 NOTE
r-devel-linux-x86_64-fedora-gcc 1.0.1 19.24 NOTE
r-devel-osx-x86_64-clang 1.0.1 18.27 NOTE
r-devel-windows-ix86+x86_64 1.0.1 3.00 27.00 30.00 NOTE
r-patched-linux-x86_64 1.0.1 1.22 13.01 14.23 NOTE
r-patched-solaris-sparc 1.0.1 125.60 NOTE
r-patched-solaris-x86 1.0.1 30.00 NOTE
r-release-linux-x86_64 1.0.1 1.31 13.63 14.94 NOTE
r-release-osx-x86_64-mavericks 1.0.1 NOTE
r-release-windows-ix86+x86_64 1.0.1 3.00 37.00 40.00 NOTE
r-oldrel-windows-ix86+x86_64 1.0.1 4.00 27.00 31.00 OK

Check Details

Version: 1.0.1
Check: DESCRIPTION meta-information
Result: NOTE
    License components which are templates and need '+ file LICENSE':
     MIT
Flavors: r-devel-linux-x86_64-debian-clang, r-devel-linux-x86_64-debian-gcc, r-devel-linux-x86_64-fedora-clang, r-devel-linux-x86_64-fedora-gcc, r-devel-osx-x86_64-clang, r-patched-linux-x86_64, r-patched-solaris-sparc, r-patched-solaris-x86, r-release-linux-x86_64, r-release-osx-x86_64-mavericks

Version: 1.0.1
Check: R code for possible problems
Result: NOTE
    align1d : obj: no visible global function definition for ‘dist’
    align2d : obj: no visible global function definition for ‘dist’
    align2d : pen: no visible global function definition for ‘dist’
    align2d: no visible global function definition for ‘dist’
    sumt: no visible global function definition for ‘optim’
    tpe1d: no visible global function definition for ‘hclust’
    tpe2d: no visible global function definition for ‘hclust’
    tpe2d: no visible global function definition for ‘cmdscale’
    Undefined global functions or variables:
     cmdscale dist hclust optim
    Consider adding
     importFrom("stats", "cmdscale", "dist", "hclust", "optim")
    to your NAMESPACE file.
Flavors: r-devel-linux-x86_64-debian-clang, r-devel-linux-x86_64-debian-gcc, r-devel-linux-x86_64-fedora-clang, r-devel-linux-x86_64-fedora-gcc, r-devel-osx-x86_64-clang, r-devel-windows-ix86+x86_64, r-patched-linux-x86_64, r-patched-solaris-sparc, r-patched-solaris-x86, r-release-linux-x86_64, r-release-osx-x86_64-mavericks, r-release-windows-ix86+x86_64