CRAN Package Check Results for Package tpe

Last updated on 2017-11-23 11:53:01 CET.

Flavor Version Tinstall Tcheck Ttotal Status Flags
r-devel-linux-x86_64-debian-clang 1.0.1 1.01 19.18 20.19 NOTE
r-devel-linux-x86_64-debian-gcc 1.0.1 1.25 31.16 32.42 NOTE
r-devel-linux-x86_64-fedora-clang 1.0.1 22.13 NOTE
r-devel-linux-x86_64-fedora-gcc 1.0.1 21.40 NOTE
r-devel-windows-ix86+x86_64 1.0.1 6.00 28.00 34.00 NOTE
r-patched-linux-x86_64 1.0.1 1.66 35.26 36.92 NOTE
r-patched-solaris-x86 1.0.1 37.60 NOTE
r-release-linux-x86_64 1.0.1 1.11 13.57 14.68 NOTE
r-release-windows-ix86+x86_64 1.0.1 3.00 27.00 30.00 NOTE
r-release-osx-x86_64 1.0.1 NOTE
r-oldrel-windows-ix86+x86_64 1.0.1 4.00 27.00 31.00 NOTE
r-oldrel-osx-x86_64 1.0.1 NOTE

Check Details

Version: 1.0.1
Check: DESCRIPTION meta-information
Result: NOTE
    License components which are templates and need '+ file LICENSE':
     MIT
Flavors: r-devel-linux-x86_64-debian-clang, r-devel-linux-x86_64-debian-gcc, r-devel-linux-x86_64-fedora-clang, r-devel-linux-x86_64-fedora-gcc, r-patched-linux-x86_64, r-patched-solaris-x86, r-release-linux-x86_64, r-release-osx-x86_64, r-oldrel-osx-x86_64

Version: 1.0.1
Check: R code for possible problems
Result: NOTE
    align1d : obj: no visible global function definition for ‘dist’
    align2d : obj: no visible global function definition for ‘dist’
    align2d : pen: no visible global function definition for ‘dist’
    align2d: no visible global function definition for ‘dist’
    sumt: no visible global function definition for ‘optim’
    tpe1d: no visible global function definition for ‘hclust’
    tpe2d: no visible global function definition for ‘hclust’
    tpe2d: no visible global function definition for ‘cmdscale’
    Undefined global functions or variables:
     cmdscale dist hclust optim
    Consider adding
     importFrom("stats", "cmdscale", "dist", "hclust", "optim")
    to your NAMESPACE file.
Flavors: r-devel-linux-x86_64-debian-clang, r-devel-linux-x86_64-debian-gcc, r-devel-linux-x86_64-fedora-clang, r-devel-linux-x86_64-fedora-gcc, r-devel-windows-ix86+x86_64, r-patched-linux-x86_64, r-patched-solaris-x86, r-release-linux-x86_64, r-release-windows-ix86+x86_64, r-release-osx-x86_64, r-oldrel-windows-ix86+x86_64, r-oldrel-osx-x86_64