CRAN Package Check Results for Package tpe

Last updated on 2015-07-03 13:46:55.

Flavor Version Tinstall Tcheck Ttotal Status Flags
r-devel-linux-x86_64-debian-clang 1.0.1 1.04 9.66 10.70 NOTE
r-devel-linux-x86_64-debian-gcc 1.0.1 1.01 10.50 11.50 NOTE
r-devel-linux-x86_64-fedora-clang 1.0.1 21.77 NOTE
r-devel-linux-x86_64-fedora-gcc 1.0.1 20.81 NOTE
r-devel-osx-x86_64-clang 1.0.1 19.67 NOTE
r-devel-windows-ix86+x86_64 1.0.1 4.00 19.00 23.00 OK
r-patched-linux-x86_64 1.0.1 1.03 12.78 13.81 NOTE
r-patched-solaris-sparc 1.0.1 150.20 NOTE
r-patched-solaris-x86 1.0.1 34.90 NOTE
r-release-linux-x86_64 1.0.1 1.08 11.08 12.16 NOTE
r-release-osx-x86_64-mavericks 1.0.1 NOTE
r-release-windows-ix86+x86_64 1.0.1 3.00 19.00 22.00 OK
r-oldrel-windows-ix86+x86_64 1.0.1 5.00 20.00 25.00 OK

Check Details

Version: 1.0.1
Check: DESCRIPTION meta-information
Result: NOTE
    License components which are templates and need '+ file LICENSE':
     MIT
Flavors: r-devel-linux-x86_64-debian-clang, r-devel-linux-x86_64-debian-gcc, r-devel-linux-x86_64-fedora-clang, r-devel-linux-x86_64-fedora-gcc, r-devel-osx-x86_64-clang, r-patched-linux-x86_64, r-patched-solaris-sparc, r-patched-solaris-x86, r-release-linux-x86_64, r-release-osx-x86_64-mavericks

Version: 1.0.1
Check: R code for possible problems
Result: NOTE
    align1d : obj: no visible global function definition for ‘dist’
    align2d : obj: no visible global function definition for ‘dist’
    align2d : pen: no visible global function definition for ‘dist’
    align2d: no visible global function definition for ‘dist’
    sumt: no visible global function definition for ‘optim’
    tpe1d: no visible global function definition for ‘hclust’
    tpe2d: no visible global function definition for ‘hclust’
    tpe2d: no visible global function definition for ‘cmdscale’
    Undefined global functions or variables:
     cmdscale dist hclust optim
Flavors: r-devel-linux-x86_64-debian-clang, r-devel-linux-x86_64-debian-gcc, r-devel-linux-x86_64-fedora-clang, r-devel-linux-x86_64-fedora-gcc