CRAN Package Check Results for Package tpe

Last updated on 2017-07-23 04:48:58.

Flavor Version Tinstall Tcheck Ttotal Status Flags
r-devel-linux-x86_64-debian-clang 1.0.1 1.10 19.43 20.53 NOTE
r-devel-linux-x86_64-debian-gcc 1.0.1 1.15 19.57 20.72 NOTE
r-devel-linux-x86_64-fedora-clang 1.0.1 23.51 NOTE
r-devel-linux-x86_64-fedora-gcc 1.0.1 23.54 NOTE
r-devel-windows-ix86+x86_64 1.0.1 4.00 28.00 32.00 NOTE
r-patched-linux-x86_64 1.0.1 1.11 19.27 20.39 NOTE
r-patched-solaris-x86 1.0.1 36.30 NOTE
r-release-linux-x86_64 1.0.1 1.26 19.25 20.51 NOTE
r-release-windows-ix86+x86_64 1.0.1 4.00 27.00 31.00 NOTE
r-release-osx-x86_64 1.0.1 NOTE
r-oldrel-windows-ix86+x86_64 1.0.1 4.00 27.00 31.00 NOTE
r-oldrel-osx-x86_64 1.0.1 NOTE

Check Details

Version: 1.0.1
Check: DESCRIPTION meta-information
Result: NOTE
    License components which are templates and need '+ file LICENSE':
     MIT
Flavors: r-devel-linux-x86_64-debian-clang, r-devel-linux-x86_64-debian-gcc, r-devel-linux-x86_64-fedora-clang, r-devel-linux-x86_64-fedora-gcc, r-patched-linux-x86_64, r-patched-solaris-x86, r-release-linux-x86_64, r-release-osx-x86_64, r-oldrel-osx-x86_64

Version: 1.0.1
Check: R code for possible problems
Result: NOTE
    align1d : obj: no visible global function definition for ‘dist’
    align2d : obj: no visible global function definition for ‘dist’
    align2d : pen: no visible global function definition for ‘dist’
    align2d: no visible global function definition for ‘dist’
    sumt: no visible global function definition for ‘optim’
    tpe1d: no visible global function definition for ‘hclust’
    tpe2d: no visible global function definition for ‘hclust’
    tpe2d: no visible global function definition for ‘cmdscale’
    Undefined global functions or variables:
     cmdscale dist hclust optim
    Consider adding
     importFrom("stats", "cmdscale", "dist", "hclust", "optim")
    to your NAMESPACE file.
Flavors: r-devel-linux-x86_64-debian-clang, r-devel-linux-x86_64-debian-gcc, r-devel-linux-x86_64-fedora-clang, r-devel-linux-x86_64-fedora-gcc, r-devel-windows-ix86+x86_64, r-patched-linux-x86_64, r-patched-solaris-x86, r-release-linux-x86_64, r-release-windows-ix86+x86_64, r-release-osx-x86_64, r-oldrel-windows-ix86+x86_64, r-oldrel-osx-x86_64