CRAN Package Check Results for Package tpe

Last updated on 2014-10-02 17:48:25.

Flavor Version Tinstall Tcheck Ttotal Status Flags
r-devel-linux-x86_64-debian-clang 1.0.1 1.26 11.78 13.04 NOTE
r-devel-linux-x86_64-debian-gcc 1.0.1 1.13 11.42 12.54 NOTE
r-devel-linux-x86_64-fedora-clang 1.0.1 25.67 NOTE
r-devel-linux-x86_64-fedora-gcc 1.0.1 23.59 NOTE
r-devel-osx-x86_64-clang 1.0.1 25.82 NOTE
r-devel-windows-ix86+x86_64 1.0.1 3.00 19.00 22.00 OK
r-patched-linux-x86_64 1.0.1 1.19 11.56 12.74 NOTE
r-patched-solaris-sparc 1.0.1 138.90 NOTE
r-patched-solaris-x86 1.0.1 38.80 NOTE
r-release-linux-ix86 1.0.1 1.72 17.90 19.62 NOTE
r-release-linux-x86_64 1.0.1 1.12 12.16 13.28 NOTE
r-release-osx-x86_64-mavericks 1.0.1 NOTE
r-release-windows-ix86+x86_64 1.0.1 4.00 25.00 29.00 OK
r-oldrel-windows-ix86+x86_64 1.0.1 3.00 19.00 22.00 OK

Check Details

Version: 1.0.1
Check: DESCRIPTION meta-information
Result: NOTE
    License components which are templates and need '+ file LICENSE':
     MIT
Flavors: r-devel-linux-x86_64-debian-clang, r-devel-linux-x86_64-debian-gcc, r-devel-linux-x86_64-fedora-clang, r-devel-linux-x86_64-fedora-gcc, r-devel-osx-x86_64-clang, r-patched-linux-x86_64, r-patched-solaris-sparc, r-patched-solaris-x86, r-release-linux-ix86, r-release-linux-x86_64, r-release-osx-x86_64-mavericks