CRAN Package Check Results for Package tpr

Last updated on 2015-05-28 09:47:42.

Flavor Version Tinstall Tcheck Ttotal Status Flags
r-devel-linux-x86_64-debian-clang 0.3-1 5.90 15.24 21.14 NOTE
r-devel-linux-x86_64-debian-gcc 0.3-1 7.75 15.24 23.00 NOTE
r-devel-linux-x86_64-fedora-clang 0.3-1 45.52 NOTE
r-devel-linux-x86_64-fedora-gcc 0.3-1 43.14 NOTE
r-devel-osx-x86_64-clang 0.3-1 40.13 NOTE
r-devel-windows-ix86+x86_64 0.3-1 29.00 60.00 89.00 NOTE
r-patched-linux-x86_64 0.3-1 7.42 15.24 22.66 NOTE
r-patched-solaris-sparc 0.3-1 306.70 NOTE
r-patched-solaris-x86 0.3-1 76.90 NOTE
r-release-linux-x86_64 0.3-1 7.52 15.38 22.90 NOTE
r-release-osx-x86_64-mavericks 0.3-1 NOTE
r-release-osx-x86_64-snowleopard 0.3-1 NOTE
r-release-windows-ix86+x86_64 0.3-1 32.00 79.00 111.00 NOTE
r-oldrel-windows-ix86+x86_64 0.3-1 39.00 68.00 107.00 NOTE

Check Details

Version: 0.3-1
Check: dependencies in R code
Result: NOTE
    Package in Depends field not imported from: ‘lgtdl’
     These packages need to be imported from (in the NAMESPACE file)
     for when this namespace is loaded but not attached.
Flavors: r-devel-linux-x86_64-debian-clang, r-devel-linux-x86_64-debian-gcc, r-devel-linux-x86_64-fedora-clang, r-devel-linux-x86_64-fedora-gcc, r-devel-osx-x86_64-clang, r-devel-windows-ix86+x86_64, r-patched-linux-x86_64, r-patched-solaris-sparc, r-patched-solaris-x86, r-release-linux-x86_64, r-release-osx-x86_64-mavericks, r-release-osx-x86_64-snowleopard, r-release-windows-ix86+x86_64, r-oldrel-windows-ix86+x86_64

Version: 0.3-1
Check: Rd line widths
Result: NOTE
    Rd file 'ci.plot.Rd':
     \usage lines wider than 90 characters:
     ci.plot(x, y, se, level = 0.95, ylim = NULL, newplot = TRUE, fun = gaussian()$linkinv, dfun = gaussian()$mu.eta, ...)
    
    These lines will be truncated in the PDF manual.
Flavors: r-devel-linux-x86_64-debian-clang, r-devel-linux-x86_64-debian-gcc, r-devel-linux-x86_64-fedora-clang, r-devel-linux-x86_64-fedora-gcc, r-patched-linux-x86_64, r-release-linux-x86_64

Version: 0.3-1
Check: compiled code
Result: NOTE
    File ‘tpr/libs/tpr.so’:
     Found ‘_ZSt4cerr’, possibly from ‘std::cerr’ (C++)
     Object: ‘utils.o’
    
    Compiled code should not call entry points which might terminate R nor
    write to stdout/stderr instead of to the console, nor the system RNG.
    
    See ‘Writing portable packages’ in the ‘Writing R Extensions’ manual.
Flavors: r-devel-linux-x86_64-debian-clang, r-devel-linux-x86_64-debian-gcc, r-devel-linux-x86_64-fedora-gcc, r-patched-linux-x86_64, r-release-linux-x86_64

Version: 0.3-1
Check: compiled code
Result: NOTE
    File ‘tpr/libs/tpr.so’:
     Found ‘_ZNSt3__14cerrE’, possibly from ‘std::cerr’ (C++)
     Object: ‘utils.o’
    
    Compiled code should not call entry points which might terminate R nor
    write to stdout/stderr instead of to the console, nor the system RNG.
    
    See ‘Writing portable packages’ in the ‘Writing R Extensions’ manual.
Flavor: r-devel-linux-x86_64-fedora-clang

Version: 0.3-1
Check: compiled code
Result: NOTE
    File ‘tpr/libs/tpr.so’:
     Found ‘__ZNSt3__14cerrE’, possibly from ‘std::cerr’ (C++)
     Object: ‘utils.o’
    
    Compiled code should not call entry points which might terminate R nor
    write to stdout/stderr instead of to the console, nor the system RNG.
    
    See ‘Writing portable packages’ in the ‘Writing R Extensions’ manual.
Flavors: r-devel-osx-x86_64-clang, r-release-osx-x86_64-mavericks

Version: 0.3-1
Check: compiled code
Result: NOTE
    File 'tpr/libs/i386/tpr.dll':
     Found '_ZSt4cerr', possibly from 'std::cerr' (C++)
     Object: 'utils.o'
    File 'tpr/libs/x64/tpr.dll':
     Found '_ZSt4cerr', possibly from 'std::cerr' (C++)
     Object: 'utils.o'
    
    Compiled code should not call entry points which might terminate R nor
    write to stdout/stderr instead of to the console, nor the system RNG.
    
    See 'Writing portable packages' in the 'Writing R Extensions' manual.
Flavors: r-devel-windows-ix86+x86_64, r-release-windows-ix86+x86_64, r-oldrel-windows-ix86+x86_64

Version: 0.3-1
Check: compiled code
Result: NOTE
    File ‘tpr/libs/tpr.so’:
     Found ‘__1cDstdEcerr_’, possibly from ‘std::cerr’ (C++)
     Object: ‘utils.o’
    
    Compiled code should not call entry points which might terminate R nor
    write to stdout/stderr instead of to the console, nor the system RNG.
    
    See ‘Writing portable packages’ in the ‘Writing R Extensions’ manual.
Flavors: r-patched-solaris-sparc, r-patched-solaris-x86

Version: 0.3-1
Check: compiled code
Result: NOTE
    File ‘tpr/libs/tpr.so’:
     Found ‘__ZSt4cerr’, possibly from ‘std::cerr’ (C++)
     Object: ‘utils.o’
    
    Compiled code should not call entry points which might terminate R nor
    write to stdout/stderr instead of to the console, nor the system RNG.
    
    See ‘Writing portable packages’ in the ‘Writing R Extensions’ manual.
Flavor: r-release-osx-x86_64-snowleopard