CRAN Package Check Results for Package tpr

Last updated on 2015-02-28 17:48:53.

Flavor Version Tinstall Tcheck Ttotal Status Flags
r-devel-linux-x86_64-debian-clang 0.3-1 5.69 14.94 20.63 NOTE
r-devel-linux-x86_64-debian-gcc 0.3-1 7.42 15.56 22.98 NOTE
r-devel-linux-x86_64-fedora-clang 0.3-1 46.67 NOTE
r-devel-linux-x86_64-fedora-gcc 0.3-1 42.31 NOTE
r-devel-osx-x86_64-clang 0.3-1 39.15 NOTE
r-devel-windows-ix86+x86_64 0.3-1 30.00 68.00 98.00 NOTE
r-patched-linux-x86_64 0.3-1 7.46 17.16 24.62 NOTE
r-patched-solaris-sparc 0.3-1 310.10 NOTE
r-patched-solaris-x86 0.3-1 81.70 NOTE
r-release-linux-ix86 0.3-1 9.71 30.38 40.09 NOTE
r-release-linux-x86_64 0.3-1 7.76 16.82 24.57 NOTE
r-release-osx-x86_64-mavericks 0.3-1 NOTE
r-release-windows-ix86+x86_64 0.3-1 29.00 81.00 110.00 NOTE
r-oldrel-windows-ix86+x86_64 0.3-1 33.00 65.00 98.00 NOTE

Check Details

Version: 0.3-1
Check: dependencies in R code
Result: NOTE
    Package in Depends field not imported from: ‘lgtdl’
     These packages need to be imported from (in the NAMESPACE file)
     for when this namespace is loaded but not attached.
Flavors: r-devel-linux-x86_64-debian-clang, r-devel-linux-x86_64-debian-gcc, r-devel-linux-x86_64-fedora-clang, r-devel-linux-x86_64-fedora-gcc, r-devel-osx-x86_64-clang, r-devel-windows-ix86+x86_64, r-patched-linux-x86_64, r-patched-solaris-x86

Version: 0.3-1
Check: Rd line widths
Result: NOTE
    Rd file 'ci.plot.Rd':
     \usage lines wider than 90 characters:
     ci.plot(x, y, se, level = 0.95, ylim = NULL, newplot = TRUE, fun = gaussian()$linkinv, dfun = gaussian()$mu.eta, ...)
    
    These lines will be truncated in the PDF manual.
Flavors: r-devel-linux-x86_64-debian-clang, r-devel-linux-x86_64-debian-gcc, r-devel-linux-x86_64-fedora-clang, r-devel-linux-x86_64-fedora-gcc, r-patched-linux-x86_64, r-release-linux-ix86, r-release-linux-x86_64

Version: 0.3-1
Check: compiled code
Result: NOTE
    File ‘tpr/libs/tpr.so’:
     Found ‘_ZSt4cerr’, possibly from ‘std::cerr’ (C++)
     Object: ‘utils.o’
    
    Compiled code should not call entry points which might terminate R nor
    write to stdout/stderr instead of to the console, nor the system RNG.
    
    See ‘Writing portable packages’ in the ‘Writing R Extensions’ manual.
Flavors: r-devel-linux-x86_64-debian-clang, r-devel-linux-x86_64-debian-gcc, r-devel-linux-x86_64-fedora-gcc, r-patched-linux-x86_64

Version: 0.3-1
Check: compiled code
Result: NOTE
    File ‘tpr/libs/tpr.so’:
     Found ‘_ZNSt3__14cerrE’, possibly from ‘std::cerr’ (C++)
     Object: ‘utils.o’
    
    Compiled code should not call entry points which might terminate R nor
    write to stdout/stderr instead of to the console, nor the system RNG.
    
    See ‘Writing portable packages’ in the ‘Writing R Extensions’ manual.
Flavor: r-devel-linux-x86_64-fedora-clang

Version: 0.3-1
Check: compiled code
Result: NOTE
    File ‘tpr/libs/tpr.so’:
     Found ‘__ZNSt3__14cerrE’, possibly from ‘std::cerr’ (C++)
     Object: ‘utils.o’
    
    Compiled code should not call entry points which might terminate R nor
    write to stdout/stderr instead of to the console, nor the system RNG.
    
    See ‘Writing portable packages’ in the ‘Writing R Extensions’ manual.
Flavors: r-devel-osx-x86_64-clang, r-release-osx-x86_64-mavericks

Version: 0.3-1
Check: compiled code
Result: NOTE
    File 'tpr/libs/i386/tpr.dll':
     Found '_ZSt4cerr', possibly from 'std::cerr' (C++)
     Object: 'utils.o'
    File 'tpr/libs/x64/tpr.dll':
     Found '_ZSt4cerr', possibly from 'std::cerr' (C++)
     Object: 'utils.o'
    
    Compiled code should not call entry points which might terminate R nor
    write to stdout/stderr instead of to the console, nor the system RNG.
    
    See 'Writing portable packages' in the 'Writing R Extensions' manual.
Flavor: r-devel-windows-ix86+x86_64

Version: 0.3-1
Check: dependencies in R code
Result: NOTE
    Package in Depends field not imported from: ‘lgtdl’
     These packages need to be imported from (in the NAMESPACE file)
     for when this namespace is loaded but not attached.
    See the information on DESCRIPTION files in the chapter ‘Creating R
    packages’ of the ‘Writing R Extensions’ manual.
Flavors: r-patched-solaris-sparc, r-release-linux-ix86, r-release-linux-x86_64, r-release-osx-x86_64-mavericks, r-release-windows-ix86+x86_64, r-oldrel-windows-ix86+x86_64

Version: 0.3-1
Check: compiled code
Result: NOTE
    File ‘tpr/libs/tpr.so’:
     Found ‘__1cDstdEcerr_’, possibly from ‘std::cerr’ (C++)
     Object: ‘utils.o’
    
    Compiled code should not call entry points which might terminate R nor
    write to stdout/stderr instead of to the console, nor the system RNG.
    
    See ‘Writing portable packages’ in the ‘Writing R Extensions’ manual.
Flavors: r-patched-solaris-sparc, r-patched-solaris-x86

Version: 0.3-1
Check: compiled code
Result: NOTE
    File ‘tpr/libs/tpr.so’:
     Found ‘_ZSt4cerr’, possibly from ‘std::cerr’ (C++)
     Object: ‘utils.o’
    
    Compiled code should not call entry points which might terminate R nor
    write to stdout/stderr instead of to the console, nor the C RNG.
    
    See ‘Writing portable packages’ in the ‘Writing R Extensions’ manual.
Flavors: r-release-linux-ix86, r-release-linux-x86_64

Version: 0.3-1
Check: compiled code
Result: NOTE
    File 'tpr/libs/i386/tpr.dll':
     Found '_ZSt4cerr', possibly from 'std::cerr' (C++)
     Object: 'utils.o'
    File 'tpr/libs/x64/tpr.dll':
     Found '_ZSt4cerr', possibly from 'std::cerr' (C++)
     Object: 'utils.o'
    
    Compiled code should not call entry points which might terminate R nor
    write to stdout/stderr instead of to the console, nor the C RNG.
    
    See 'Writing portable packages' in the 'Writing R Extensions' manual.
Flavor: r-release-windows-ix86+x86_64

Version: 0.3-1
Check: compiled code
Result: NOTE
    File 'd:/Rcompile/CRANpkg/lib/3.0/tpr/libs/i386/tpr.dll':
     Found '_ZSt4cerr', possibly from 'std::cerr' (C++)
     Object: 'utils.o'
    File 'd:/Rcompile/CRANpkg/lib/3.0/tpr/libs/x64/tpr.dll':
     Found '_ZSt4cerr', possibly from 'std::cerr' (C++)
     Object: 'utils.o'
    
    Compiled code should not call entry points which might terminate R nor
    write to stdout/stderr instead of to the console.
    
    See 'Writing portable packages' in the 'Writing R Extensions' manual.
Flavor: r-oldrel-windows-ix86+x86_64