CRAN Package Check Results for Package tpr

Last updated on 2014-09-02 15:49:10.

Flavor Version Tinstall Tcheck Ttotal Status Flags
r-devel-linux-x86_64-debian-clang 0.3-1 4.72 15.98 20.70 NOTE
r-devel-linux-x86_64-debian-gcc 0.3-1 8.57 16.14 24.70 NOTE
r-devel-linux-x86_64-fedora-clang 0.3-1 47.41 NOTE
r-devel-linux-x86_64-fedora-gcc 0.3-1 44.81 NOTE
r-devel-osx-x86_64-clang 0.3-1 41.86 NOTE
r-devel-windows-ix86+x86_64 0.3-1 30.00 69.00 99.00 NOTE
r-patched-linux-x86_64 0.3-1 7.60 17.03 24.64 NOTE
r-patched-solaris-sparc 0.3-1 320.70 NOTE
r-patched-solaris-x86 0.3-1 81.30 NOTE
r-release-linux-ix86 0.3-1 10.38 29.28 39.66 NOTE
r-release-linux-x86_64 0.3-1 8.46 17.09 25.55 NOTE
r-release-osx-x86_64-mavericks 0.3-1 NOTE
r-release-windows-ix86+x86_64 0.3-1 31.00 65.00 96.00 NOTE
r-oldrel-windows-ix86+x86_64 0.3-1 33.00 65.00 98.00 NOTE

Check Details

Version: 0.3-1
Check: dependencies in R code
Result: NOTE
    Package in Depends field not imported from: ‘lgtdl’
     These packages need to be imported from (in the NAMESPACE file)
     for when this namespace is loaded but not attached.
    See the information on DESCRIPTION files in the chapter ‘Creating R
    packages’ of the ‘Writing R Extensions’ manual.
Flavors: r-devel-linux-x86_64-debian-clang, r-devel-linux-x86_64-debian-gcc, r-devel-linux-x86_64-fedora-clang, r-devel-linux-x86_64-fedora-gcc, r-devel-osx-x86_64-clang, r-devel-windows-ix86+x86_64, r-patched-linux-x86_64, r-patched-solaris-sparc, r-patched-solaris-x86, r-release-linux-ix86, r-release-linux-x86_64, r-release-osx-x86_64-mavericks, r-release-windows-ix86+x86_64, r-oldrel-windows-ix86+x86_64

Version: 0.3-1
Check: compiled code
Result: NOTE
    File ‘/home/hornik/tmp/R.check/r-devel-clang/Work/build/Packages/tpr/libs/tpr.so’:
     Found ‘_ZSt4cerr’, possibly from ‘std::cerr’ (C++)
     Object: ‘utils.o’
    
    Compiled code should not call entry points which might terminate R nor
    write to stdout/stderr instead of to the console, nor the C RNG.
    
    See ‘Writing portable packages’ in the ‘Writing R Extensions’ manual.
Flavor: r-devel-linux-x86_64-debian-clang

Version: 0.3-1
Check: compiled code
Result: NOTE
    File ‘/home/hornik/tmp/R.check/r-devel-gcc/Work/build/Packages/tpr/libs/tpr.so’:
     Found ‘_ZSt4cerr’, possibly from ‘std::cerr’ (C++)
     Object: ‘utils.o’
    
    Compiled code should not call entry points which might terminate R nor
    write to stdout/stderr instead of to the console, nor the C RNG.
    
    See ‘Writing portable packages’ in the ‘Writing R Extensions’ manual.
Flavor: r-devel-linux-x86_64-debian-gcc

Version: 0.3-1
Check: Rd line widths
Result: NOTE
    Rd file 'ci.plot.Rd':
     \usage lines wider than 90 characters:
     ci.plot(x, y, se, level = 0.95, ylim = NULL, newplot = TRUE, fun = gaussian()$linkinv, dfun = gaussian()$mu.eta, ...)
    
    These lines will be truncated in the PDF manual.
Flavors: r-devel-linux-x86_64-fedora-clang, r-devel-linux-x86_64-fedora-gcc

Version: 0.3-1
Check: compiled code
Result: NOTE
    File ‘/data/gannet/ripley/R/packages/tests-clang/tpr.Rcheck/tpr/libs/tpr.so’:
     Found ‘_ZNSt3__14cerrE’, possibly from ‘std::cerr’ (C++)
     Object: ‘utils.o’
    
    Compiled code should not call entry points which might terminate R nor
    write to stdout/stderr instead of to the console, nor the C RNG.
    
    See ‘Writing portable packages’ in the ‘Writing R Extensions’ manual.
Flavor: r-devel-linux-x86_64-fedora-clang

Version: 0.3-1
Check: compiled code
Result: NOTE
    File ‘/data/gannet/ripley/R/packages/tests-devel/tpr.Rcheck/tpr/libs/tpr.so’:
     Found ‘_ZSt4cerr’, possibly from ‘std::cerr’ (C++)
     Object: ‘utils.o’
    
    Compiled code should not call entry points which might terminate R nor
    write to stdout/stderr instead of to the console, nor the C RNG.
    
    See ‘Writing portable packages’ in the ‘Writing R Extensions’ manual.
Flavor: r-devel-linux-x86_64-fedora-gcc

Version: 0.3-1
Check: compiled code
Result: NOTE
    File ‘/Users/ripley/R/packages/tests-devel/tpr.Rcheck/tpr/libs/tpr.so’:
     Found ‘__ZNSt3__14cerrE’, possibly from ‘std::cerr’ (C++)
     Object: ‘utils.o’
    
    Compiled code should not call entry points which might terminate R nor
    write to stdout/stderr instead of to the console, nor the C RNG.
    
    See ‘Writing portable packages’ in the ‘Writing R Extensions’ manual.
Flavor: r-devel-osx-x86_64-clang

Version: 0.3-1
Check: compiled code
Result: NOTE
    File 'd:/Rcompile/CRANpkg/lib/3.2/tpr/libs/i386/tpr.dll':
     Found '_ZSt4cerr', possibly from 'std::cerr' (C++)
     Object: 'utils.o'
    File 'd:/Rcompile/CRANpkg/lib/3.2/tpr/libs/x64/tpr.dll':
     Found '_ZSt4cerr', possibly from 'std::cerr' (C++)
     Object: 'utils.o'
    
    Compiled code should not call entry points which might terminate R nor
    write to stdout/stderr instead of to the console, nor the C RNG.
    
    See 'Writing portable packages' in the 'Writing R Extensions' manual.
Flavor: r-devel-windows-ix86+x86_64

Version: 0.3-1
Check: compiled code
Result: NOTE
    File ‘/home/hornik/tmp/R.check/r-patched-gcc/Work/build/Packages/tpr/libs/tpr.so’:
     Found ‘_ZSt4cerr’, possibly from ‘std::cerr’ (C++)
     Object: ‘utils.o’
    
    Compiled code should not call entry points which might terminate R nor
    write to stdout/stderr instead of to the console.
    
    See ‘Writing portable packages’ in the ‘Writing R Extensions’ manual.
Flavor: r-patched-linux-x86_64

Version: 0.3-1
Check: compiled code
Result: NOTE
    File ‘/home/ripley/R/Lib32/tpr/libs/tpr.so’:
     Found ‘__1cDstdEcerr_’, possibly from ‘std::cerr’ (C++)
     Object: ‘utils.o’
    
    Compiled code should not call entry points which might terminate R nor
    write to stdout/stderr instead of to the console.
    
    See ‘Writing portable packages’ in the ‘Writing R Extensions’ manual.
Flavors: r-patched-solaris-sparc, r-patched-solaris-x86

Version: 0.3-1
Check: compiled code
Result: NOTE
    File ‘/home/hornik/tmp/R.check/r-release-gcc/Work/build/Packages/tpr/libs/tpr.so’:
     Found ‘_ZSt4cerr’, possibly from ‘std::cerr’ (C++)
     Object: ‘utils.o’
    
    Compiled code should not call entry points which might terminate R nor
    write to stdout/stderr instead of to the console.
    
    See ‘Writing portable packages’ in the ‘Writing R Extensions’ manual.
Flavors: r-release-linux-ix86, r-release-linux-x86_64

Version: 0.3-1
Check: compiled code
Result: NOTE
    File ‘/Builds/CRAN-QA-Simon/packages/mavericks-x86_64/results/3.1/tpr.Rcheck/tpr/libs/tpr.so’:
     Found ‘__ZNSt3__14cerrE’, possibly from ‘std::cerr’ (C++)
     Object: ‘utils.o’
    
    Compiled code should not call entry points which might terminate R nor
    write to stdout/stderr instead of to the console.
    
    See ‘Writing portable packages’ in the ‘Writing R Extensions’ manual.
Flavor: r-release-osx-x86_64-mavericks

Version: 0.3-1
Check: compiled code
Result: NOTE
    File 'd:/Rcompile/CRANpkg/lib/3.1/tpr/libs/i386/tpr.dll':
     Found '_ZSt4cerr', possibly from 'std::cerr' (C++)
     Object: 'utils.o'
    File 'd:/Rcompile/CRANpkg/lib/3.1/tpr/libs/x64/tpr.dll':
     Found '_ZSt4cerr', possibly from 'std::cerr' (C++)
     Object: 'utils.o'
    
    Compiled code should not call entry points which might terminate R nor
    write to stdout/stderr instead of to the console.
    
    See 'Writing portable packages' in the 'Writing R Extensions' manual.
Flavor: r-release-windows-ix86+x86_64

Version: 0.3-1
Check: compiled code
Result: NOTE
    File 'd:/Rcompile/CRANpkg/lib/3.0/tpr/libs/i386/tpr.dll':
     Found '_ZSt4cerr', possibly from 'std::cerr' (C++)
     Object: 'utils.o'
    File 'd:/Rcompile/CRANpkg/lib/3.0/tpr/libs/x64/tpr.dll':
     Found '_ZSt4cerr', possibly from 'std::cerr' (C++)
     Object: 'utils.o'
    
    Compiled code should not call entry points which might terminate R nor
    write to stdout/stderr instead of to the console.
    
    See 'Writing portable packages' in the 'Writing R Extensions' manual.
Flavor: r-oldrel-windows-ix86+x86_64