CRAN Package Check Results for Package tpr

Last updated on 2015-07-07 21:46:59.

Flavor Version Tinstall Tcheck Ttotal Status Flags
r-devel-linux-x86_64-debian-clang 0.3-1 5.93 15.12 21.05 NOTE
r-devel-linux-x86_64-debian-gcc 0.3-1 7.45 14.97 22.42 NOTE
r-devel-linux-x86_64-fedora-clang 0.3-1 44.11 NOTE
r-devel-linux-x86_64-fedora-gcc 0.3-1 41.65 NOTE
r-devel-osx-x86_64-clang 0.3-1 33.52 NOTE
r-devel-windows-ix86+x86_64 0.3-1 31.00 61.00 92.00 NOTE
r-patched-linux-x86_64 0.3-1 7.50 15.18 22.69 NOTE
r-patched-solaris-sparc 0.3-1 306.70 NOTE
r-patched-solaris-x86 0.3-1 74.80 NOTE
r-release-linux-x86_64 0.3-1 7.44 15.08 22.52 NOTE
r-release-osx-x86_64-mavericks 0.3-1 NOTE
r-release-windows-ix86+x86_64 0.3-1 30.00 62.00 92.00 NOTE
r-oldrel-windows-ix86+x86_64 0.3-1 39.00 68.00 107.00 NOTE

Check Details

Version: 0.3-1
Check: dependencies in R code
Result: NOTE
    Package in Depends field not imported from: ‘lgtdl’
     These packages need to be imported from (in the NAMESPACE file)
     for when this namespace is loaded but not attached.
Flavors: r-devel-linux-x86_64-debian-clang, r-devel-linux-x86_64-debian-gcc, r-devel-linux-x86_64-fedora-clang, r-devel-linux-x86_64-fedora-gcc, r-devel-osx-x86_64-clang, r-devel-windows-ix86+x86_64, r-patched-linux-x86_64, r-patched-solaris-sparc, r-patched-solaris-x86, r-release-linux-x86_64, r-release-osx-x86_64-mavericks, r-release-windows-ix86+x86_64, r-oldrel-windows-ix86+x86_64

Version: 0.3-1
Check: R code for possible problems
Result: NOTE
    ci.plot: Error while checking: invalid ‘envir’ argument
    cst.fit.ff: no visible global function definition for ‘pnorm’
    cstfit.1: no visible global function definition for ‘var’
    gof.test.boots.pf: no visible binding for global variable ‘sd’
    gof.test.int.1.ff: no visible global function definition for ‘quantile’
    gof.test.int.1.ff: no visible global function definition for ‘var’
    gof.test.int.ff: no visible global function definition for ‘pnorm’
    gofTest: no visible binding for global variable ‘sd’
    plotGof: no visible global function definition for ‘plot’
    plotGof : <anonymous>: no visible global function definition for
     ‘lines’
    plotGof: no visible global function definition for ‘lines’
    sig.test.int.1.ff: no visible global function definition for ‘quantile’
    sig.test.int.1.ff: no visible global function definition for ‘var’
    sig.test.int.ff: no visible global function definition for ‘pnorm’
    test.boots.1: no visible binding for global variable ‘sd’
    tpr: Error while checking: invalid ‘envir’ argument
    Undefined global functions or variables:
     lines plot pnorm quantile sd var
Flavors: r-devel-linux-x86_64-debian-clang, r-devel-linux-x86_64-debian-gcc, r-devel-linux-x86_64-fedora-clang, r-devel-linux-x86_64-fedora-gcc

Version: 0.3-1
Check: Rd line widths
Result: NOTE
    Rd file 'ci.plot.Rd':
     \usage lines wider than 90 characters:
     ci.plot(x, y, se, level = 0.95, ylim = NULL, newplot = TRUE, fun = gaussian()$linkinv, dfun = gaussian()$mu.eta, ...)
    
    These lines will be truncated in the PDF manual.
Flavors: r-devel-linux-x86_64-debian-clang, r-devel-linux-x86_64-debian-gcc, r-devel-linux-x86_64-fedora-clang, r-devel-linux-x86_64-fedora-gcc, r-patched-linux-x86_64, r-release-linux-x86_64

Version: 0.3-1
Check: compiled code
Result: NOTE
    File ‘tpr/libs/tpr.so’:
     Found ‘_ZSt4cerr’, possibly from ‘std::cerr’ (C++)
     Object: ‘utils.o’
    
    Compiled code should not call entry points which might terminate R nor
    write to stdout/stderr instead of to the console, nor the system RNG.
    
    See ‘Writing portable packages’ in the ‘Writing R Extensions’ manual.
Flavors: r-devel-linux-x86_64-debian-clang, r-devel-linux-x86_64-debian-gcc, r-devel-linux-x86_64-fedora-gcc, r-patched-linux-x86_64, r-release-linux-x86_64

Version: 0.3-1
Check: compiled code
Result: NOTE
    File ‘tpr/libs/tpr.so’:
     Found ‘_ZNSt3__14cerrE’, possibly from ‘std::cerr’ (C++)
     Object: ‘utils.o’
    
    Compiled code should not call entry points which might terminate R nor
    write to stdout/stderr instead of to the console, nor the system RNG.
    
    See ‘Writing portable packages’ in the ‘Writing R Extensions’ manual.
Flavor: r-devel-linux-x86_64-fedora-clang

Version: 0.3-1
Check: compiled code
Result: NOTE
    File ‘tpr/libs/tpr.so’:
     Found ‘__ZNSt3__14cerrE’, possibly from ‘std::cerr’ (C++)
     Object: ‘utils.o’
    
    Compiled code should not call entry points which might terminate R nor
    write to stdout/stderr instead of to the console, nor the system RNG.
    
    See ‘Writing portable packages’ in the ‘Writing R Extensions’ manual.
Flavors: r-devel-osx-x86_64-clang, r-release-osx-x86_64-mavericks

Version: 0.3-1
Check: R code for possible problems
Result: NOTE
    ci.plot: no visible global function definition for 'gaussian'
    ci.plot: no visible global function definition for 'qnorm'
    ci.plot: no visible global function definition for 'plot'
    ci.plot: no visible global function definition for 'lines'
    cst.fit.ff: no visible global function definition for 'pnorm'
    cstfit.1: no visible global function definition for 'var'
    gof.test.boots.pf: no visible binding for global variable 'sd'
    gof.test.int.1.ff: no visible global function definition for 'quantile'
    gof.test.int.1.ff: no visible global function definition for 'var'
    gof.test.int.ff: no visible global function definition for 'pnorm'
    gofTest: no visible binding for global variable 'sd'
    plotGof: no visible global function definition for 'plot'
    plotGof : <anonymous>: no visible global function definition for
     'lines'
    plotGof: no visible global function definition for 'lines'
    sig.test.int.1.ff: no visible global function definition for 'quantile'
    sig.test.int.1.ff: no visible global function definition for 'var'
    sig.test.int.ff: no visible global function definition for 'pnorm'
    test.boots.1: no visible binding for global variable 'sd'
    tpr: no visible global function definition for 'poisson'
    tpr: no visible global function definition for 'glm.fit'
    tpr: no visible global function definition for 'coef'
    tpr: no visible global function definition for 'approx'
    Undefined global functions or variables:
     approx coef gaussian glm.fit lines plot pnorm poisson qnorm quantile
     sd var
Flavor: r-devel-windows-ix86+x86_64

Version: 0.3-1
Check: compiled code
Result: NOTE
    File 'tpr/libs/i386/tpr.dll':
     Found '_ZSt4cerr', possibly from 'std::cerr' (C++)
     Object: 'utils.o'
    File 'tpr/libs/x64/tpr.dll':
     Found '_ZSt4cerr', possibly from 'std::cerr' (C++)
     Object: 'utils.o'
    
    Compiled code should not call entry points which might terminate R nor
    write to stdout/stderr instead of to the console, nor the system RNG.
    
    See 'Writing portable packages' in the 'Writing R Extensions' manual.
Flavors: r-devel-windows-ix86+x86_64, r-release-windows-ix86+x86_64, r-oldrel-windows-ix86+x86_64

Version: 0.3-1
Check: compiled code
Result: NOTE
    File ‘tpr/libs/tpr.so’:
     Found ‘__1cDstdEcerr_’, possibly from ‘std::cerr’ (C++)
     Object: ‘utils.o’
    
    Compiled code should not call entry points which might terminate R nor
    write to stdout/stderr instead of to the console, nor the system RNG.
    
    See ‘Writing portable packages’ in the ‘Writing R Extensions’ manual.
Flavors: r-patched-solaris-sparc, r-patched-solaris-x86