CRAN Package Check Results for Package track

Last updated on 2019-02-16 22:46:48 CET.

Flavor Version Tinstall Tcheck Ttotal Status Flags
r-devel-linux-x86_64-debian-clang 1.1.9 6.29 43.91 50.20 NOTE
r-devel-linux-x86_64-debian-gcc 1.1.9 5.96 34.90 40.86 NOTE
r-devel-linux-x86_64-fedora-clang 1.1.9 60.67 OK
r-devel-linux-x86_64-fedora-gcc 1.1.9 59.56 OK
r-devel-windows-ix86+x86_64 1.1.9 9.00 69.00 78.00 OK
r-patched-linux-x86_64 1.1.9 6.75 41.54 48.29 NOTE
r-patched-solaris-x86 1.1.9 78.30 OK
r-release-linux-x86_64 1.1.9 NOTE
r-release-windows-ix86+x86_64 1.1.9 10.00 52.00 62.00 OK
r-release-osx-x86_64 1.1.9 OK
r-oldrel-windows-ix86+x86_64 1.1.9 4.00 84.00 88.00 OK
r-oldrel-osx-x86_64 1.1.9 OK

Check Details

Version: 1.1.9
Check: R code for possible problems
Result: NOTE
    Found the following calls to attach():
    File ‘track/R/track.attach.R’:
     attach(what = NULL, pos = pos, name = name)
    See section ‘Good practice’ in ‘?attach’.
Flavors: r-devel-linux-x86_64-debian-clang, r-devel-linux-x86_64-debian-gcc, r-patched-linux-x86_64, r-release-linux-x86_64