CRAN Package Check Results for Package track

Last updated on 2018-02-17 23:48:09 CET.

Flavor Version Tinstall Tcheck Ttotal Status Flags
r-devel-linux-x86_64-debian-clang 1.1.9 6.76 41.35 48.11 NOTE
r-devel-linux-x86_64-debian-gcc 1.1.9 5.13 32.11 37.24 NOTE
r-devel-linux-x86_64-fedora-clang 1.1.9 58.78 OK
r-devel-linux-x86_64-fedora-gcc 1.1.9 53.79 OK
r-devel-windows-ix86+x86_64 1.1.9 15.00 47.00 62.00 OK
r-patched-linux-x86_64 1.1.9 1.39 46.78 48.17 NOTE
r-patched-solaris-x86 1.1.9 67.90 OK
r-release-linux-x86_64 1.1.9 1.33 47.24 48.57 NOTE
r-release-windows-ix86+x86_64 1.1.9 5.00 53.00 58.00 OK
r-release-osx-x86_64 1.1.9 OK
r-oldrel-windows-ix86+x86_64 1.1.9 4.00 50.00 54.00 OK
r-oldrel-osx-x86_64 1.1.9 OK

Check Details

Version: 1.1.9
Check: R code for possible problems
Result: NOTE
    Found the following calls to attach():
    File ‘track/R/track.attach.R’:
     attach(what = NULL, pos = pos, name = name)
    See section ‘Good practice’ in ‘?attach’.
Flavors: r-devel-linux-x86_64-debian-clang, r-devel-linux-x86_64-debian-gcc, r-patched-linux-x86_64, r-release-linux-x86_64