CRAN Package Check Results for Package track

Last updated on 2019-04-18 14:49:13 CEST.

Flavor Version Tinstall Tcheck Ttotal Status Flags
r-devel-linux-x86_64-debian-clang 1.1.9 7.50 44.12 51.62 NOTE
r-devel-linux-x86_64-debian-gcc 1.1.9 6.52 34.74 41.26 NOTE
r-devel-linux-x86_64-fedora-clang 1.1.9 60.15 OK
r-devel-linux-x86_64-fedora-gcc 1.1.9 62.44 OK
r-devel-windows-ix86+x86_64 1.1.9 11.00 52.00 63.00 OK
r-patched-linux-x86_64 1.1.9 6.20 43.66 49.86 NOTE
r-patched-solaris-x86 1.1.9 81.10 OK
r-release-linux-x86_64 1.1.9 5.76 41.98 47.74 NOTE
r-release-windows-ix86+x86_64 1.1.9 10.00 52.00 62.00 OK
r-release-osx-x86_64 1.1.9 OK
r-oldrel-windows-ix86+x86_64 1.1.9 4.00 84.00 88.00 OK
r-oldrel-osx-x86_64 1.1.9 OK

Check Details

Version: 1.1.9
Check: R code for possible problems
Result: NOTE
    Found the following calls to attach():
    File 'track/R/track.attach.R':
     attach(what = NULL, pos = pos, name = name)
    See section 'Good practice' in '?attach'.
Flavors: r-devel-linux-x86_64-debian-clang, r-devel-linux-x86_64-debian-gcc, r-patched-linux-x86_64, r-release-linux-x86_64