CRAN Package Check Results for Package track

Last updated on 2018-11-15 00:47:56 CET.

Flavor Version Tinstall Tcheck Ttotal Status Flags
r-devel-linux-x86_64-debian-clang 1.1.9 7.14 43.66 50.80 NOTE
r-devel-linux-x86_64-debian-gcc 1.1.9 5.45 34.37 39.82 NOTE
r-devel-linux-x86_64-fedora-clang 1.1.9 59.06 OK
r-devel-linux-x86_64-fedora-gcc 1.1.9 57.73 OK
r-devel-windows-ix86+x86_64 1.1.9 11.00 72.00 83.00 OK
r-patched-linux-x86_64 1.1.9 5.38 41.56 46.94 NOTE
r-patched-solaris-x86 1.1.9 77.90 OK
r-release-linux-x86_64 1.1.9 5.79 41.49 47.28 NOTE
r-release-windows-ix86+x86_64 1.1.9 15.00 50.00 65.00 OK
r-release-osx-x86_64 1.1.9 OK
r-oldrel-windows-ix86+x86_64 1.1.9 4.00 84.00 88.00 OK
r-oldrel-osx-x86_64 1.1.9 OK

Check Details

Version: 1.1.9
Check: R code for possible problems
Result: NOTE
    Found the following calls to attach():
    File ‘track/R/track.attach.R’:
     attach(what = NULL, pos = pos, name = name)
    See section ‘Good practice’ in ‘?attach’.
Flavors: r-devel-linux-x86_64-debian-clang, r-devel-linux-x86_64-debian-gcc, r-patched-linux-x86_64, r-release-linux-x86_64