CRAN Package Check Results for Package track

Last updated on 2018-08-20 13:48:21 CEST.

Flavor Version Tinstall Tcheck Ttotal Status Flags
r-devel-linux-x86_64-debian-clang 1.1.9 6.20 42.74 48.94 NOTE
r-devel-linux-x86_64-debian-gcc 1.1.9 5.39 34.13 39.52 NOTE
r-devel-linux-x86_64-fedora-clang 1.1.9 59.23 OK
r-devel-linux-x86_64-fedora-gcc 1.1.9 59.60 OK
r-devel-windows-ix86+x86_64 1.1.9 15.00 69.00 84.00 OK
r-patched-linux-x86_64 1.1.9 5.64 41.00 46.64 NOTE
r-patched-solaris-x86 1.1.9 79.90 OK
r-release-linux-x86_64 1.1.9 5.90 40.41 46.31 NOTE
r-release-windows-ix86+x86_64 1.1.9 15.00 50.00 65.00 OK
r-release-osx-x86_64 1.1.9 OK
r-oldrel-windows-ix86+x86_64 1.1.9 5.00 53.00 58.00 OK
r-oldrel-osx-x86_64 1.1.9 OK

Check Details

Version: 1.1.9
Check: R code for possible problems
Result: NOTE
    Found the following calls to attach():
    File ‘track/R/track.attach.R’:
     attach(what = NULL, pos = pos, name = name)
    See section ‘Good practice’ in ‘?attach’.
Flavors: r-devel-linux-x86_64-debian-clang, r-devel-linux-x86_64-debian-gcc, r-patched-linux-x86_64, r-release-linux-x86_64