CRAN Package Check Results for Package track

Last updated on 2018-05-24 22:49:44 CEST.

Flavor Version Tinstall Tcheck Ttotal Status Flags
r-devel-linux-x86_64-debian-clang 1.1.9 7.66 38.27 45.93 NOTE
r-devel-linux-x86_64-debian-gcc 1.1.9 5.26 32.61 37.87 NOTE
r-devel-linux-x86_64-fedora-clang 1.1.9 60.27 OK
r-devel-linux-x86_64-fedora-gcc 1.1.9 57.90 OK
r-devel-windows-ix86+x86_64 1.1.9 14.00 78.00 92.00 OK
r-patched-linux-x86_64 1.1.9 5.17 41.20 46.37 NOTE
r-patched-solaris-x86 1.1.9 79.70 OK
r-release-linux-x86_64 1.1.9 7.20 41.08 48.28 NOTE
r-release-windows-ix86+x86_64 1.1.9 15.00 50.00 65.00 OK
r-release-osx-x86_64 1.1.9 OK
r-oldrel-windows-ix86+x86_64 1.1.9 5.00 53.00 58.00 OK
r-oldrel-osx-x86_64 1.1.9 OK

Check Details

Version: 1.1.9
Check: R code for possible problems
Result: NOTE
    Found the following calls to attach():
    File ‘track/R/track.attach.R’:
     attach(what = NULL, pos = pos, name = name)
    See section ‘Good practice’ in ‘?attach’.
Flavors: r-devel-linux-x86_64-debian-clang, r-devel-linux-x86_64-debian-gcc, r-patched-linux-x86_64, r-release-linux-x86_64