CRAN Package Check Results for Package track

Last updated on 2019-06-25 11:50:39 CEST.

Flavor Version Tinstall Tcheck Ttotal Status Flags
r-devel-linux-x86_64-debian-clang 1.1.9 7.14 43.67 50.81 NOTE
r-devel-linux-x86_64-debian-gcc 1.1.9 6.36 34.79 41.15 NOTE
r-devel-linux-x86_64-fedora-clang 1.1.9 60.02 OK
r-devel-linux-x86_64-fedora-gcc 1.1.9 58.74 OK
r-devel-windows-ix86+x86_64 1.1.9 17.00 55.00 72.00 OK
r-patched-linux-x86_64 1.1.9 6.35 43.73 50.08 NOTE
r-patched-solaris-x86 1.1.9 83.60 OK
r-release-linux-x86_64 1.1.9 6.89 43.72 50.61 NOTE
r-release-windows-ix86+x86_64 1.1.9 12.00 72.00 84.00 OK
r-release-osx-x86_64 1.1.9 OK
r-oldrel-windows-ix86+x86_64 1.1.9 10.00 52.00 62.00 OK
r-oldrel-osx-x86_64 1.1.9 OK

Check Details

Version: 1.1.9
Check: R code for possible problems
Result: NOTE
    Found the following calls to attach():
    File 'track/R/track.attach.R':
     attach(what = NULL, pos = pos, name = name)
    See section 'Good practice' in '?attach'.
Flavors: r-devel-linux-x86_64-debian-clang, r-devel-linux-x86_64-debian-gcc, r-patched-linux-x86_64, r-release-linux-x86_64