CRAN Package Check Results for Package trackeR

Last updated on 2025-01-25 19:49:01 CET.

Flavor Version Tinstall Tcheck Ttotal Status Flags
r-devel-linux-x86_64-debian-clang 1.6.0 12.82 222.21 235.03 NOTE
r-devel-linux-x86_64-debian-gcc 1.6.0 8.54 154.34 162.88 NOTE
r-devel-linux-x86_64-fedora-clang 1.6.0 391.81 OK
r-devel-linux-x86_64-fedora-gcc 1.6.0 385.87 OK
r-devel-windows-x86_64 1.6.0 16.00 260.00 276.00 NOTE
r-patched-linux-x86_64 1.6.0 20.68 215.89 236.57 OK
r-release-linux-x86_64 1.6.0 10.23 213.51 223.74 OK
r-release-macos-arm64 1.6.0 113.00 NOTE
r-release-macos-x86_64 1.6.0 183.00 NOTE
r-release-windows-x86_64 1.6.0 13.00 253.00 266.00 NOTE
r-oldrel-macos-arm64 1.6.0 145.00 NOTE
r-oldrel-macos-x86_64 1.6.0 294.00 NOTE
r-oldrel-windows-x86_64 1.6.0 19.00 310.00 329.00 NOTE

Check Details

Version: 1.6.0
Check: Rd cross-references
Result: NOTE Found the following Rd file(s) with Rd \link{} targets missing package anchors: Wprime.Rd: foreach read_directory.Rd: foreach smoother_control.trackeRdata.Rd: foreach zones.Rd: foreach Please provide package anchors for all Rd \link{} targets not in the package itself and the base packages. Flavors: r-devel-linux-x86_64-debian-clang, r-devel-linux-x86_64-debian-gcc, r-devel-windows-x86_64

Version: 1.6.0
Check: installed package size
Result: NOTE installed size is 6.3Mb sub-directories of 1Mb or more: data 2.4Mb doc 2.8Mb Flavors: r-release-macos-arm64, r-release-macos-x86_64, r-release-windows-x86_64, r-oldrel-macos-arm64, r-oldrel-macos-x86_64, r-oldrel-windows-x86_64