CRAN Package Check Results for Package trackeRapp

Last updated on 2022-09-25 18:51:38 CEST.

Flavor Version Tinstall Tcheck Ttotal Status Flags
r-devel-linux-x86_64-debian-clang 1.2 18.14 138.38 156.52 OK
r-devel-linux-x86_64-debian-gcc 1.2 16.13 105.92 122.05 OK
r-devel-linux-x86_64-fedora-clang 1.2 196.39 NOTE
r-devel-linux-x86_64-fedora-gcc 1.2 193.99 NOTE
r-devel-windows-x86_64 1.2 38.00 150.00 188.00 OK
r-patched-linux-x86_64 1.2 15.69 131.23 146.92 OK
r-release-linux-x86_64 1.2 17.17 131.44 148.61 OK
r-release-macos-arm64 1.2 50.00 NOTE
r-release-macos-x86_64 1.2 80.00 NOTE
r-release-windows-x86_64 1.2 32.00 152.00 184.00 OK
r-oldrel-macos-arm64 1.2 41.00 NOTE
r-oldrel-macos-x86_64 1.2 65.00 NOTE
r-oldrel-windows-ix86+x86_64 1.2 41.00 155.00 196.00 OK

Check Details

Version: 1.2
Check: dependencies in R code
Result: NOTE
    Namespaces in Imports field not imported from:
     ‘V8’ ‘colorspace’
     All declared Imports should be used.
Flavors: r-devel-linux-x86_64-fedora-clang, r-devel-linux-x86_64-fedora-gcc, r-release-macos-arm64, r-release-macos-x86_64, r-oldrel-macos-arm64, r-oldrel-macos-x86_64