Last updated on 2023-09-29 11:56:09 CEST.
Flavor | Version | Tinstall | Tcheck | Ttotal | Status | Flags |
---|---|---|---|---|---|---|
r-devel-linux-x86_64-debian-clang | 1.2 | 18.28 | 141.29 | 159.57 | OK | |
r-devel-linux-x86_64-debian-gcc | 1.2 | 14.16 | 103.23 | 117.39 | OK | |
r-devel-linux-x86_64-fedora-clang | 1.2 | 192.54 | NOTE | |||
r-devel-linux-x86_64-fedora-gcc | 1.2 | 184.93 | NOTE | |||
r-devel-windows-x86_64 | 1.2 | 18.00 | 107.00 | 125.00 | OK | |
r-patched-linux-x86_64 | 1.2 | 16.05 | 130.46 | 146.51 | OK | |
r-release-linux-x86_64 | 1.2 | 15.42 | 130.81 | 146.23 | OK | |
r-release-macos-arm64 | 1.2 | 57.00 | OK | |||
r-release-macos-x86_64 | 1.2 | 91.00 | OK | |||
r-release-windows-x86_64 | 1.2 | 23.00 | 131.00 | 154.00 | OK | |
r-oldrel-macos-arm64 | 1.2 | 50.00 | NOTE | |||
r-oldrel-macos-x86_64 | 1.2 | 80.00 | NOTE | |||
r-oldrel-windows-x86_64 | 1.2 | 22.00 | 136.00 | 158.00 | OK |
Version: 1.2
Check: dependencies in R code
Result: NOTE
Namespaces in Imports field not imported from:
‘V8’ ‘colorspace’
All declared Imports should be used.
Flavors: r-devel-linux-x86_64-fedora-clang, r-devel-linux-x86_64-fedora-gcc, r-oldrel-macos-arm64, r-oldrel-macos-x86_64