CRAN Package Check Results for Package traitr

Last updated on 2016-02-09 20:47:26.

Flavor Version Tinstall Tcheck Ttotal Status Flags
r-devel-linux-x86_64-debian-gcc 0.14 1.57 22.47 24.04 NOTE
r-devel-linux-x86_64-fedora-clang 0.14 45.53 NOTE
r-devel-linux-x86_64-fedora-gcc 0.14 42.79 NOTE
r-devel-osx-x86_64-clang 0.14 48.55 NOTE
r-devel-windows-ix86+x86_64 0.14 7.00 53.00 60.00 NOTE
r-patched-linux-x86_64 0.14 1.60 24.76 26.35 NOTE
r-patched-solaris-sparc 0.14 292.10 NOTE
r-patched-solaris-x86 0.14 62.60 NOTE
r-release-linux-x86_64 0.14 1.68 24.56 26.24 NOTE
r-release-osx-x86_64-mavericks 0.14 NOTE
r-release-windows-ix86+x86_64 0.14 7.00 45.00 52.00 NOTE
r-oldrel-windows-ix86+x86_64 0.14 9.00 50.00 59.00 OK

Check Details

Version: 0.14
Check: DESCRIPTION meta-information
Result: NOTE
    Malformed Title field: should not end in a period.
Flavors: r-devel-linux-x86_64-debian-gcc, r-devel-linux-x86_64-fedora-clang, r-devel-linux-x86_64-fedora-gcc, r-devel-osx-x86_64-clang, r-devel-windows-ix86+x86_64, r-patched-linux-x86_64, r-patched-solaris-sparc, r-patched-solaris-x86, r-release-linux-x86_64, r-release-osx-x86_64-mavericks, r-release-windows-ix86+x86_64