CRAN Package Check Results for Package traitr

Last updated on 2015-04-26 19:47:36.

Flavor Version Tinstall Tcheck Ttotal Status Flags
r-devel-linux-x86_64-debian-clang 0.14 2.39 24.72 27.10 NOTE
r-devel-linux-x86_64-debian-gcc 0.14 1.48 23.84 25.32 NOTE
r-devel-linux-x86_64-fedora-clang 0.14 51.57 NOTE
r-devel-linux-x86_64-fedora-gcc 0.14 47.98 NOTE
r-devel-osx-x86_64-clang 0.14 49.98 NOTE
r-devel-windows-ix86+x86_64 0.14 7.00 39.00 46.00 NOTE
r-patched-linux-x86_64 0.14 1.49 24.00 25.48 NOTE
r-patched-solaris-sparc 0.14 306.60 NOTE
r-patched-solaris-x86 0.14 67.50 NOTE
r-release-linux-x86_64 0.14 1.48 24.10 25.58 NOTE
r-release-osx-x86_64-mavericks 0.14 NOTE
r-release-osx-x86_64-snowleopard 0.14 NOTE
r-release-windows-ix86+x86_64 0.14 5.00 40.00 45.00 NOTE
r-oldrel-windows-ix86+x86_64 0.14 4.00 39.00 43.00 OK

Check Details

Version: 0.14
Check: DESCRIPTION meta-information
Result: NOTE
    Malformed Title field: should not end in a period.
Flavors: r-devel-linux-x86_64-debian-clang, r-devel-linux-x86_64-fedora-clang, r-devel-linux-x86_64-fedora-gcc, r-devel-osx-x86_64-clang, r-devel-windows-ix86+x86_64, r-patched-solaris-sparc, r-patched-solaris-x86, r-release-osx-x86_64-mavericks, r-release-osx-x86_64-snowleopard, r-release-windows-ix86+x86_64