CRAN Package Check Results for Package traitr

Last updated on 2017-01-22 16:49:03.

Flavor Version Tinstall Tcheck Ttotal Status Flags
r-devel-linux-x86_64-debian-clang 0.14 1.52 27.80 29.32 NOTE
r-devel-linux-x86_64-debian-gcc 0.14 1.52 27.09 28.62 NOTE
r-devel-linux-x86_64-fedora-clang 0.14 51.90 NOTE --no-stop-on-test-error
r-devel-linux-x86_64-fedora-gcc 0.14 50.28 NOTE --no-stop-on-test-error
r-devel-macos-x86_64-clang 0.14 43.54 NOTE --no-stop-on-test-error
r-devel-windows-ix86+x86_64 0.14 7.00 56.00 63.00 NOTE
r-patched-linux-x86_64 0.14 1.39 24.61 26.00 NOTE
r-patched-solaris-sparc 0.14 282.00 NOTE
r-patched-solaris-x86 0.14 58.30 NOTE
r-release-linux-x86_64 0.14 1.48 25.08 26.56 NOTE
r-release-osx-x86_64-mavericks 0.14 NOTE
r-release-windows-ix86+x86_64 0.14 12.00 51.00 63.00 NOTE
r-oldrel-windows-ix86+x86_64 0.14 12.00 67.00 79.00 NOTE

Check Details

Version: 0.14
Check: DESCRIPTION meta-information
Result: NOTE
    Malformed Title field: should not end in a period.
Flavors: r-devel-linux-x86_64-debian-clang, r-devel-linux-x86_64-debian-gcc, r-devel-windows-ix86+x86_64, r-patched-linux-x86_64, r-patched-solaris-sparc, r-patched-solaris-x86, r-release-linux-x86_64, r-release-osx-x86_64-mavericks, r-release-windows-ix86+x86_64, r-oldrel-windows-ix86+x86_64

Version: 0.14
Flags: --no-stop-on-test-error
Check: DESCRIPTION meta-information
Result: NOTE
    Malformed Title field: should not end in a period.
Flavors: r-devel-linux-x86_64-fedora-clang, r-devel-linux-x86_64-fedora-gcc, r-devel-macos-x86_64-clang