CRAN Package Check Results for Package traitr

Last updated on 2015-05-27 05:47:57.

Flavor Version Tinstall Tcheck Ttotal Status Flags
r-devel-linux-x86_64-debian-clang 0.14 1.54 24.42 25.96 NOTE
r-devel-linux-x86_64-debian-gcc 0.14 1.49 23.78 25.28 NOTE
r-devel-linux-x86_64-fedora-clang 0.14 51.21 NOTE
r-devel-linux-x86_64-fedora-gcc 0.14 50.84 NOTE
r-devel-osx-x86_64-clang 0.14 49.93 NOTE
r-devel-windows-ix86+x86_64 0.14 6.00 43.00 49.00 NOTE
r-patched-linux-x86_64 0.14 1.46 24.66 26.12 NOTE
r-patched-solaris-sparc 0.14 312.90 NOTE
r-patched-solaris-x86 0.14 67.70 NOTE
r-release-linux-x86_64 0.14 1.50 23.90 25.40 NOTE
r-release-osx-x86_64-mavericks 0.14 NOTE
r-release-osx-x86_64-snowleopard 0.14 NOTE
r-release-windows-ix86+x86_64 0.14 5.00 37.00 42.00 NOTE
r-oldrel-windows-ix86+x86_64 0.14 6.00 41.00 47.00 OK

Check Details

Version: 0.14
Check: DESCRIPTION meta-information
Result: NOTE
    Malformed Title field: should not end in a period.
Flavors: r-devel-linux-x86_64-debian-clang, r-devel-linux-x86_64-debian-gcc, r-devel-linux-x86_64-fedora-clang, r-devel-linux-x86_64-fedora-gcc, r-devel-osx-x86_64-clang, r-devel-windows-ix86+x86_64, r-patched-linux-x86_64, r-patched-solaris-sparc, r-patched-solaris-x86, r-release-linux-x86_64, r-release-osx-x86_64-mavericks, r-release-osx-x86_64-snowleopard, r-release-windows-ix86+x86_64