CRAN Package Check Results for Package traitr

Last updated on 2014-09-01 19:46:38.

Flavor Version Tinstall Tcheck Ttotal Status Flags
r-devel-linux-x86_64-debian-clang 0.13 1.79 20.56 22.35 NOTE
r-devel-linux-x86_64-debian-gcc 0.13 1.67 19.96 21.63 NOTE
r-devel-linux-x86_64-fedora-clang 0.14 35.04 OK
r-devel-linux-x86_64-fedora-gcc 0.14 33.17 OK
r-devel-osx-x86_64-clang 0.14 41.44 OK
r-devel-windows-ix86+x86_64 0.13 7.00 32.00 39.00 NOTE
r-patched-linux-x86_64 0.13 1.91 21.65 23.56 NOTE
r-patched-solaris-sparc 0.14 307.40 OK
r-patched-solaris-x86 0.13 70.70 NOTE
r-release-linux-ix86 0.13 2.36 30.30 32.65 NOTE
r-release-linux-x86_64 0.13 1.78 21.93 23.71 NOTE
r-release-osx-x86_64-mavericks 0.13 NOTE
r-release-osx-x86_64-snowleopard 0.13 NOTE
r-release-windows-ix86+x86_64 0.13 5.00 36.00 41.00 NOTE
r-oldrel-windows-ix86+x86_64 0.13 6.00 38.00 44.00 NOTE

Check Details

Version: 0.13
Check: for hidden files and directories
Result: NOTE
    Found the following hidden files and directories:
     testing/.Rhistory
    These were most likely included in error. See section ‘Package
    structure’ in the ‘Writing R Extensions’ manual.
Flavors: r-devel-linux-x86_64-debian-clang, r-devel-linux-x86_64-debian-gcc, r-devel-windows-ix86+x86_64, r-patched-linux-x86_64, r-patched-solaris-x86, r-release-linux-ix86, r-release-linux-x86_64, r-release-osx-x86_64-mavericks, r-release-osx-x86_64-snowleopard, r-release-windows-ix86+x86_64, r-oldrel-windows-ix86+x86_64

Version: 0.13
Check: dependencies in R code
Result: NOTE
    Packages in Depends field not imported from:
     ‘digest’ ‘gWidgets’ ‘proto’
     These packages need to be imported from (in the NAMESPACE file)
     for when this namespace is loaded but not attached.
    See the information on DESCRIPTION files in the chapter ‘Creating R
    packages’ of the ‘Writing R Extensions’ manual.
Flavors: r-devel-linux-x86_64-debian-clang, r-devel-linux-x86_64-debian-gcc, r-devel-windows-ix86+x86_64, r-patched-linux-x86_64, r-patched-solaris-x86, r-release-linux-ix86, r-release-linux-x86_64, r-release-osx-x86_64-mavericks, r-release-windows-ix86+x86_64, r-oldrel-windows-ix86+x86_64

Version: 0.13
Check: R code for possible problems
Result: NOTE
    aContext : <anonymous> : <anonymous>: no visible global function
     definition for ‘is.proto’
    aNotebook : <anonymous>: no visible global function definition for
     ‘svalue<-’
    anExpandGroup : <anonymous>: no visible global function definition for
     ‘visible<-’
    buttonItem : <anonymous>: no visible global function definition for
     ‘addHandlerClicked’
    dataframeItem : <anonymous>: no visible global function definition for
     ‘addHandlerIdle’
    dataframeItem : <anonymous> : <anonymous>: no visible global function
     definition for ‘digest’
    loadingAnimation: no visible global function definition for ‘gwindow’
    loadingAnimation : <anonymous>: no visible global function definition
     for ‘dispose’
    loadingAnimation: no visible global function definition for ‘visible<-’
    tableItem : <anonymous>: no visible global function definition for
     ‘svalue’
Flavors: r-devel-linux-x86_64-debian-clang, r-devel-linux-x86_64-debian-gcc, r-devel-windows-ix86+x86_64

Version: 0.13
Check: for old-style vignette sources
Result: NOTE
    Vignette sources only in ‘inst/doc’:
     ‘traitr.Rnw’
    A ‘vignettes’ directory is required as from R 3.1.0
    and these will not be indexed nor checked
Flavors: r-devel-linux-x86_64-debian-clang, r-devel-linux-x86_64-debian-gcc, r-devel-windows-ix86+x86_64, r-patched-linux-x86_64, r-patched-solaris-x86, r-release-linux-ix86, r-release-linux-x86_64, r-release-osx-x86_64-mavericks, r-release-osx-x86_64-snowleopard, r-release-windows-ix86+x86_64

Version: 0.13
Check: package dependencies
Result: NOTE
    Package suggested but not available for checking: ‘RGtk2’
Flavor: r-release-osx-x86_64-mavericks

Version: 0.13
Check: for old-style vignette sources
Result: NOTE
    Vignette sources only in 'inst/doc':
     'traitr.Rnw'
    A 'vignettes' directory will be required as from R 3.1.0
Flavor: r-oldrel-windows-ix86+x86_64