CRAN Package Check Results for Package traitr

Last updated on 2014-11-24 16:47:25.

Flavor Version Tinstall Tcheck Ttotal Status Flags
r-devel-linux-x86_64-debian-clang 0.14 1.69 27.43 29.12 OK
r-devel-linux-x86_64-debian-gcc 0.14 1.64 26.64 28.28 OK
r-devel-linux-x86_64-fedora-clang 0.14 57.42 OK
r-devel-linux-x86_64-fedora-gcc 0.14 55.53 OK
r-devel-osx-x86_64-clang 0.14 55.03 OK
r-devel-windows-ix86+x86_64 0.14 5.00 40.00 45.00 OK
r-patched-linux-x86_64 0.14 1.64 27.90 29.54 OK
r-patched-solaris-sparc 0.14 307.40 OK
r-patched-solaris-x86 0.14 76.80 OK
r-release-linux-ix86 0.14 2.20 33.14 35.34 OK
r-release-linux-x86_64 0.14 1.68 27.66 29.35 OK
r-release-osx-x86_64-mavericks 0.14 NOTE
r-release-osx-x86_64-snowleopard 0.14 OK
r-release-windows-ix86+x86_64 0.14 5.00 42.00 47.00 OK
r-oldrel-windows-ix86+x86_64 0.14 5.00 43.00 48.00 OK

Check Details

Version: 0.14
Check: re-building of vignette outputs
Result: NOTE
    Error in re-building vignettes:
     ...
    Error in texi2dvi(file = file, pdf = TRUE, clean = clean, quiet = quiet, :
     Running 'texi2dvi' on 'traitr.tex' failed.
    LaTeX errors:
    ! LaTeX Error: File `relsize.sty' not found.
    
    Type X to quit or <RETURN> to proceed,
    or enter new name. (Default extension: sty)
    
    test/traitr/vignettes/traitr.tex:15: ==> Fatal error occurred, no output PDF f
    ile produced!
    Calls: buildVignettes -> texi2pdf -> texi2dvi
    Execution halted
Flavor: r-release-osx-x86_64-mavericks