CRAN Package Check Results for Package traitr

Last updated on 2016-08-27 21:47:03.

Flavor Version Tinstall Tcheck Ttotal Status Flags
r-devel-linux-x86_64-debian-clang 0.14 1.57 24.49 26.06 NOTE
r-devel-linux-x86_64-debian-gcc 0.14 1.48 24.39 25.87 NOTE
r-devel-linux-x86_64-fedora-clang 0.14 46.99 NOTE
r-devel-linux-x86_64-fedora-gcc 0.14 45.09 NOTE
r-devel-osx-x86_64-clang 0.14 38.12 NOTE
r-devel-windows-ix86+x86_64 0.14 7.00 46.00 53.00 NOTE
r-patched-linux-x86_64 0.14 1.39 24.57 25.96 NOTE
r-patched-solaris-sparc 0.14 282.40 NOTE
r-patched-solaris-x86 0.14 58.20 NOTE
r-release-linux-x86_64 0.14 1.60 24.53 26.13 NOTE
r-release-osx-x86_64-mavericks 0.14 NOTE
r-release-windows-ix86+x86_64 0.14 9.00 53.00 62.00 NOTE
r-oldrel-windows-ix86+x86_64 0.14 5.00 65.00 70.00 NOTE

Check Details

Version: 0.14
Check: DESCRIPTION meta-information
Result: NOTE
    Malformed Title field: should not end in a period.
Flavors: r-devel-linux-x86_64-debian-clang, r-devel-linux-x86_64-debian-gcc, r-devel-linux-x86_64-fedora-clang, r-devel-linux-x86_64-fedora-gcc, r-devel-osx-x86_64-clang, r-devel-windows-ix86+x86_64, r-patched-linux-x86_64, r-patched-solaris-sparc, r-patched-solaris-x86, r-release-linux-x86_64, r-release-osx-x86_64-mavericks, r-release-windows-ix86+x86_64, r-oldrel-windows-ix86+x86_64