CRAN Package Check Results for Package traitr

Last updated on 2016-12-09 17:54:26.

Flavor Version Tinstall Tcheck Ttotal Status Flags
r-devel-linux-x86_64-debian-clang 0.14 1.58 27.84 29.42 NOTE
r-devel-linux-x86_64-debian-gcc 0.14 1.56 27.98 29.54 NOTE
r-devel-linux-x86_64-fedora-clang 0.14 54.49 NOTE --no-stop-on-test-error
r-devel-linux-x86_64-fedora-gcc 0.14 52.52 NOTE --no-stop-on-test-error
r-devel-macos-x86_64-clang 0.14 42.31 NOTE --no-stop-on-test-error
r-devel-windows-ix86+x86_64 0.14 5.00 52.00 57.00 NOTE
r-patched-linux-x86_64 0.14 1.40 24.88 26.28 NOTE
r-patched-solaris-sparc 0.14 282.40 NOTE
r-patched-solaris-x86 0.14 57.40 NOTE
r-release-linux-x86_64 0.14 1.56 24.64 26.20 NOTE
r-release-osx-x86_64-mavericks 0.14 NOTE
r-release-windows-ix86+x86_64 0.14 5.00 66.00 71.00 NOTE
r-oldrel-windows-ix86+x86_64 0.14 10.00 48.00 58.00 NOTE

Check Details

Version: 0.14
Check: DESCRIPTION meta-information
Result: NOTE
    Malformed Title field: should not end in a period.
Flavors: r-devel-linux-x86_64-debian-clang, r-devel-linux-x86_64-debian-gcc, r-devel-windows-ix86+x86_64, r-patched-linux-x86_64, r-patched-solaris-sparc, r-patched-solaris-x86, r-release-linux-x86_64, r-release-osx-x86_64-mavericks, r-release-windows-ix86+x86_64, r-oldrel-windows-ix86+x86_64

Version: 0.14
Flags: --no-stop-on-test-error
Check: DESCRIPTION meta-information
Result: NOTE
    Malformed Title field: should not end in a period.
Flavors: r-devel-linux-x86_64-fedora-clang, r-devel-linux-x86_64-fedora-gcc, r-devel-macos-x86_64-clang