CRAN Package Check Results for Package traitr

Last updated on 2016-09-27 10:47:52.

Flavor Version Tinstall Tcheck Ttotal Status Flags
r-devel-linux-x86_64-debian-clang 0.14 1.51 24.66 26.17 NOTE
r-devel-linux-x86_64-debian-gcc 0.14 1.44 24.72 26.16 NOTE
r-devel-linux-x86_64-fedora-clang 0.14 47.28 NOTE
r-devel-linux-x86_64-fedora-gcc 0.14 44.39 NOTE
r-devel-macos-x86_64-clang 0.14 37.28 NOTE
r-devel-windows-ix86+x86_64 0.14 6.00 64.00 70.00 NOTE
r-patched-linux-x86_64 0.14 1.38 25.22 26.61 NOTE
r-patched-solaris-sparc 0.14 282.40 NOTE
r-patched-solaris-x86 0.14 58.50 NOTE
r-release-linux-x86_64 0.14 1.44 25.14 26.58 NOTE
r-release-osx-x86_64-mavericks 0.14 NOTE
r-release-windows-ix86+x86_64 0.14 8.00 66.00 74.00 NOTE
r-oldrel-windows-ix86+x86_64 0.14 12.00 64.00 76.00 NOTE

Check Details

Version: 0.14
Check: DESCRIPTION meta-information
Result: NOTE
    Malformed Title field: should not end in a period.
Flavors: r-devel-linux-x86_64-debian-clang, r-devel-linux-x86_64-debian-gcc, r-devel-linux-x86_64-fedora-clang, r-devel-linux-x86_64-fedora-gcc, r-devel-macos-x86_64-clang, r-devel-windows-ix86+x86_64, r-patched-linux-x86_64, r-patched-solaris-sparc, r-patched-solaris-x86, r-release-linux-x86_64, r-release-osx-x86_64-mavericks, r-release-windows-ix86+x86_64, r-oldrel-windows-ix86+x86_64