CRAN Package Check Results for Package traitr

Last updated on 2018-05-22 22:48:55 CEST.

Flavor Version Tinstall Tcheck Ttotal Status Flags
r-devel-linux-x86_64-debian-clang 0.14 3.57 44.24 47.81 NOTE
r-devel-linux-x86_64-debian-gcc 0.14 3.84 35.30 39.14 NOTE
r-devel-linux-x86_64-fedora-clang 0.14 60.63 NOTE
r-devel-linux-x86_64-fedora-gcc 0.14 58.39 NOTE
r-devel-windows-ix86+x86_64 0.14 11.00 73.00 84.00 NOTE
r-patched-linux-x86_64 0.14 3.68 42.10 45.78 NOTE
r-patched-solaris-x86 0.14 83.20 NOTE
r-release-linux-x86_64 0.14 4.84 42.17 47.01 NOTE
r-release-windows-ix86+x86_64 0.14 10.00 77.00 87.00 NOTE
r-release-osx-x86_64 0.14 NOTE
r-oldrel-windows-ix86+x86_64 0.14 8.00 54.00 62.00 NOTE
r-oldrel-osx-x86_64 0.14 NOTE

Check Details

Version: 0.14
Check: DESCRIPTION meta-information
Result: NOTE
    Malformed Title field: should not end in a period.
Flavors: r-devel-linux-x86_64-debian-clang, r-devel-linux-x86_64-debian-gcc, r-devel-linux-x86_64-fedora-clang, r-devel-linux-x86_64-fedora-gcc, r-devel-windows-ix86+x86_64, r-patched-linux-x86_64, r-patched-solaris-x86, r-release-linux-x86_64, r-release-windows-ix86+x86_64, r-release-osx-x86_64, r-oldrel-windows-ix86+x86_64, r-oldrel-osx-x86_64

Version: 0.14
Check: re-building of vignette outputs
Result: NOTE
    Error in re-building vignettes:
     ...
    Error in texi2dvi(file = file, pdf = TRUE, clean = clean, quiet = quiet, :
     Running 'texi2dvi' on 'traitr.tex' failed.
    LaTeX errors:
    ! LaTeX Error: File `relsize.sty' not found.
    
    Type X to quit or <RETURN> to proceed,
    or enter new name. (Default extension: sty)
    
    ! Emergency stop.
    <read *>
    
    l.15 \usepackage
     {amsmath} % for amslatex stuff^^M
    ! ==> Fatal error occurred, no output PDF file produced!
    Calls: buildVignettes -> texi2pdf -> texi2dvi
    Execution halted
Flavor: r-oldrel-osx-x86_64