CRAN Package Check Results for Package traitr

Last updated on 2017-03-23 23:51:16.

Flavor Version Tinstall Tcheck Ttotal Status Flags
r-devel-linux-x86_64-debian-clang 0.14 1.62 28.16 29.78 NOTE
r-devel-linux-x86_64-debian-gcc 0.14 1.57 28.39 29.96 NOTE
r-devel-linux-x86_64-fedora-clang 0.14 52.97 NOTE --no-stop-on-test-error
r-devel-linux-x86_64-fedora-gcc 0.14 51.23 NOTE --no-stop-on-test-error
r-devel-macos-x86_64-clang 0.14 42.28 NOTE --no-stop-on-test-error
r-devel-windows-ix86+x86_64 0.14 8.00 87.00 95.00 NOTE
r-patched-linux-x86_64 0.14 1.46 24.93 26.39 NOTE
r-patched-solaris-sparc 0.14 313.70 NOTE
r-patched-solaris-x86 0.14 68.80 NOTE
r-release-linux-x86_64 0.14 1.40 24.78 26.18 NOTE
r-release-osx-x86_64-mavericks 0.14 NOTE
r-release-windows-ix86+x86_64 0.14 9.00 50.00 59.00 NOTE
r-oldrel-windows-ix86+x86_64 0.14 10.00 65.00 75.00 NOTE

Check Details

Version: 0.14
Check: DESCRIPTION meta-information
Result: NOTE
    Malformed Title field: should not end in a period.
Flavors: r-devel-linux-x86_64-debian-clang, r-devel-linux-x86_64-debian-gcc, r-devel-windows-ix86+x86_64, r-patched-linux-x86_64, r-patched-solaris-sparc, r-patched-solaris-x86, r-release-linux-x86_64, r-release-osx-x86_64-mavericks, r-release-windows-ix86+x86_64, r-oldrel-windows-ix86+x86_64

Version: 0.14
Flags: --no-stop-on-test-error
Check: DESCRIPTION meta-information
Result: NOTE
    Malformed Title field: should not end in a period.
Flavors: r-devel-linux-x86_64-fedora-clang, r-devel-linux-x86_64-fedora-gcc, r-devel-macos-x86_64-clang