CRAN Package Check Results for Package traitr

Last updated on 2014-12-22 05:48:44.

Flavor Version Tinstall Tcheck Ttotal Status Flags
r-devel-linux-x86_64-debian-clang 0.14 1.80 26.56 28.36 OK
r-devel-linux-x86_64-debian-gcc 0.14 1.67 25.60 27.27 OK
r-devel-linux-x86_64-fedora-clang 0.14 60.04 OK
r-devel-linux-x86_64-fedora-gcc 0.14 55.62 OK
r-devel-osx-x86_64-clang 0.14 54.10 OK
r-devel-windows-ix86+x86_64 0.14 6.00 44.00 50.00 OK
r-patched-linux-x86_64 0.14 1.74 26.57 28.31 OK
r-patched-solaris-sparc 0.14 307.40 OK
r-patched-solaris-x86 0.14 75.90 OK
r-release-linux-ix86 0.14 2.16 33.24 35.41 OK
r-release-linux-x86_64 0.14 1.68 26.44 28.12 OK
r-release-osx-x86_64-mavericks 0.14 NOTE
r-release-osx-x86_64-snowleopard 0.14 OK
r-release-windows-ix86+x86_64 0.14 6.00 48.00 54.00 OK
r-oldrel-windows-ix86+x86_64 0.14 6.00 46.00 52.00 OK

Check Details

Version: 0.14
Check: re-building of vignette outputs
Result: NOTE
    Error in re-building vignettes:
     ...
    Error in texi2dvi(file = file, pdf = TRUE, clean = clean, quiet = quiet, :
     Running 'texi2dvi' on 'traitr.tex' failed.
    LaTeX errors:
    ! LaTeX Error: File `relsize.sty' not found.
    
    Type X to quit or <RETURN> to proceed,
    or enter new name. (Default extension: sty)
    
    test/traitr/vignettes/traitr.tex:15: ==> Fatal error occurred, no output PDF f
    ile produced!
    Calls: buildVignettes -> texi2pdf -> texi2dvi
    Execution halted
Flavor: r-release-osx-x86_64-mavericks