CRAN Package Check Results for Package traitr

Last updated on 2014-04-23 20:47:24.

Flavor Version Tinstall Tcheck Ttotal Status Flags
r-devel-linux-x86_64-debian-clang 0.13 1.86 23.33 25.19 NOTE
r-devel-linux-x86_64-debian-gcc 0.13 1.81 23.06 24.86 NOTE
r-devel-linux-x86_64-fedora-clang 0.13 55.67 NOTE
r-devel-linux-x86_64-fedora-gcc 0.13 53.26 NOTE
r-devel-osx-x86_64-clang 0.13 49.29 NOTE
r-devel-osx-x86_64-gcc 0.13 NOTE
r-devel-windows-ix86+x86_64 0.13 5.00 35.00 40.00 NOTE
r-patched-linux-x86_64 0.13 1.82 23.10 24.92 NOTE
r-patched-solaris-sparc 0.13 279.20 NOTE
r-patched-solaris-x86 0.13 72.50 NOTE
r-release-linux-ix86 0.13 3.00 42.00 45.00 NOTE
r-release-linux-x86_64 0.13 1.97 23.10 25.07 NOTE
r-release-osx-x86_64-mavericks 0.13 WARN
r-release-osx-x86_64-snowleopard 0.13 NOTE
r-release-windows-ix86+x86_64 0.13 9.00 37.00 46.00 NOTE
r-oldrel-windows-ix86+x86_64 0.13 5.00 39.00 44.00 NOTE

Check Details

Version: 0.13
Check: for hidden files and directories
Result: NOTE
    Found the following hidden files and directories:
     testing/.Rhistory
    These were most likely included in error. See section ‘Package
    structure’ in the ‘Writing R Extensions’ manual.
Flavors: r-devel-linux-x86_64-debian-clang, r-devel-linux-x86_64-debian-gcc, r-devel-linux-x86_64-fedora-clang, r-devel-linux-x86_64-fedora-gcc, r-devel-osx-x86_64-clang, r-devel-osx-x86_64-gcc, r-devel-windows-ix86+x86_64, r-patched-linux-x86_64, r-patched-solaris-sparc, r-patched-solaris-x86, r-release-linux-ix86, r-release-linux-x86_64, r-release-osx-x86_64-mavericks, r-release-osx-x86_64-snowleopard, r-release-windows-ix86+x86_64, r-oldrel-windows-ix86+x86_64

Version: 0.13
Check: dependencies in R code
Result: NOTE
    Packages in Depends field not imported from:
     ‘digest’ ‘gWidgets’ ‘proto’
     These packages need to be imported from (in the NAMESPACE file)
     for when this namespace is loaded but not attached.
    See the information on DESCRIPTION files in the chapter ‘Creating R
    packages’ of the ‘Writing R Extensions’ manual.
Flavors: r-devel-linux-x86_64-debian-clang, r-devel-linux-x86_64-debian-gcc, r-devel-linux-x86_64-fedora-clang, r-devel-linux-x86_64-fedora-gcc, r-devel-osx-x86_64-clang, r-devel-osx-x86_64-gcc, r-devel-windows-ix86+x86_64, r-patched-linux-x86_64, r-patched-solaris-sparc, r-patched-solaris-x86, r-release-linux-ix86, r-release-linux-x86_64, r-release-osx-x86_64-mavericks, r-release-windows-ix86+x86_64, r-oldrel-windows-ix86+x86_64

Version: 0.13
Check: for old-style vignette sources
Result: NOTE
    Vignette sources only in ‘inst/doc’:
     ‘traitr.Rnw’
    A ‘vignettes’ directory is required as from R 3.1.0
    and these will not be indexed nor checked
Flavors: r-devel-linux-x86_64-debian-clang, r-devel-linux-x86_64-debian-gcc, r-devel-linux-x86_64-fedora-clang, r-devel-linux-x86_64-fedora-gcc, r-devel-osx-x86_64-clang, r-devel-osx-x86_64-gcc, r-devel-windows-ix86+x86_64, r-patched-linux-x86_64, r-patched-solaris-sparc, r-patched-solaris-x86, r-release-linux-ix86, r-release-linux-x86_64, r-release-osx-x86_64-mavericks, r-release-osx-x86_64-snowleopard, r-release-windows-ix86+x86_64

Version: 0.13
Check: top-level files
Result: NOTE
    Non-standard files/directories found at top level:
     ‘TODO.txt’ ‘testing’
Flavors: r-devel-linux-x86_64-fedora-clang, r-devel-linux-x86_64-fedora-gcc

Version: 0.13
Check: Rd line widths
Result: NOTE
    Rd file 'aDialog.Rd':
     \examples lines wider than 100 characters:
     n$validate <- function(., rawvalue) if(rawvalue <= 1) stop("n must be positive integer") else rawvalue
     ## but [[<- might be more natural to use. In this example, The "b" button does not work, as it can't find the
    
    Rd file 'aPanedGroup.Rd':
     \examples lines wider than 100 characters:
     j <- aDialog(items=list(x=numericItem(1), y=stringItem("a"), z=trueFalseItem(TRUE, label="check me")))
    
    These lines will be truncated in the PDF manual.
Flavors: r-devel-linux-x86_64-fedora-clang, r-devel-linux-x86_64-fedora-gcc

Version: 0.13
Check: package dependencies
Result: NOTE
    Package suggested but not available for checking: ‘RGtk2’
Flavor: r-release-osx-x86_64-mavericks

Version: 0.13
Check: PDF version of manual
Result: WARNING
    LaTeX errors when creating PDF version.
    This typically indicates Rd problems.
    LaTeX errors found:
    ! LaTeX Error: File `upquote.sty' not found.
    
    Type X to quit or <RETURN> to proceed,
    or enter new name. (Default extension: sty)
    
    435668f2/Rd2.tex:8: ==> Fatal error occurred, no output PDF file produced!
Flavor: r-release-osx-x86_64-mavericks

Version: 0.13
Check: for old-style vignette sources
Result: NOTE
    Vignette sources only in 'inst/doc':
     'traitr.Rnw'
    A 'vignettes' directory will be required as from R 3.1.0
Flavor: r-oldrel-windows-ix86+x86_64