CRAN Package Check Results for Package traitr

Last updated on 2014-07-22 10:47:27.

Flavor Version Tinstall Tcheck Ttotal Status Flags
r-devel-linux-x86_64-debian-clang 0.13 1.77 21.69 23.46 NOTE
r-devel-linux-x86_64-debian-gcc 0.13 1.75 21.56 23.31 NOTE
r-devel-linux-x86_64-fedora-clang 0.13 55.98 NOTE
r-devel-linux-x86_64-fedora-gcc 0.13 52.31 NOTE
r-devel-osx-x86_64-clang 0.13 46.72 NOTE
r-devel-windows-ix86+x86_64 0.13 6.00 32.00 38.00 NOTE
r-patched-linux-x86_64 0.13 1.72 21.36 23.07 NOTE
r-patched-solaris-sparc 0.13 279.20 NOTE
r-patched-solaris-x86 0.13 71.60 NOTE
r-release-linux-ix86 0.13 2.43 30.54 32.98 NOTE
r-release-linux-x86_64 0.13 1.78 22.02 23.79 NOTE
r-release-osx-x86_64-mavericks 0.13 NOTE
r-release-osx-x86_64-snowleopard 0.13 NOTE
r-release-windows-ix86+x86_64 0.13 6.00 33.00 39.00 NOTE
r-oldrel-windows-ix86+x86_64 0.13 6.00 36.00 42.00 NOTE

Check Details

Version: 0.13
Check: for hidden files and directories
Result: NOTE
    Found the following hidden files and directories:
     testing/.Rhistory
    These were most likely included in error. See section ‘Package
    structure’ in the ‘Writing R Extensions’ manual.
Flavors: r-devel-linux-x86_64-debian-clang, r-devel-linux-x86_64-debian-gcc, r-devel-linux-x86_64-fedora-clang, r-devel-linux-x86_64-fedora-gcc, r-devel-osx-x86_64-clang, r-devel-windows-ix86+x86_64, r-patched-linux-x86_64, r-patched-solaris-sparc, r-patched-solaris-x86, r-release-linux-ix86, r-release-linux-x86_64, r-release-osx-x86_64-mavericks, r-release-osx-x86_64-snowleopard, r-release-windows-ix86+x86_64, r-oldrel-windows-ix86+x86_64

Version: 0.13
Check: dependencies in R code
Result: NOTE
    Packages in Depends field not imported from:
     ‘digest’ ‘gWidgets’ ‘proto’
     These packages need to be imported from (in the NAMESPACE file)
     for when this namespace is loaded but not attached.
    See the information on DESCRIPTION files in the chapter ‘Creating R
    packages’ of the ‘Writing R Extensions’ manual.
Flavors: r-devel-linux-x86_64-debian-clang, r-devel-linux-x86_64-debian-gcc, r-devel-linux-x86_64-fedora-clang, r-devel-linux-x86_64-fedora-gcc, r-devel-osx-x86_64-clang, r-devel-windows-ix86+x86_64, r-patched-linux-x86_64, r-patched-solaris-sparc, r-patched-solaris-x86, r-release-linux-ix86, r-release-linux-x86_64, r-release-osx-x86_64-mavericks, r-release-windows-ix86+x86_64, r-oldrel-windows-ix86+x86_64

Version: 0.13
Check: for old-style vignette sources
Result: NOTE
    Vignette sources only in ‘inst/doc’:
     ‘traitr.Rnw’
    A ‘vignettes’ directory is required as from R 3.1.0
    and these will not be indexed nor checked
Flavors: r-devel-linux-x86_64-debian-clang, r-devel-linux-x86_64-debian-gcc, r-devel-linux-x86_64-fedora-clang, r-devel-linux-x86_64-fedora-gcc, r-devel-osx-x86_64-clang, r-devel-windows-ix86+x86_64, r-patched-linux-x86_64, r-patched-solaris-sparc, r-patched-solaris-x86, r-release-linux-ix86, r-release-linux-x86_64, r-release-osx-x86_64-mavericks, r-release-osx-x86_64-snowleopard, r-release-windows-ix86+x86_64

Version: 0.13
Check: top-level files
Result: NOTE
    Non-standard files/directories found at top level:
     ‘TODO.txt’ ‘testing’
Flavors: r-devel-linux-x86_64-fedora-clang, r-devel-linux-x86_64-fedora-gcc

Version: 0.13
Check: Rd line widths
Result: NOTE
    Rd file 'aDialog.Rd':
     \examples lines wider than 100 characters:
     n$validate <- function(., rawvalue) if(rawvalue <= 1) stop("n must be positive integer") else rawvalue
     ## but [[<- might be more natural to use. In this example, The "b" button does not work, as it can't find the
    
    Rd file 'aPanedGroup.Rd':
     \examples lines wider than 100 characters:
     j <- aDialog(items=list(x=numericItem(1), y=stringItem("a"), z=trueFalseItem(TRUE, label="check me")))
    
    These lines will be truncated in the PDF manual.
Flavors: r-devel-linux-x86_64-fedora-clang, r-devel-linux-x86_64-fedora-gcc

Version: 0.13
Check: package dependencies
Result: NOTE
    Package suggested but not available for checking: ‘RGtk2’
Flavor: r-release-osx-x86_64-mavericks

Version: 0.13
Check: for old-style vignette sources
Result: NOTE
    Vignette sources only in 'inst/doc':
     'traitr.Rnw'
    A 'vignettes' directory will be required as from R 3.1.0
Flavor: r-oldrel-windows-ix86+x86_64