CRAN Package Check Results for Package traitr

Last updated on 2016-05-26 23:50:10.

Flavor Version Tinstall Tcheck Ttotal Status Flags
r-devel-linux-x86_64-debian-gcc 0.14 1.53 24.78 26.32 NOTE
r-devel-linux-x86_64-fedora-clang 0.14 44.92 NOTE
r-devel-linux-x86_64-fedora-gcc 0.14 42.21 NOTE
r-devel-osx-x86_64-clang 0.14 49.48 NOTE
r-devel-windows-ix86+x86_64 0.14 7.00 50.00 57.00 NOTE
r-patched-linux-x86_64 0.14 1.40 24.88 26.27 NOTE
r-patched-solaris-sparc 0.14 283.20 NOTE
r-patched-solaris-x86 0.14 62.40 NOTE
r-release-linux-x86_64 0.14 1.39 24.44 25.83 NOTE
r-release-osx-x86_64-mavericks 0.14 NOTE
r-release-windows-ix86+x86_64 0.14 7.00 48.00 55.00 NOTE
r-oldrel-windows-ix86+x86_64 0.14 5.00 65.00 70.00 NOTE

Check Details

Version: 0.14
Check: DESCRIPTION meta-information
Result: NOTE
    Malformed Title field: should not end in a period.
Flavors: r-devel-linux-x86_64-debian-gcc, r-devel-linux-x86_64-fedora-clang, r-devel-linux-x86_64-fedora-gcc, r-devel-osx-x86_64-clang, r-devel-windows-ix86+x86_64, r-patched-linux-x86_64, r-patched-solaris-sparc, r-patched-solaris-x86, r-release-linux-x86_64, r-release-osx-x86_64-mavericks, r-release-windows-ix86+x86_64, r-oldrel-windows-ix86+x86_64