CRAN Package Check Results for Package traitr

Last updated on 2015-03-02 19:52:31.

Flavor Version Tinstall Tcheck Ttotal Status Flags
r-devel-linux-x86_64-debian-clang 0.14 1.62 24.33 25.95 NOTE
r-devel-linux-x86_64-debian-gcc 0.14 1.48 24.13 25.61 NOTE
r-devel-linux-x86_64-fedora-clang 0.14 50.74 NOTE
r-devel-linux-x86_64-fedora-gcc 0.14 48.15 NOTE
r-devel-osx-x86_64-clang 0.14 50.11 NOTE
r-devel-windows-ix86+x86_64 0.14 11.00 54.00 65.00 NOTE
r-patched-linux-x86_64 0.14 1.90 27.41 29.31 OK
r-patched-solaris-sparc 0.14 322.90 OK
r-patched-solaris-x86 0.14 76.90 OK
r-release-linux-ix86 0.14 2.50 41.92 44.42 OK
r-release-linux-x86_64 0.14 1.85 26.40 28.25 OK
r-release-osx-x86_64-mavericks 0.14 OK
r-release-osx-x86_64-snowleopard 0.14 OK
r-release-windows-ix86+x86_64 0.14 11.00 48.00 59.00 OK
r-oldrel-windows-ix86+x86_64 0.14 6.00 46.00 52.00 OK

Check Details

Version: 0.14
Check: DESCRIPTION meta-information
Result: NOTE
    Malformed Title field: should not end in a period.
Flavors: r-devel-linux-x86_64-debian-clang, r-devel-linux-x86_64-debian-gcc, r-devel-linux-x86_64-fedora-clang, r-devel-linux-x86_64-fedora-gcc, r-devel-osx-x86_64-clang, r-devel-windows-ix86+x86_64