CRAN Package Check Results for Package traitr

Last updated on 2015-07-29 23:47:32.

Flavor Version Tinstall Tcheck Ttotal Status Flags
r-devel-linux-x86_64-debian-clang 0.14 1.50 24.23 25.73 NOTE
r-devel-linux-x86_64-debian-gcc 0.14 1.47 23.60 25.07 NOTE
r-devel-linux-x86_64-fedora-clang 0.14 50.59 NOTE
r-devel-linux-x86_64-fedora-gcc 0.14 47.97 NOTE
r-devel-osx-x86_64-clang 0.14 41.11 NOTE
r-devel-windows-ix86+x86_64 0.14 11.00 40.00 51.00 NOTE
r-patched-linux-x86_64 0.14 1.48 23.94 25.42 NOTE
r-patched-solaris-sparc 0.14 307.70 NOTE
r-patched-solaris-x86 0.14 68.40 NOTE
r-release-linux-x86_64 0.14 1.50 24.03 25.53 NOTE
r-release-osx-x86_64-mavericks 0.14 NOTE
r-release-windows-ix86+x86_64 0.14 7.00 41.00 48.00 NOTE
r-oldrel-windows-ix86+x86_64 0.14 8.00 47.00 55.00 OK

Check Details

Version: 0.14
Check: DESCRIPTION meta-information
Result: NOTE
    Malformed Title field: should not end in a period.
Flavors: r-devel-linux-x86_64-debian-clang, r-devel-linux-x86_64-debian-gcc, r-devel-linux-x86_64-fedora-clang, r-devel-linux-x86_64-fedora-gcc, r-devel-osx-x86_64-clang, r-devel-windows-ix86+x86_64, r-patched-linux-x86_64, r-patched-solaris-sparc, r-patched-solaris-x86, r-release-linux-x86_64, r-release-osx-x86_64-mavericks, r-release-windows-ix86+x86_64