CRAN Package Check Results for Package traitr

Last updated on 2017-02-27 11:48:57.

Flavor Version Tinstall Tcheck Ttotal Status Flags
r-devel-linux-x86_64-debian-clang 0.14 1.65 35.59 37.24 NOTE
r-devel-linux-x86_64-debian-gcc 0.14 1.64 27.81 29.44 NOTE
r-devel-linux-x86_64-fedora-clang 0.14 60.17 NOTE --no-stop-on-test-error
r-devel-linux-x86_64-fedora-gcc 0.14 52.73 NOTE --no-stop-on-test-error
r-devel-macos-x86_64-clang 0.14 45.39 NOTE --no-stop-on-test-error
r-devel-windows-ix86+x86_64 0.14 8.00 75.00 83.00 NOTE
r-patched-linux-x86_64 0.14 1.38 24.73 26.11 NOTE
r-patched-solaris-sparc 0.14 282.00 NOTE
r-patched-solaris-x86 0.14 57.70 NOTE
r-release-linux-x86_64 0.14 1.40 25.12 26.52 NOTE
r-release-osx-x86_64-mavericks 0.14 NOTE
r-release-windows-ix86+x86_64 0.14 15.00 48.00 63.00 NOTE
r-oldrel-windows-ix86+x86_64 0.14 11.00 106.00 117.00 NOTE

Check Details

Version: 0.14
Check: DESCRIPTION meta-information
Result: NOTE
    Malformed Title field: should not end in a period.
Flavors: r-devel-linux-x86_64-debian-clang, r-devel-linux-x86_64-debian-gcc, r-devel-windows-ix86+x86_64, r-patched-linux-x86_64, r-patched-solaris-sparc, r-patched-solaris-x86, r-release-linux-x86_64, r-release-osx-x86_64-mavericks, r-release-windows-ix86+x86_64, r-oldrel-windows-ix86+x86_64

Version: 0.14
Flags: --no-stop-on-test-error
Check: DESCRIPTION meta-information
Result: NOTE
    Malformed Title field: should not end in a period.
Flavors: r-devel-linux-x86_64-fedora-clang, r-devel-linux-x86_64-fedora-gcc, r-devel-macos-x86_64-clang