CRAN Package Check Results for Package traitr

Last updated on 2015-08-31 12:48:05.

Flavor Version Tinstall Tcheck Ttotal Status Flags
r-devel-linux-x86_64-debian-clang 0.14 1.53 23.02 24.54 NOTE
r-devel-linux-x86_64-debian-gcc 0.14 1.39 22.66 24.05 NOTE
r-devel-linux-x86_64-fedora-clang 0.14 47.97 NOTE
r-devel-linux-x86_64-fedora-gcc 0.14 44.55 NOTE
r-devel-osx-x86_64-clang 0.14 40.88 NOTE
r-devel-windows-ix86+x86_64 0.14 7.00 45.00 52.00 NOTE
r-patched-linux-x86_64 0.14 1.50 23.62 25.12 NOTE
r-patched-solaris-sparc 0.14 307.70 NOTE
r-patched-solaris-x86 0.14 68.80 NOTE
r-release-linux-x86_64 0.14 1.58 24.38 25.96 NOTE
r-release-osx-x86_64-mavericks 0.14 NOTE
r-release-windows-ix86+x86_64 0.14 8.00 46.00 54.00 NOTE
r-oldrel-windows-ix86+x86_64 0.14 9.00 49.00 58.00 OK

Check Details

Version: 0.14
Check: DESCRIPTION meta-information
Result: NOTE
    Malformed Title field: should not end in a period.
Flavors: r-devel-linux-x86_64-debian-clang, r-devel-linux-x86_64-debian-gcc, r-devel-linux-x86_64-fedora-clang, r-devel-linux-x86_64-fedora-gcc, r-devel-osx-x86_64-clang, r-devel-windows-ix86+x86_64, r-patched-linux-x86_64, r-patched-solaris-sparc, r-patched-solaris-x86, r-release-linux-x86_64, r-release-osx-x86_64-mavericks, r-release-windows-ix86+x86_64