CRAN Package Check Results for Package traitr

Last updated on 2016-07-25 12:49:59.

Flavor Version Tinstall Tcheck Ttotal Status Flags
r-devel-linux-x86_64-debian-clang 0.14 1.70 29.64 31.33 NOTE
r-devel-linux-x86_64-debian-gcc 0.14 1.80 29.71 31.50 NOTE
r-devel-linux-x86_64-fedora-clang 0.14 45.21 NOTE
r-devel-linux-x86_64-fedora-gcc 0.14 42.40 NOTE
r-devel-osx-x86_64-clang 0.14 37.99 NOTE
r-devel-windows-ix86+x86_64 0.14 6.00 50.00 56.00 NOTE
r-patched-linux-x86_64 0.14 1.73 29.32 31.05 NOTE
r-patched-solaris-sparc 0.14 282.40 NOTE
r-patched-solaris-x86 0.14 57.40 NOTE
r-release-linux-x86_64 0.14 1.89 29.80 31.68 NOTE
r-release-osx-x86_64-mavericks 0.14 NOTE
r-release-windows-ix86+x86_64 0.14 5.00 53.00 58.00 NOTE
r-oldrel-windows-ix86+x86_64 0.14 9.00 69.00 78.00 NOTE

Check Details

Version: 0.14
Check: DESCRIPTION meta-information
Result: NOTE
    Malformed Title field: should not end in a period.
Flavors: r-devel-linux-x86_64-debian-clang, r-devel-linux-x86_64-debian-gcc, r-devel-linux-x86_64-fedora-clang, r-devel-linux-x86_64-fedora-gcc, r-devel-osx-x86_64-clang, r-devel-windows-ix86+x86_64, r-patched-linux-x86_64, r-patched-solaris-sparc, r-patched-solaris-x86, r-release-linux-x86_64, r-release-osx-x86_64-mavericks, r-release-windows-ix86+x86_64, r-oldrel-windows-ix86+x86_64