CRAN Package Check Results for Package traitr

Last updated on 2017-04-28 23:52:50.

Flavor Version Tinstall Tcheck Ttotal Status Flags
r-devel-linux-x86_64-debian-clang 0.14 1.63 27.69 29.32 NOTE
r-devel-linux-x86_64-debian-gcc 0.14 1.72 27.60 29.32 NOTE
r-devel-linux-x86_64-fedora-clang 0.14 56.21 NOTE --no-stop-on-test-error
r-devel-linux-x86_64-fedora-gcc 0.14 51.07 NOTE --no-stop-on-test-error
r-devel-windows-ix86+x86_64 0.14 5.00 71.00 76.00 NOTE
r-patched-linux-x86_64 0.14 1.54 27.88 29.42 NOTE
r-patched-solaris-sparc 0.14 313.70 NOTE
r-patched-solaris-x86 0.14 66.40 NOTE
r-release-linux-x86_64 0.14 1.62 28.02 29.64 NOTE
r-release-windows-ix86+x86_64 0.14 12.00 56.00 68.00 NOTE
r-release-osx-x86_64 0.14 NOTE
r-oldrel-windows-ix86+x86_64 0.14 9.00 53.00 62.00 NOTE
r-oldrel-osx-x86_64 0.14 NOTE

Check Details

Version: 0.14
Check: DESCRIPTION meta-information
Result: NOTE
    Malformed Title field: should not end in a period.
Flavors: r-devel-linux-x86_64-debian-clang, r-devel-linux-x86_64-debian-gcc, r-devel-windows-ix86+x86_64, r-patched-linux-x86_64, r-patched-solaris-sparc, r-patched-solaris-x86, r-release-linux-x86_64, r-release-windows-ix86+x86_64, r-release-osx-x86_64, r-oldrel-windows-ix86+x86_64, r-oldrel-osx-x86_64

Version: 0.14
Flags: --no-stop-on-test-error
Check: DESCRIPTION meta-information
Result: NOTE
    Malformed Title field: should not end in a period.
Flavors: r-devel-linux-x86_64-fedora-clang, r-devel-linux-x86_64-fedora-gcc

Version: 0.14
Check: re-building of vignette outputs
Result: NOTE
    Error in re-building vignettes:
     ...
    Error in texi2dvi(file = file, pdf = TRUE, clean = clean, quiet = quiet, :
     Running 'texi2dvi' on 'traitr.tex' failed.
    LaTeX errors:
    ! LaTeX Error: File `relsize.sty' not found.
    
    Type X to quit or <RETURN> to proceed,
    or enter new name. (Default extension: sty)
    
    ! Emergency stop.
    <read *>
    
    l.15 \usepackage
     {amsmath} % for amslatex stuff^^M
    ! ==> Fatal error occurred, no output PDF file produced!
    Calls: buildVignettes -> texi2pdf -> texi2dvi
    Execution halted
Flavor: r-release-osx-x86_64