CRAN Package Check Results for Package trajeR

Last updated on 2022-11-28 23:53:34 CET.

Flavor Version Tinstall Tcheck Ttotal Status Flags
r-devel-linux-x86_64-debian-clang 0.9.0.5 338.10 79.24 417.34 OK
r-devel-linux-x86_64-debian-gcc 0.9.0.5 237.81 58.35 296.16 OK
r-devel-linux-x86_64-fedora-clang 0.9.0.5 604.59 OK
r-devel-linux-x86_64-fedora-gcc 0.9.0.5 513.20 OK
r-devel-windows-x86_64 0.9.0.5 206.00 130.00 336.00 OK
r-patched-linux-x86_64 0.9.0.5 257.48 73.87 331.35 OK
r-release-linux-x86_64 0.9.0.5 252.44 73.00 325.44 OK
r-release-macos-arm64 0.9.0.5 104.00 NOTE
r-release-macos-x86_64 0.9.0.5 151.00 NOTE
r-release-windows-x86_64 0.9.0.5 208.00 129.00 337.00 OK
r-oldrel-macos-arm64 0.9.0.5 103.00 NOTE
r-oldrel-macos-x86_64 0.9.0.5 148.00 NOTE
r-oldrel-windows-ix86+x86_64 0.9.0.5 603.00 138.00 741.00 NOTE

Check Details

Version: 0.9.0.5
Check: installed package size
Result: NOTE
     installed size is 17.8Mb
     sub-directories of 1Mb or more:
     libs 17.1Mb
Flavors: r-release-macos-arm64, r-release-macos-x86_64, r-oldrel-macos-arm64, r-oldrel-macos-x86_64, r-oldrel-windows-ix86+x86_64