Last updated on 2023-12-09 19:54:28 CET.
Flavor | Version | Tinstall | Tcheck | Ttotal | Status | Flags |
---|---|---|---|---|---|---|
r-devel-linux-x86_64-debian-clang | 0.9.0.5 | 369.94 | 79.36 | 449.30 | WARN | |
r-devel-linux-x86_64-debian-gcc | 0.9.0.5 | 224.95 | 59.19 | 284.14 | NOTE | |
r-devel-linux-x86_64-fedora-clang | 0.9.0.5 | 636.88 | WARN | |||
r-devel-linux-x86_64-fedora-gcc | 0.9.0.5 | 516.92 | NOTE | |||
r-devel-windows-x86_64 | 0.9.0.5 | 204.00 | 98.00 | 302.00 | NOTE | |
r-patched-linux-x86_64 | 0.9.0.5 | 264.10 | 77.94 | 342.04 | NOTE | |
r-release-linux-x86_64 | 0.9.0.5 | 254.72 | 75.50 | 330.22 | NOTE | |
r-release-macos-arm64 | 0.9.0.5 | 112.00 | NOTE | |||
r-release-macos-x86_64 | 0.9.0.5 | 218.00 | NOTE | |||
r-release-windows-x86_64 | 0.9.0.5 | 268.00 | 121.00 | 389.00 | NOTE | |
r-oldrel-macos-arm64 | 0.9.0.5 | 114.00 | NOTE | |||
r-oldrel-macos-x86_64 | 0.9.0.5 | 151.00 | NOTE | |||
r-oldrel-windows-x86_64 | 0.9.0.5 | 247.00 | 109.00 | 356.00 | OK |
Version: 0.9.0.5
Check: whether package can be installed
Result: WARN
Found the following significant warnings:
RcppExports.cpp:56:18: warning: format string is not a string literal (potentially insecure) [-Wformat-security]
RcppExports.cpp:100:18: warning: format string is not a string literal (potentially insecure) [-Wformat-security]
RcppExports.cpp:144:18: warning: format string is not a string literal (potentially insecure) [-Wformat-security]
RcppExports.cpp:189:18: warning: format string is not a string literal (potentially insecure) [-Wformat-security]
RcppExports.cpp:238:18: warning: format string is not a string literal (potentially insecure) [-Wformat-security]
RcppExports.cpp:286:18: warning: format string is not a string literal (potentially insecure) [-Wformat-security]
RcppExports.cpp:332:18: warning: format string is not a string literal (potentially insecure) [-Wformat-security]
RcppExports.cpp:378:18: warning: format string is not a string literal (potentially insecure) [-Wformat-security]
RcppExports.cpp:424:18: warning: format string is not a string literal (potentially insecure) [-Wformat-security]
RcppExports.cpp:469:18: warning: format string is not a string literal (potentially insecure) [-Wformat-security]
RcppExports.cpp:515:18: warning: format string is not a string literal (potentially insecure) [-Wformat-security]
RcppExports.cpp:563:18: warning: format string is not a string literal (potentially insecure) [-Wformat-security]
RcppExports.cpp:611:18: warning: format string is not a string literal (potentially insecure) [-Wformat-security]
RcppExports.cpp:659:18: warning: format string is not a string literal (potentially insecure) [-Wformat-security]
RcppExports.cpp:707:18: warning: format string is not a string literal (potentially insecure) [-Wformat-security]
RcppExports.cpp:755:18: warning: format string is not a string literal (potentially insecure) [-Wformat-security]
RcppExports.cpp:816:18: warning: format string is not a string literal (potentially insecure) [-Wformat-security]
RcppExports.cpp:858:18: warning: format string is not a string literal (potentially insecure) [-Wformat-security]
RcppExports.cpp:897:18: warning: format string is not a string literal (potentially insecure) [-Wformat-security]
RcppExports.cpp:936:18: warning: format string is not a string literal (potentially insecure) [-Wformat-security]
RcppExports.cpp:975:18: warning: format string is not a string literal (potentially insecure) [-Wformat-security]
RcppExports.cpp:1017:18: warning: format string is not a string literal (potentially insecure) [-Wformat-security]
RcppExports.cpp:1080:18: warning: format string is not a string literal (potentially insecure) [-Wformat-security]
RcppExports.cpp:1123:18: warning: format string is not a string literal (potentially insecure) [-Wformat-security]
RcppExports.cpp:1166:18: warning: format string is not a string literal (potentially insecure) [-Wformat-security]
RcppExports.cpp:1211:18: warning: format string is not a string literal (potentially insecure) [-Wformat-security]
RcppExports.cpp:1254:18: warning: format string is not a string literal (potentially insecure) [-Wformat-security]
RcppExports.cpp:1300:18: warning: format string is not a string literal (potentially insecure) [-Wformat-security]
RcppExports.cpp:1346:18: warning: format string is not a string literal (potentially insecure) [-Wformat-security]
RcppExports.cpp:1388:18: warning: format string is not a string literal (potentially insecure) [-Wformat-security]
RcppExports.cpp:1434:18: warning: format string is not a string literal (potentially insecure) [-Wformat-security]
RcppExports.cpp:1477:18: warning: format string is not a string literal (potentially insecure) [-Wformat-security]
RcppExports.cpp:1520:18: warning: format string is not a string literal (potentially insecure) [-Wformat-security]
RcppExports.cpp:1564:18: warning: format string is not a string literal (potentially insecure) [-Wformat-security]
RcppExports.cpp:1608:18: warning: format string is not a string literal (potentially insecure) [-Wformat-security]
RcppExports.cpp:1652:18: warning: format string is not a string literal (potentially insecure) [-Wformat-security]
RcppExports.cpp:1697:18: warning: format string is not a string literal (potentially insecure) [-Wformat-security]
RcppExports.cpp:1744:18: warning: format string is not a string literal (potentially insecure) [-Wformat-security]
RcppExports.cpp:1791:18: warning: format string is not a string literal (potentially insecure) [-Wformat-security]
RcppExports.cpp:1838:18: warning: format string is not a string literal (potentially insecure) [-Wformat-security]
RcppExports.cpp:1895:18: warning: format string is not a string literal (potentially insecure) [-Wformat-security]
RcppExports.cpp:1930:18: warning: format string is not a string literal (potentially insecure) [-Wformat-security]
RcppExports.cpp:1970:18: warning: format string is not a string literal (potentially insecure) [-Wformat-security]
RcppExports.cpp:2018:18: warning: format string is not a string literal (potentially insecure) [-Wformat-security]
RcppExports.cpp:2067:18: warning: format string is not a string literal (potentially insecure) [-Wformat-security]
RcppExports.cpp:2116:18: warning: format string is not a string literal (potentially insecure) [-Wformat-security]
RcppExports.cpp:2170:18: warning: format string is not a string literal (potentially insecure) [-Wformat-security]
RcppExports.cpp:2225:18: warning: format string is not a string literal (potentially insecure) [-Wformat-security]
RcppExports.cpp:2271:18: warning: format string is not a string literal (potentially insecure) [-Wformat-security]
RcppExports.cpp:2317:18: warning: format string is not a string literal (potentially insecure) [-Wformat-security]
RcppExports.cpp:2367:18: warning: format string is not a string literal (potentially insecure) [-Wformat-security]
RcppExports.cpp:2418:18: warning: format string is not a string literal (potentially insecure) [-Wformat-security]
See ‘/home/hornik/tmp/R.check/r-devel-clang/Work/PKGS/trajeR.Rcheck/00install.out’ for details.
* used C++ compiler: ‘Debian clang version 17.0.5 (1)’
Flavor: r-devel-linux-x86_64-debian-clang
Version: 0.9.0.5
Check: C++ specification
Result: NOTE
Specified C++11: please drop specification unless essential
Flavors: r-devel-linux-x86_64-debian-clang, r-devel-linux-x86_64-debian-gcc, r-devel-linux-x86_64-fedora-clang, r-devel-linux-x86_64-fedora-gcc, r-devel-windows-x86_64, r-patched-linux-x86_64, r-release-linux-x86_64, r-release-macos-arm64, r-release-macos-x86_64, r-release-windows-x86_64
Version: 0.9.0.5
Check: Rd files
Result: NOTE
checkRd: (-1) OCC.Rd:24: Lost braces; missing escapes or markup?
24 | of assignment to group j is done with $pi_{ik}$, the probability estimate by
| ^
Flavors: r-devel-linux-x86_64-debian-clang, r-devel-linux-x86_64-debian-gcc
Version: 0.9.0.5
Check: whether package can be installed
Result: WARN
Found the following significant warnings:
RcppExports.cpp:56:18: warning: format string is not a string literal (potentially insecure) [-Wformat-security]
RcppExports.cpp:100:18: warning: format string is not a string literal (potentially insecure) [-Wformat-security]
RcppExports.cpp:144:18: warning: format string is not a string literal (potentially insecure) [-Wformat-security]
RcppExports.cpp:189:18: warning: format string is not a string literal (potentially insecure) [-Wformat-security]
RcppExports.cpp:238:18: warning: format string is not a string literal (potentially insecure) [-Wformat-security]
RcppExports.cpp:286:18: warning: format string is not a string literal (potentially insecure) [-Wformat-security]
RcppExports.cpp:332:18: warning: format string is not a string literal (potentially insecure) [-Wformat-security]
RcppExports.cpp:378:18: warning: format string is not a string literal (potentially insecure) [-Wformat-security]
RcppExports.cpp:424:18: warning: format string is not a string literal (potentially insecure) [-Wformat-security]
RcppExports.cpp:469:18: warning: format string is not a string literal (potentially insecure) [-Wformat-security]
RcppExports.cpp:515:18: warning: format string is not a string literal (potentially insecure) [-Wformat-security]
RcppExports.cpp:563:18: warning: format string is not a string literal (potentially insecure) [-Wformat-security]
RcppExports.cpp:611:18: warning: format string is not a string literal (potentially insecure) [-Wformat-security]
RcppExports.cpp:659:18: warning: format string is not a string literal (potentially insecure) [-Wformat-security]
RcppExports.cpp:707:18: warning: format string is not a string literal (potentially insecure) [-Wformat-security]
RcppExports.cpp:755:18: warning: format string is not a string literal (potentially insecure) [-Wformat-security]
RcppExports.cpp:816:18: warning: format string is not a string literal (potentially insecure) [-Wformat-security]
RcppExports.cpp:858:18: warning: format string is not a string literal (potentially insecure) [-Wformat-security]
RcppExports.cpp:897:18: warning: format string is not a string literal (potentially insecure) [-Wformat-security]
RcppExports.cpp:936:18: warning: format string is not a string literal (potentially insecure) [-Wformat-security]
RcppExports.cpp:975:18: warning: format string is not a string literal (potentially insecure) [-Wformat-security]
RcppExports.cpp:1017:18: warning: format string is not a string literal (potentially insecure) [-Wformat-security]
RcppExports.cpp:1080:18: warning: format string is not a string literal (potentially insecure) [-Wformat-security]
RcppExports.cpp:1123:18: warning: format string is not a string literal (potentially insecure) [-Wformat-security]
RcppExports.cpp:1166:18: warning: format string is not a string literal (potentially insecure) [-Wformat-security]
RcppExports.cpp:1211:18: warning: format string is not a string literal (potentially insecure) [-Wformat-security]
RcppExports.cpp:1254:18: warning: format string is not a string literal (potentially insecure) [-Wformat-security]
RcppExports.cpp:1300:18: warning: format string is not a string literal (potentially insecure) [-Wformat-security]
RcppExports.cpp:1346:18: warning: format string is not a string literal (potentially insecure) [-Wformat-security]
RcppExports.cpp:1388:18: warning: format string is not a string literal (potentially insecure) [-Wformat-security]
RcppExports.cpp:1434:18: warning: format string is not a string literal (potentially insecure) [-Wformat-security]
RcppExports.cpp:1477:18: warning: format string is not a string literal (potentially insecure) [-Wformat-security]
RcppExports.cpp:1520:18: warning: format string is not a string literal (potentially insecure) [-Wformat-security]
RcppExports.cpp:1564:18: warning: format string is not a string literal (potentially insecure) [-Wformat-security]
RcppExports.cpp:1608:18: warning: format string is not a string literal (potentially insecure) [-Wformat-security]
RcppExports.cpp:1652:18: warning: format string is not a string literal (potentially insecure) [-Wformat-security]
RcppExports.cpp:1697:18: warning: format string is not a string literal (potentially insecure) [-Wformat-security]
RcppExports.cpp:1744:18: warning: format string is not a string literal (potentially insecure) [-Wformat-security]
RcppExports.cpp:1791:18: warning: format string is not a string literal (potentially insecure) [-Wformat-security]
RcppExports.cpp:1838:18: warning: format string is not a string literal (potentially insecure) [-Wformat-security]
RcppExports.cpp:1895:18: warning: format string is not a string literal (potentially insecure) [-Wformat-security]
RcppExports.cpp:1930:18: warning: format string is not a string literal (potentially insecure) [-Wformat-security]
RcppExports.cpp:1970:18: warning: format string is not a string literal (potentially insecure) [-Wformat-security]
RcppExports.cpp:2018:18: warning: format string is not a string literal (potentially insecure) [-Wformat-security]
RcppExports.cpp:2067:18: warning: format string is not a string literal (potentially insecure) [-Wformat-security]
RcppExports.cpp:2116:18: warning: format string is not a string literal (potentially insecure) [-Wformat-security]
RcppExports.cpp:2170:18: warning: format string is not a string literal (potentially insecure) [-Wformat-security]
RcppExports.cpp:2225:18: warning: format string is not a string literal (potentially insecure) [-Wformat-security]
RcppExports.cpp:2271:18: warning: format string is not a string literal (potentially insecure) [-Wformat-security]
RcppExports.cpp:2317:18: warning: format string is not a string literal (potentially insecure) [-Wformat-security]
RcppExports.cpp:2367:18: warning: format string is not a string literal (potentially insecure) [-Wformat-security]
RcppExports.cpp:2418:18: warning: format string is not a string literal (potentially insecure) [-Wformat-security]
See ‘/data/gannet/ripley/R/packages/tests-clang/trajeR.Rcheck/00install.out’ for details.
* used C++ compiler: ‘clang version 17.0.5’
Flavor: r-devel-linux-x86_64-fedora-clang
Version: 0.9.0.5
Check: installed package size
Result: NOTE
installed size is 17.5Mb
sub-directories of 1Mb or more:
libs 16.8Mb
Flavors: r-release-macos-arm64, r-release-macos-x86_64, r-oldrel-macos-arm64, r-oldrel-macos-x86_64