CRAN Package Check Results for Package trajectories

Last updated on 2021-12-08 07:51:08 CET.

Flavor Version Tinstall Tcheck Ttotal Status Flags
r-devel-linux-x86_64-debian-clang 0.2-3 13.37 173.53 186.90 NOTE
r-devel-linux-x86_64-debian-gcc 0.2-3 10.74 131.93 142.67 NOTE
r-devel-linux-x86_64-fedora-clang 0.2-3 244.83 NOTE
r-devel-linux-x86_64-fedora-gcc 0.2-3 220.66 NOTE
r-devel-windows-x86_64-new-UL 0.2-3 30.00 266.00 296.00 NOTE
r-devel-windows-x86_64-new-TK 0.2-3 NOTE
r-devel-windows-x86_64-old 0.2-3 21.00 160.00 181.00 NOTE
r-patched-linux-x86_64 0.2-3 14.67 170.47 185.14 NOTE
r-release-linux-x86_64 0.2-3 11.41 169.33 180.74 NOTE
r-release-macos-arm64 0.2-3 NOTE
r-release-macos-x86_64 0.2-3 NOTE
r-release-windows-ix86+x86_64 0.2-3 17.00 213.00 230.00 NOTE
r-oldrel-macos-x86_64 0.2-3 NOTE
r-oldrel-windows-ix86+x86_64 0.2-3 24.00 216.00 240.00 NOTE

Check Details

Version: 0.2-3
Check: package dependencies
Result: NOTE
    Package suggested but not available for checking: 'taxidata'
Flavors: r-devel-linux-x86_64-debian-clang, r-devel-linux-x86_64-debian-gcc, r-devel-linux-x86_64-fedora-clang, r-devel-linux-x86_64-fedora-gcc, r-devel-windows-x86_64-new-UL, r-devel-windows-x86_64-new-TK, r-devel-windows-x86_64-old, r-patched-linux-x86_64, r-release-linux-x86_64, r-release-macos-arm64, r-release-macos-x86_64, r-release-windows-ix86+x86_64, r-oldrel-macos-x86_64, r-oldrel-windows-ix86+x86_64