Last updated on 2023-10-02 03:03:09 CEST.
Flavor | Version | Tinstall | Tcheck | Ttotal | Status | Flags |
---|---|---|---|---|---|---|
r-devel-linux-x86_64-debian-clang | 0.1.4 | 20.61 | 66.15 | 86.76 | NOTE | |
r-devel-linux-x86_64-debian-gcc | 0.1.4 | 15.56 | 49.29 | 64.85 | NOTE | |
r-devel-linux-x86_64-fedora-clang | 0.1.4 | 104.30 | NOTE | |||
r-devel-linux-x86_64-fedora-gcc | 0.1.4 | 103.20 | NOTE | |||
r-devel-windows-x86_64 | 0.1.4 | 19.00 | 74.00 | 93.00 | NOTE | |
r-patched-linux-x86_64 | 0.1.4 | 18.14 | 63.37 | 81.51 | NOTE | |
r-release-linux-x86_64 | 0.1.4 | 21.42 | 62.42 | 83.84 | NOTE | |
r-release-macos-arm64 | 0.1.4 | 38.00 | NOTE | |||
r-release-macos-x86_64 | 0.1.4 | 55.00 | NOTE | |||
r-release-windows-x86_64 | 0.1.4 | 24.00 | 84.00 | 108.00 | NOTE | |
r-oldrel-macos-arm64 | 0.1.4 | 34.00 | OK | |||
r-oldrel-macos-x86_64 | 0.1.4 | 44.00 | OK | |||
r-oldrel-windows-x86_64 | 0.1.4 | 23.00 | 84.00 | 107.00 | OK |
Version: 0.1.4
Check: C++ specification
Result: NOTE
Specified C++11: please drop specification unless essential
Flavors: r-devel-linux-x86_64-debian-clang, r-devel-linux-x86_64-debian-gcc, r-devel-linux-x86_64-fedora-clang, r-devel-linux-x86_64-fedora-gcc, r-devel-windows-x86_64, r-patched-linux-x86_64, r-release-linux-x86_64, r-release-macos-arm64, r-release-macos-x86_64, r-release-windows-x86_64