CRAN Package Check Results for Package translate

Last updated on 2017-02-25 08:49:50.

Flavor Version Tinstall Tcheck Ttotal Status Flags
r-devel-linux-x86_64-debian-clang 0.1.2 0.97 16.37 17.34 NOTE
r-devel-linux-x86_64-debian-gcc 0.1.2 0.87 15.79 16.66 NOTE
r-devel-linux-x86_64-fedora-clang 0.1.2 29.01 NOTE --no-stop-on-test-error
r-devel-linux-x86_64-fedora-gcc 0.1.2 28.36 NOTE --no-stop-on-test-error
r-devel-macos-x86_64-clang 0.1.2 26.82 NOTE --no-stop-on-test-error
r-devel-windows-ix86+x86_64 0.1.2 6.00 40.00 46.00 NOTE
r-patched-linux-x86_64 0.1.2 0.90 13.95 14.85 NOTE
r-patched-solaris-sparc 0.1.2 158.50 NOTE
r-patched-solaris-x86 0.1.2 37.80 NOTE
r-release-linux-x86_64 0.1.2 0.82 13.87 14.69 NOTE
r-release-osx-x86_64-mavericks 0.1.2 NOTE
r-release-windows-ix86+x86_64 0.1.2 8.00 38.00 46.00 NOTE

Check Details

Version: 0.1.2
Check: DESCRIPTION meta-information
Result: NOTE
    Malformed Description field: should contain one or more complete sentences.
Flavors: r-devel-linux-x86_64-debian-clang, r-devel-linux-x86_64-debian-gcc, r-devel-windows-ix86+x86_64, r-patched-linux-x86_64, r-patched-solaris-sparc, r-patched-solaris-x86, r-release-linux-x86_64, r-release-osx-x86_64-mavericks, r-release-windows-ix86+x86_64

Version: 0.1.2
Flags: --no-stop-on-test-error
Check: DESCRIPTION meta-information
Result: NOTE
    Malformed Description field: should contain one or more complete sentences.
Flavors: r-devel-linux-x86_64-fedora-clang, r-devel-linux-x86_64-fedora-gcc, r-devel-macos-x86_64-clang