CRAN Package Check Results for Package translate

Last updated on 2015-07-04 11:50:08.

Flavor Version Tinstall Tcheck Ttotal Status Flags
r-devel-linux-x86_64-debian-clang 0.1.2 0.82 13.92 14.74 NOTE
r-devel-linux-x86_64-debian-gcc 0.1.2 0.81 13.82 14.64 NOTE
r-devel-linux-x86_64-fedora-clang 0.1.2 28.75 NOTE
r-devel-linux-x86_64-fedora-gcc 0.1.2 27.98 NOTE
r-devel-osx-x86_64-clang 0.1.2 25.78 NOTE
r-patched-linux-x86_64 0.1.2 0.83 14.44 15.27 NOTE
r-patched-solaris-sparc 0.1.2 183.30 NOTE
r-patched-solaris-x86 0.1.2 42.20 NOTE
r-release-linux-x86_64 0.1.2 0.84 13.71 14.55 NOTE
r-release-osx-x86_64-mavericks 0.1.2 NOTE

Check Details

Version: 0.1.2
Check: DESCRIPTION meta-information
Result: NOTE
    Malformed Description field: should contain one or more complete sentences.
Flavors: r-devel-linux-x86_64-debian-clang, r-devel-linux-x86_64-debian-gcc, r-devel-linux-x86_64-fedora-clang, r-devel-linux-x86_64-fedora-gcc, r-devel-osx-x86_64-clang, r-patched-linux-x86_64, r-patched-solaris-sparc, r-patched-solaris-x86, r-release-linux-x86_64, r-release-osx-x86_64-mavericks