CRAN Package Check Results for Package translate

Last updated on 2019-07-18 15:47:38 CEST.

Flavor Version Tinstall Tcheck Ttotal Status Flags
r-devel-linux-x86_64-debian-clang 0.1.2 2.21 26.39 28.60 NOTE
r-devel-linux-x86_64-debian-gcc 0.1.2 1.77 22.09 23.86 NOTE
r-devel-linux-x86_64-fedora-clang 0.1.2 35.34 NOTE
r-devel-linux-x86_64-fedora-gcc 0.1.2 34.47 NOTE
r-devel-windows-ix86+x86_64 0.1.2 5.00 43.00 48.00 NOTE
r-patched-linux-x86_64 0.1.2 2.04 26.19 28.23 NOTE
r-patched-solaris-x86 0.1.2 58.30 NOTE
r-release-linux-x86_64 0.1.2 2.17 26.49 28.66 NOTE
r-release-windows-ix86+x86_64 0.1.2 8.00 44.00 52.00 NOTE
r-release-osx-x86_64 0.1.2 NOTE
r-oldrel-windows-ix86+x86_64 0.1.2 3.00 55.00 58.00 NOTE
r-oldrel-osx-x86_64 0.1.2 NOTE

Check Details

Version: 0.1.2
Check: DESCRIPTION meta-information
Result: NOTE
    Malformed Description field: should contain one or more complete sentences.
Flavors: r-devel-linux-x86_64-debian-clang, r-devel-linux-x86_64-debian-gcc, r-devel-linux-x86_64-fedora-clang, r-devel-linux-x86_64-fedora-gcc, r-devel-windows-ix86+x86_64, r-patched-linux-x86_64, r-patched-solaris-x86, r-release-linux-x86_64, r-release-windows-ix86+x86_64, r-release-osx-x86_64, r-oldrel-windows-ix86+x86_64, r-oldrel-osx-x86_64