CRAN Package Check Results for Package translate

Last updated on 2019-05-21 18:56:47 CEST.

Flavor Version Tinstall Tcheck Ttotal Status Flags
r-devel-linux-x86_64-debian-clang 0.1.2 2.03 26.24 28.27 NOTE
r-devel-linux-x86_64-debian-gcc 0.1.2 1.90 22.34 24.24 NOTE
r-devel-linux-x86_64-fedora-clang 0.1.2 36.77 NOTE
r-devel-linux-x86_64-fedora-gcc 0.1.2 34.25 NOTE
r-devel-windows-ix86+x86_64 0.1.2 14.00 42.00 56.00 NOTE
r-patched-linux-x86_64 0.1.2 1.97 26.40 28.37 NOTE
r-patched-solaris-x86 0.1.2 55.40 NOTE
r-release-linux-x86_64 0.1.2 2.26 26.23 28.49 NOTE
r-release-windows-ix86+x86_64 0.1.2 7.00 43.00 50.00 NOTE
r-release-osx-x86_64 0.1.2 NOTE
r-oldrel-windows-ix86+x86_64 0.1.2 3.00 47.00 50.00 NOTE
r-oldrel-osx-x86_64 0.1.2 NOTE

Check Details

Version: 0.1.2
Check: DESCRIPTION meta-information
Result: NOTE
    Malformed Description field: should contain one or more complete sentences.
Flavors: r-devel-linux-x86_64-debian-clang, r-devel-linux-x86_64-debian-gcc, r-devel-linux-x86_64-fedora-clang, r-devel-linux-x86_64-fedora-gcc, r-devel-windows-ix86+x86_64, r-patched-linux-x86_64, r-patched-solaris-x86, r-release-linux-x86_64, r-release-windows-ix86+x86_64, r-release-osx-x86_64, r-oldrel-windows-ix86+x86_64, r-oldrel-osx-x86_64