CRAN Package Check Results for Package translate

Last updated on 2015-04-19 11:51:26.

Flavor Version Tinstall Tcheck Ttotal Status Flags
r-devel-linux-x86_64-debian-clang 0.1.2 0.86 14.07 14.93 NOTE
r-devel-linux-x86_64-debian-gcc 0.1.2 0.89 13.68 14.56 NOTE
r-devel-linux-x86_64-fedora-clang 0.1.2 30.17 NOTE
r-devel-linux-x86_64-fedora-gcc 0.1.2 27.66 NOTE
r-devel-osx-x86_64-clang 0.1.2 32.51 NOTE
r-patched-linux-x86_64 0.1.2 0.84 13.87 14.71 NOTE
r-patched-solaris-sparc 0.1.2 176.50 NOTE
r-patched-solaris-x86 0.1.2 41.30 NOTE
r-release-linux-x86_64 0.1.2 0.84 12.54 13.37 NOTE
r-release-osx-x86_64-mavericks 0.1.2 NOTE
r-release-osx-x86_64-snowleopard 0.1.2 NOTE

Check Details

Version: 0.1.2
Check: DESCRIPTION meta-information
Result: NOTE
    Malformed Description field: should contain one or more complete sentences.
Flavors: r-devel-linux-x86_64-debian-clang, r-devel-linux-x86_64-debian-gcc, r-devel-linux-x86_64-fedora-clang, r-devel-linux-x86_64-fedora-gcc, r-devel-osx-x86_64-clang, r-patched-linux-x86_64, r-patched-solaris-sparc, r-patched-solaris-x86, r-release-linux-x86_64, r-release-osx-x86_64-mavericks, r-release-osx-x86_64-snowleopard