CRAN Package Check Results for Package translate

Last updated on 2020-05-28 17:50:21 CEST.

Flavor Version Tinstall Tcheck Ttotal Status Flags
r-devel-linux-x86_64-debian-clang 0.1.2 2.48 28.99 31.47 NOTE
r-devel-linux-x86_64-debian-gcc 0.1.2 2.19 23.32 25.51 NOTE
r-devel-linux-x86_64-fedora-clang 0.1.2 40.37 NOTE
r-devel-linux-x86_64-fedora-gcc 0.1.2 38.43 NOTE
r-devel-windows-ix86+x86_64 0.1.2 10.00 62.00 72.00 NOTE
r-patched-linux-x86_64 0.1.2 2.69 28.71 31.40 NOTE
r-patched-solaris-x86 0.1.2 62.10 NOTE
r-release-linux-x86_64 0.1.2 2.67 28.80 31.47 NOTE
r-release-osx-x86_64 0.1.2 NOTE
r-release-windows-ix86+x86_64 0.1.2 7.00 65.00 72.00 NOTE
r-oldrel-osx-x86_64 0.1.2 NOTE
r-oldrel-windows-ix86+x86_64 0.1.2 5.00 46.00 51.00 NOTE

Check Details

Version: 0.1.2
Check: DESCRIPTION meta-information
Result: NOTE
    Malformed Description field: should contain one or more complete sentences.
Flavors: r-devel-linux-x86_64-debian-clang, r-devel-linux-x86_64-debian-gcc, r-devel-linux-x86_64-fedora-clang, r-devel-linux-x86_64-fedora-gcc, r-devel-windows-ix86+x86_64, r-patched-linux-x86_64, r-patched-solaris-x86, r-release-linux-x86_64, r-release-osx-x86_64, r-release-windows-ix86+x86_64, r-oldrel-osx-x86_64, r-oldrel-windows-ix86+x86_64