CRAN Package Check Results for Package translate

Last updated on 2014-04-25 09:52:25.

Flavor Version Tinstall Tcheck Ttotal Status Flags
r-devel-linux-x86_64-debian-clang 0.1 1.15 15.73 16.88 OK
r-devel-linux-x86_64-debian-gcc 0.1 1.13 15.59 16.72 OK
r-devel-linux-x86_64-fedora-clang 0.1 33.43 OK
r-devel-linux-x86_64-fedora-gcc 0.1 31.23 OK
r-devel-osx-x86_64-clang 0.1 36.10 OK
r-devel-osx-x86_64-gcc 0.1 OK
r-patched-linux-x86_64 0.1 1.17 15.29 16.46 OK
r-patched-solaris-sparc 0.1 172.00 ERROR
r-patched-solaris-x86 0.1 46.60 OK
r-release-linux-ix86 0.1 2.00 33.00 35.00 OK
r-release-linux-x86_64 0.1 1.15 15.66 16.82 OK
r-release-osx-x86_64-mavericks 0.1 WARN
r-release-osx-x86_64-snowleopard 0.1 OK

Check Details

Version: 0.1
Check: examples
Result: ERROR
    Running examples in ‘translate-Ex.R’ failed
    The error most likely occurred in:
    
    > ### Name: translate-package
    > ### Title: translate
    > ### Aliases: translate-package
    >
    > ### ** Examples
    >
    > set.key('YOUR-API-KEY')
    > translate('Hello, world!', 'en', 'de')
    Error in function (type, msg, asError = TRUE) :
     SSL certificate problem: unable to get local issuer certificate
    Calls: translate ... f -> f -> curlPerform -> .Call -> <Anonymous> -> fun
    Execution halted
Flavor: r-patched-solaris-sparc

Version: 0.1
Check: PDF version of manual
Result: WARNING
    LaTeX errors when creating PDF version.
    This typically indicates Rd problems.
    LaTeX errors found:
    ! LaTeX Error: File `upquote.sty' not found.
    
    Type X to quit or <RETURN> to proceed,
    or enter new name. (Default extension: sty)
    
    5ee2d00c/Rd2.tex:8: ==> Fatal error occurred, no output PDF file produced!
Flavor: r-release-osx-x86_64-mavericks