CRAN Package Check Results for Package translate

Last updated on 2018-06-20 07:48:04 CEST.

Flavor Version Tinstall Tcheck Ttotal Status Flags
r-devel-linux-x86_64-debian-clang 0.1.2 1.58 27.69 29.27 NOTE
r-devel-linux-x86_64-debian-gcc 0.1.2 1.19 21.93 23.12 NOTE
r-devel-linux-x86_64-fedora-clang 0.1.2 34.98 NOTE
r-devel-linux-x86_64-fedora-gcc 0.1.2 33.09 NOTE
r-devel-windows-ix86+x86_64 0.1.2 5.00 44.00 49.00 NOTE
r-patched-linux-x86_64 0.1.2 1.40 25.09 26.49 NOTE
r-patched-solaris-x86 0.1.2 55.70 NOTE
r-release-linux-x86_64 0.1.2 1.34 24.69 26.03 NOTE
r-release-windows-ix86+x86_64 0.1.2 5.00 52.00 57.00 NOTE
r-release-osx-x86_64 0.1.2 NOTE
r-oldrel-windows-ix86+x86_64 0.1.2 5.00 38.00 43.00 NOTE
r-oldrel-osx-x86_64 0.1.2 WARN

Check Details

Version: 0.1.2
Check: DESCRIPTION meta-information
Result: NOTE
    Malformed Description field: should contain one or more complete sentences.
Flavors: r-devel-linux-x86_64-debian-clang, r-devel-linux-x86_64-debian-gcc, r-devel-linux-x86_64-fedora-clang, r-devel-linux-x86_64-fedora-gcc, r-devel-windows-ix86+x86_64, r-patched-linux-x86_64, r-patched-solaris-x86, r-release-linux-x86_64, r-release-windows-ix86+x86_64, r-release-osx-x86_64, r-oldrel-windows-ix86+x86_64, r-oldrel-osx-x86_64

Version: 0.1.2
Check: re-building of vignette outputs
Result: WARN
    Error in re-building vignettes:
     ...
    Error in texi2dvi(file = file, pdf = TRUE, clean = clean, quiet = quiet, :
     Running 'texi2dvi' on 'vignette.tex' failed.
    LaTeX errors:
    ! LaTeX Error: File `wrapfig.sty' not found.
    
    Type X to quit or <RETURN> to proceed,
    or enter new name. (Default extension: sty)
    
    ! Emergency stop.
    <read *>
    
    l.10 \usepackage
     {rotating}^^M
    ! ==> Fatal error occurred, no output PDF file produced!
    Calls: buildVignettes -> texi2pdf -> texi2dvi
    Execution halted
Flavor: r-oldrel-osx-x86_64