CRAN Package Check Results for Package translate

Last updated on 2016-12-06 13:48:58.

Flavor Version Tinstall Tcheck Ttotal Status Flags
r-devel-linux-x86_64-debian-clang 0.1.2 0.92 15.84 16.77 NOTE
r-devel-linux-x86_64-debian-gcc 0.1.2 0.93 15.50 16.43 NOTE
r-devel-linux-x86_64-fedora-clang 0.1.2 31.60 NOTE --no-stop-on-test-error
r-devel-linux-x86_64-fedora-gcc 0.1.2 29.59 NOTE --no-stop-on-test-error
r-devel-macos-x86_64-clang 0.1.2 26.19 NOTE --no-stop-on-test-error
r-devel-windows-ix86+x86_64 0.1.2 4.00 37.00 41.00 NOTE
r-patched-linux-x86_64 0.1.2 0.81 13.71 14.53 NOTE
r-patched-solaris-sparc 0.1.2 153.20 NOTE
r-patched-solaris-x86 0.1.2 35.90 NOTE
r-release-linux-x86_64 0.1.2 0.92 13.59 14.51 NOTE
r-release-osx-x86_64-mavericks 0.1.2 NOTE
r-release-windows-ix86+x86_64 0.1.2 8.00 38.00 46.00 NOTE

Check Details

Version: 0.1.2
Check: DESCRIPTION meta-information
Result: NOTE
    Malformed Description field: should contain one or more complete sentences.
Flavors: r-devel-linux-x86_64-debian-clang, r-devel-linux-x86_64-debian-gcc, r-devel-windows-ix86+x86_64, r-patched-linux-x86_64, r-patched-solaris-sparc, r-patched-solaris-x86, r-release-linux-x86_64, r-release-osx-x86_64-mavericks, r-release-windows-ix86+x86_64

Version: 0.1.2
Flags: --no-stop-on-test-error
Check: DESCRIPTION meta-information
Result: NOTE
    Malformed Description field: should contain one or more complete sentences.
Flavors: r-devel-linux-x86_64-fedora-clang, r-devel-linux-x86_64-fedora-gcc, r-devel-macos-x86_64-clang