CRAN Package Check Results for Package translate

Last updated on 2016-07-24 03:51:26.

Flavor Version Tinstall Tcheck Ttotal Status Flags
r-devel-linux-x86_64-debian-clang 0.1.2 1.20 16.07 17.26 NOTE
r-devel-linux-x86_64-debian-gcc 0.1.2 1.07 16.37 17.44 NOTE
r-devel-linux-x86_64-fedora-clang 0.1.2 25.17 NOTE
r-devel-linux-x86_64-fedora-gcc 0.1.2 23.48 NOTE
r-devel-osx-x86_64-clang 0.1.2 22.63 NOTE
r-devel-windows-ix86+x86_64 0.1.2 3.00 37.00 40.00 NOTE
r-patched-linux-x86_64 0.1.2 1.19 17.15 18.35 NOTE
r-patched-solaris-sparc 0.1.2 153.20 NOTE
r-patched-solaris-x86 0.1.2 35.40 NOTE
r-release-linux-x86_64 0.1.2 1.00 16.95 17.96 NOTE
r-release-osx-x86_64-mavericks 0.1.2 NOTE
r-release-windows-ix86+x86_64 0.1.2 5.00 34.00 39.00 NOTE

Check Details

Version: 0.1.2
Check: DESCRIPTION meta-information
Result: NOTE
    Malformed Description field: should contain one or more complete sentences.
Flavors: r-devel-linux-x86_64-debian-clang, r-devel-linux-x86_64-debian-gcc, r-devel-linux-x86_64-fedora-clang, r-devel-linux-x86_64-fedora-gcc, r-devel-osx-x86_64-clang, r-devel-windows-ix86+x86_64, r-patched-linux-x86_64, r-patched-solaris-sparc, r-patched-solaris-x86, r-release-linux-x86_64, r-release-osx-x86_64-mavericks, r-release-windows-ix86+x86_64