CRAN Package Check Results for Package translate

Last updated on 2016-05-02 13:49:12.

Flavor Version Tinstall Tcheck Ttotal Status Flags
r-devel-linux-x86_64-debian-gcc 0.1.2 0.82 13.66 14.48 NOTE
r-devel-linux-x86_64-fedora-clang 0.1.2 24.97 NOTE
r-devel-linux-x86_64-fedora-gcc 0.1.2 23.76 NOTE
r-devel-osx-x86_64-clang 0.1.2 29.10 NOTE
r-devel-windows-ix86+x86_64 0.1.2 5.00 34.00 39.00 NOTE
r-patched-linux-x86_64 0.1.2 1.01 13.49 14.50 NOTE
r-patched-solaris-sparc 0.1.2 155.10 NOTE
r-patched-solaris-x86 0.1.2 37.10 NOTE
r-release-linux-x86_64 0.1.2 0.87 15.06 15.93 NOTE
r-release-osx-x86_64-mavericks 0.1.2 NOTE

Check Details

Version: 0.1.2
Check: DESCRIPTION meta-information
Result: NOTE
    Malformed Description field: should contain one or more complete sentences.
Flavors: r-devel-linux-x86_64-debian-gcc, r-devel-linux-x86_64-fedora-clang, r-devel-linux-x86_64-fedora-gcc, r-devel-osx-x86_64-clang, r-devel-windows-ix86+x86_64, r-patched-linux-x86_64, r-patched-solaris-sparc, r-patched-solaris-x86, r-release-linux-x86_64, r-release-osx-x86_64-mavericks