CRAN Package Check Results for Package translate

Last updated on 2015-03-30 23:48:02.

Flavor Version Tinstall Tcheck Ttotal Status Flags
r-devel-linux-x86_64-debian-clang 0.1.2 0.84 13.90 14.75 NOTE
r-devel-linux-x86_64-debian-gcc 0.1.2 0.83 13.87 14.70 NOTE
r-devel-linux-x86_64-fedora-clang 0.1.2 29.26 NOTE
r-devel-linux-x86_64-fedora-gcc 0.1.2 27.33 NOTE
r-devel-osx-x86_64-clang 0.1.2 36.24 NOTE
r-prerel-linux-x86_64 0.1.2 0.83 13.96 14.80 NOTE
r-prerel-solaris-sparc 0.1.2 176.50 NOTE
r-prerel-solaris-x86 0.1.2 40.90 NOTE
r-release-linux-x86_64 0.1.2 1.10 17.58 18.68 OK
r-release-osx-x86_64-mavericks 0.1.2 OK
r-release-osx-x86_64-snowleopard 0.1.2 OK

Check Details

Version: 0.1.2
Check: DESCRIPTION meta-information
Result: NOTE
    Malformed Description field: should contain one or more complete sentences.
Flavors: r-devel-linux-x86_64-debian-clang, r-devel-linux-x86_64-debian-gcc, r-devel-linux-x86_64-fedora-clang, r-devel-linux-x86_64-fedora-gcc, r-devel-osx-x86_64-clang, r-prerel-linux-x86_64, r-prerel-solaris-sparc, r-prerel-solaris-x86