CRAN Package Check Results for Package translate

Last updated on 2016-02-11 15:47:08.

Flavor Version Tinstall Tcheck Ttotal Status Flags
r-devel-linux-x86_64-debian-gcc 0.1.2 0.84 12.27 13.11 NOTE
r-devel-linux-x86_64-fedora-clang 0.1.2 24.59 NOTE
r-devel-linux-x86_64-fedora-gcc 0.1.2 23.48 NOTE
r-devel-osx-x86_64-clang 0.1.2 28.52 NOTE
r-patched-linux-x86_64 0.1.2 0.88 13.84 14.72 NOTE
r-patched-solaris-sparc 0.1.2 168.70 NOTE
r-patched-solaris-x86 0.1.2 39.90 NOTE
r-release-linux-x86_64 0.1.2 0.87 14.08 14.95 NOTE
r-release-osx-x86_64-mavericks 0.1.2 NOTE

Check Details

Version: 0.1.2
Check: DESCRIPTION meta-information
Result: NOTE
    Malformed Description field: should contain one or more complete sentences.
Flavors: r-devel-linux-x86_64-debian-gcc, r-devel-linux-x86_64-fedora-clang, r-devel-linux-x86_64-fedora-gcc, r-devel-osx-x86_64-clang, r-patched-linux-x86_64, r-patched-solaris-sparc, r-patched-solaris-x86, r-release-linux-x86_64, r-release-osx-x86_64-mavericks