CRAN Package Check Results for Package translate

Last updated on 2016-08-31 02:48:12.

Flavor Version Tinstall Tcheck Ttotal Status Flags
r-devel-linux-x86_64-debian-clang 0.1.2 0.86 13.84 14.70 NOTE
r-devel-linux-x86_64-debian-gcc 0.1.2 0.83 14.00 14.83 NOTE
r-devel-linux-x86_64-fedora-clang 0.1.2 26.06 NOTE
r-devel-linux-x86_64-fedora-gcc 0.1.2 24.93 NOTE
r-devel-osx-x86_64-clang 0.1.2 22.92 NOTE
r-devel-windows-ix86+x86_64 0.1.2 5.00 78.00 83.00 NOTE
r-patched-linux-x86_64 0.1.2 0.80 13.83 14.63 NOTE
r-patched-solaris-sparc 0.1.2 153.20 NOTE
r-patched-solaris-x86 0.1.2 36.30 NOTE
r-release-linux-x86_64 0.1.2 0.89 13.66 14.55 NOTE
r-release-osx-x86_64-mavericks 0.1.2 NOTE
r-release-windows-ix86+x86_64 0.1.2 5.00 34.00 39.00 NOTE

Check Details

Version: 0.1.2
Check: DESCRIPTION meta-information
Result: NOTE
    Malformed Description field: should contain one or more complete sentences.
Flavors: r-devel-linux-x86_64-debian-clang, r-devel-linux-x86_64-debian-gcc, r-devel-linux-x86_64-fedora-clang, r-devel-linux-x86_64-fedora-gcc, r-devel-osx-x86_64-clang, r-devel-windows-ix86+x86_64, r-patched-linux-x86_64, r-patched-solaris-sparc, r-patched-solaris-x86, r-release-linux-x86_64, r-release-osx-x86_64-mavericks, r-release-windows-ix86+x86_64