CRAN Package Check Results for Package translate

Last updated on 2014-08-21 07:49:26.

Flavor Version Tinstall Tcheck Ttotal Status Flags
r-devel-linux-x86_64-debian-clang 0.1.2 1.10 15.56 16.66 OK
r-devel-linux-x86_64-debian-gcc 0.1.2 1.06 15.19 16.26 OK
r-devel-linux-x86_64-fedora-clang 0.1.2 34.43 OK
r-devel-linux-x86_64-fedora-gcc 0.1.2 32.00 OK
r-devel-osx-x86_64-clang 0.1.2 34.02 OK
r-patched-linux-x86_64 0.1.2 1.15 15.43 16.58 OK
r-patched-solaris-sparc 0.1.2 210.40 OK
r-patched-solaris-x86 0.1.2 48.30 OK
r-release-linux-ix86 0.1.2 1.49 23.60 25.09 OK
r-release-linux-x86_64 0.1.2 1.15 16.10 17.25 OK
r-release-osx-x86_64-mavericks 0.1.2 NOTE
r-release-osx-x86_64-snowleopard 0.1.2 OK

Check Details

Version: 0.1.2
Check: re-building of vignette outputs
Result: NOTE
    Error in re-building vignettes:
     ...
    Error in texi2dvi(file = file, pdf = TRUE, clean = clean, quiet = quiet, :
     Running 'texi2dvi' on 'vignette.tex' failed.
    LaTeX errors:
    ! LaTeX Error: File `wrapfig.sty' not found.
    
    Type X to quit or <RETURN> to proceed,
    or enter new name. (Default extension: sty)
    
    gn_test/translate/vignettes/vignette.tex:10: ==> Fatal error occurred, no outp
    ut PDF file produced!
    Calls: buildVignettes -> texi2pdf -> texi2dvi
    Execution halted
Flavor: r-release-osx-x86_64-mavericks