CRAN Package Check Results for Package transmission

Last updated on 2014-08-30 11:51:39.

Flavor Version Tinstall Tcheck Ttotal Status Flags
r-devel-linux-x86_64-debian-clang 0.2.0 14.48 34.62 49.10 NOTE
r-devel-linux-x86_64-debian-gcc 0.2.0 18.79 34.50 53.29 NOTE
r-devel-osx-x86_64-clang 0.2.0 77.75 NOTE
r-devel-windows-ix86+x86_64 0.2.0 75.00 84.00 159.00 NOTE
r-patched-linux-x86_64 0.2.0 19.29 37.14 56.43 OK
r-release-linux-ix86 0.2.0 24.05 45.18 69.22 OK
r-release-linux-x86_64 0.2.0 18.88 37.67 56.55 OK
r-release-osx-x86_64-mavericks 0.2.0 OK
r-release-osx-x86_64-snowleopard 0.2.0 OK
r-release-windows-ix86+x86_64 0.2.0 56.00 92.00 148.00 OK
r-oldrel-windows-ix86+x86_64 0.2.0 51.00 96.00 147.00 OK

Memtest notes: valgrind

Check Details

Version: 0.2.0
Check: R code for possible problems
Result: NOTE
    pandoc_vignette: no visible global function definition for
     ‘Pandoc.convert’
    vtangle: no visible binding for global variable ‘opts_knit’
    vtangle: no visible global function definition for ‘purl’
    vweave: no visible binding for global variable ‘opts_knit’
    vweave: no visible binding for global variable ‘knit2html’
    vweave: no visible binding for global variable ‘knit2pdf’
    vweave: no visible binding for global variable ‘knit’
Flavors: r-devel-linux-x86_64-debian-clang, r-devel-linux-x86_64-debian-gcc, r-devel-osx-x86_64-clang, r-devel-windows-ix86+x86_64

Version: 0.2.0
Check: compiled code
Result: NOTE
    File ‘/home/hornik/tmp/R.check/r-devel-clang/Work/build/Packages/transmission/libs/transmission.so’:
     Found ‘rand’, possibly from ‘rand’ (C)
     Object: ‘RcppInfection.o’
    
    Compiled code should not call entry points which might terminate R nor
    write to stdout/stderr instead of to the console, nor the C RNG.
    
    See ‘Writing portable packages’ in the ‘Writing R Extensions’ manual.
Flavor: r-devel-linux-x86_64-debian-clang

Version: 0.2.0
Check: compiled code
Result: NOTE
    File ‘/home/hornik/tmp/R.check/r-devel-gcc/Work/build/Packages/transmission/libs/transmission.so’:
     Found ‘rand’, possibly from ‘rand’ (C)
     Object: ‘RcppInfection.o’
    
    Compiled code should not call entry points which might terminate R nor
    write to stdout/stderr instead of to the console, nor the C RNG.
    
    See ‘Writing portable packages’ in the ‘Writing R Extensions’ manual.
Flavor: r-devel-linux-x86_64-debian-gcc

Version: 0.2.0
Check: compiled code
Result: NOTE
    File ‘/Users/ripley/R/packages/tests-devel/transmission.Rcheck/transmission/libs/transmission.so’:
     Found ‘_rand’, possibly from ‘rand’ (C)
     Object: ‘RcppInfection.o’
    
    Compiled code should not call entry points which might terminate R nor
    write to stdout/stderr instead of to the console, nor the C RNG.
    
    See ‘Writing portable packages’ in the ‘Writing R Extensions’ manual.
Flavor: r-devel-osx-x86_64-clang

Version: 0.2.0
Check: compiled code
Result: NOTE
    File 'd:/Rcompile/CRANpkg/lib/3.2/transmission/libs/i386/transmission.dll':
     Found 'rand', possibly from 'rand' (C)
     Object: 'RcppInfection.o'
    File 'd:/Rcompile/CRANpkg/lib/3.2/transmission/libs/x64/transmission.dll':
     Found 'rand', possibly from 'rand' (C)
     Object: 'RcppInfection.o'
    
    Compiled code should not call entry points which might terminate R nor
    write to stdout/stderr instead of to the console, nor the C RNG.
    
    See 'Writing portable packages' in the 'Writing R Extensions' manual.
Flavor: r-devel-windows-ix86+x86_64