CRAN Package Check Results for Package transnet

Last updated on 2014-08-22 07:50:44.

Flavor Version Tinstall Tcheck Ttotal Status Flags
r-devel-linux-x86_64-debian-clang 0.1 2.06 28.60 30.65 NOTE
r-devel-linux-x86_64-debian-gcc 0.1 2.00 28.29 30.29 NOTE
r-devel-linux-x86_64-fedora-clang 0.1 66.37 NOTE
r-devel-linux-x86_64-fedora-gcc 0.1 62.24 NOTE
r-devel-osx-x86_64-clang 0.1 54.93 NOTE
r-devel-windows-ix86+x86_64 0.1 5.00 47.00 52.00 NOTE
r-patched-linux-x86_64 0.1 2.06 28.98 31.04 NOTE
r-patched-solaris-sparc 0.1 387.70 NOTE
r-patched-solaris-x86 0.1 90.80 NOTE
r-release-linux-ix86 0.1 2.45 37.18 39.64 NOTE
r-release-linux-x86_64 0.1 2.09 29.50 31.59 NOTE
r-release-osx-x86_64-mavericks 0.1 NOTE
r-release-osx-x86_64-snowleopard 0.1 NOTE
r-release-windows-ix86+x86_64 0.1 7.00 49.00 56.00 NOTE
r-oldrel-windows-ix86+x86_64 0.1 8.00 45.00 53.00 NOTE

Check Details

Version: 0.1
Check: dependencies in R code
Result: NOTE
    Package in Depends field not imported from: ‘methods’
     These packages need to be imported from (in the NAMESPACE file)
     for when this namespace is loaded but not attached.
    See the information on DESCRIPTION files in the chapter ‘Creating R
    packages’ of the ‘Writing R Extensions’ manual.
Flavors: r-devel-linux-x86_64-debian-clang, r-devel-linux-x86_64-debian-gcc, r-devel-linux-x86_64-fedora-clang, r-devel-linux-x86_64-fedora-gcc, r-devel-osx-x86_64-clang, r-devel-windows-ix86+x86_64, r-patched-linux-x86_64, r-patched-solaris-sparc, r-patched-solaris-x86, r-release-linux-ix86, r-release-linux-x86_64, r-release-osx-x86_64-mavericks, r-release-windows-ix86+x86_64, r-oldrel-windows-ix86+x86_64

Version: 0.1
Check: dependencies in R code
Result: NOTE
    Package in Depends field not imported from: 'methods'
     These packages need to be imported from for the case when
     this namespace is loaded but not attached.
    See the information on DESCRIPTION files in the chapter 'Creating R
    packages' of the 'Writing R Extensions' manual.
Flavor: r-release-osx-x86_64-snowleopard

Version: 0.1
Check: DESCRIPTION meta-information
Result: NOTE
    'LinkingTo' field is unused: package has no 'src' directory
Flavor: r-release-windows-ix86+x86_64