CRAN Package Check Results for Package transnet

Last updated on 2014-04-25 09:52:25.

Flavor Version Tinstall Tcheck Ttotal Status Flags
r-devel-linux-x86_64-debian-clang 0.1 2.14 31.27 33.41 NOTE
r-devel-linux-x86_64-debian-gcc 0.1 2.20 30.24 32.44 NOTE
r-devel-linux-x86_64-fedora-clang 0.1 68.80 NOTE
r-devel-linux-x86_64-fedora-gcc 0.1 65.13 NOTE
r-devel-osx-x86_64-clang 0.1 62.52 NOTE
r-devel-osx-x86_64-gcc 0.1 NOTE
r-devel-windows-ix86+x86_64 0.1 6.00 45.00 51.00 NOTE
r-patched-linux-x86_64 0.1 2.29 30.57 32.86 NOTE
r-patched-solaris-sparc 0.1 389.80 NOTE
r-patched-solaris-x86 0.1 90.60 NOTE
r-release-linux-ix86 0.1 4.00 50.00 54.00 NOTE
r-release-linux-x86_64 0.1 2.36 31.50 33.85 NOTE
r-release-osx-x86_64-mavericks 0.1 WARN
r-release-osx-x86_64-snowleopard 0.1 NOTE
r-release-windows-ix86+x86_64 0.1 7.00 50.00 57.00 NOTE
r-oldrel-windows-ix86+x86_64 0.1 8.00 41.00 49.00 NOTE

Check Details

Version: 0.1
Check: dependencies in R code
Result: NOTE
    Package in Depends field not imported from: ‘methods’
     These packages need to be imported from (in the NAMESPACE file)
     for when this namespace is loaded but not attached.
    See the information on DESCRIPTION files in the chapter ‘Creating R
    packages’ of the ‘Writing R Extensions’ manual.
Flavors: r-devel-linux-x86_64-debian-clang, r-devel-linux-x86_64-debian-gcc, r-devel-linux-x86_64-fedora-clang, r-devel-linux-x86_64-fedora-gcc, r-devel-osx-x86_64-clang, r-devel-osx-x86_64-gcc, r-devel-windows-ix86+x86_64, r-patched-linux-x86_64, r-patched-solaris-sparc, r-patched-solaris-x86, r-release-linux-ix86, r-release-linux-x86_64, r-release-osx-x86_64-mavericks, r-release-windows-ix86+x86_64, r-oldrel-windows-ix86+x86_64

Version: 0.1
Check: DESCRIPTION meta-information
Result: NOTE
    'LinkingTo' field is unused: package has no 'src' directory
Flavors: r-devel-windows-ix86+x86_64, r-release-windows-ix86+x86_64

Version: 0.1
Check: PDF version of manual
Result: WARNING
    LaTeX errors when creating PDF version.
    This typically indicates Rd problems.
    LaTeX errors found:
    ! LaTeX Error: File `upquote.sty' not found.
    
    Type X to quit or <RETURN> to proceed,
    or enter new name. (Default extension: sty)
    
    3382467d/Rd2.tex:8: ==> Fatal error occurred, no output PDF file produced!
Flavor: r-release-osx-x86_64-mavericks

Version: 0.1
Check: dependencies in R code
Result: NOTE
    Package in Depends field not imported from: 'methods'
     These packages need to be imported from for the case when
     this namespace is loaded but not attached.
    See the information on DESCRIPTION files in the chapter 'Creating R
    packages' of the 'Writing R Extensions' manual.
Flavor: r-release-osx-x86_64-snowleopard