CRAN Package Check Results for Package transx

Last updated on 2021-04-14 08:48:35 CEST.

Flavor Version Tinstall Tcheck Ttotal Status Flags
r-devel-linux-x86_64-debian-clang 0.0.1 3.44 53.00 56.44 NOTE
r-devel-linux-x86_64-debian-gcc 0.0.1 2.53 39.72 42.25 NOTE
r-devel-linux-x86_64-fedora-clang 0.0.1 75.74 NOTE
r-devel-linux-x86_64-fedora-gcc 0.0.1 66.73 NOTE
r-devel-windows-ix86+x86_64 0.0.1 7.00 75.00 82.00 NOTE
r-devel-windows-x86_64-gcc10-UCRT 0.0.1 NOTE
r-patched-linux-x86_64 0.0.1 2.84 50.94 53.78 OK
r-patched-solaris-x86 0.0.1 115.60 OK
r-release-linux-x86_64 0.0.1 2.89 50.84 53.73 OK
r-release-macos-x86_64 0.0.1 OK
r-release-windows-ix86+x86_64 0.0.1 6.00 76.00 82.00 OK
r-oldrel-macos-x86_64 0.0.1 OK
r-oldrel-windows-ix86+x86_64 0.0.1 6.00 54.00 60.00 OK

Check Details

Version: 0.0.1
Check: LazyData
Result: NOTE
     'LazyData' is specified without a 'data' directory
Flavors: r-devel-linux-x86_64-debian-clang, r-devel-linux-x86_64-debian-gcc, r-devel-linux-x86_64-fedora-clang, r-devel-linux-x86_64-fedora-gcc, r-devel-windows-ix86+x86_64, r-devel-windows-x86_64-gcc10-UCRT