CRAN Package Check Results for Package trapezoid

Last updated on 2014-09-02 23:47:45.

Flavor Version Tinstall Tcheck Ttotal Status Flags
r-devel-linux-x86_64-debian-clang 2.0-0 0.81 12.80 13.61 OK
r-devel-linux-x86_64-debian-gcc 2.0-0 0.81 12.54 13.36 OK
r-devel-linux-x86_64-fedora-clang 2.0-0 29.01 OK
r-devel-linux-x86_64-fedora-gcc 2.0-0 27.64 OK
r-devel-osx-x86_64-clang 2.0-0 32.76 OK
r-devel-windows-ix86+x86_64 2.0-0 5.00 31.00 36.00 OK
r-patched-linux-x86_64 2.0-0 0.94 14.15 15.09 OK
r-patched-solaris-sparc 2.0-0 179.70 OK
r-patched-solaris-x86 2.0-0 44.30 OK
r-release-linux-ix86 2.0-0 1.39 21.24 22.64 OK
r-release-linux-x86_64 2.0-0 0.95 14.63 15.58 OK
r-release-osx-x86_64-mavericks 2.0-0 NOTE
r-release-windows-ix86+x86_64 2.0-0 5.00 31.00 36.00 OK
r-oldrel-windows-ix86+x86_64 2.0-0 5.00 33.00 38.00 OK

Check Details

Version: 2.0-0
Check: re-building of vignette outputs
Result: NOTE
    Error in re-building vignettes:
     ...
    Loading required package: trapezoid
    Loading required package: plyr
    Loading required package: ggplot2
    Error in texi2dvi(file = file, pdf = TRUE, clean = clean, quiet = quiet, :
     Running 'texi2dvi' on 'trapezoid.tex' failed.
    LaTeX errors:
    ! LaTeX Error: File `comment.sty' not found.
    
    Type X to quit or <RETURN> to proceed,
    or enter new name. (Default extension: sty)
    
    gn_test/trapezoid/vignettes/trapezoid.tex:13: ==> Fatal error occurred, no out
    put PDF file produced!
    Calls: buildVignettes -> texi2pdf -> texi2dvi
    Execution halted
Flavor: r-release-osx-x86_64-mavericks