CRAN Package Check Results for Package trapezoid

Last updated on 2015-07-29 08:50:26.

Flavor Version Tinstall Tcheck Ttotal Status Flags
r-devel-linux-x86_64-debian-clang 2.0-0 0.82 12.43 13.25 NOTE
r-devel-linux-x86_64-debian-gcc 2.0-0 0.82 12.42 13.24 NOTE
r-devel-linux-x86_64-fedora-clang 2.0-0 26.03 NOTE
r-devel-linux-x86_64-fedora-gcc 2.0-0 24.99 NOTE
r-devel-osx-x86_64-clang 2.0-0 25.33 OK
r-devel-windows-ix86+x86_64 2.0-0 5.00 29.00 34.00 NOTE
r-patched-linux-x86_64 2.0-0 0.91 12.82 13.73 OK
r-patched-solaris-sparc 2.0-0 169.40 OK
r-patched-solaris-x86 2.0-0 38.30 OK
r-release-linux-x86_64 2.0-0 0.90 12.41 13.31 OK
r-release-osx-x86_64-mavericks 2.0-0 OK
r-release-windows-ix86+x86_64 2.0-0 5.00 30.00 35.00 OK
r-oldrel-windows-ix86+x86_64 2.0-0 7.00 33.00 40.00 OK

Check Details

Version: 2.0-0
Check: R code for possible problems
Result: NOTE
    rtrapezoid: no visible global function definition for ‘runif’
    Undefined global functions or variables:
     runif
    Consider adding
     importFrom("stats", "runif")
    to your NAMESPACE.
Flavors: r-devel-linux-x86_64-debian-clang, r-devel-linux-x86_64-debian-gcc, r-devel-linux-x86_64-fedora-clang, r-devel-linux-x86_64-fedora-gcc, r-devel-windows-ix86+x86_64