CRAN Package Check Results for Package trapezoid

Last updated on 2016-12-05 17:49:44.

Flavor Version Tinstall Tcheck Ttotal Status Flags
r-devel-linux-x86_64-debian-clang 2.0-0 1.13 17.51 18.64 NOTE
r-devel-linux-x86_64-debian-gcc 2.0-0 1.20 17.06 18.26 NOTE
r-devel-linux-x86_64-fedora-clang 2.0-0 34.91 NOTE --no-stop-on-test-error
r-devel-linux-x86_64-fedora-gcc 2.0-0 33.08 NOTE --no-stop-on-test-error
r-devel-macos-x86_64-clang 2.0-0 29.00 NOTE
r-devel-windows-ix86+x86_64 2.0-0 5.00 66.00 71.00 NOTE
r-patched-linux-x86_64 2.0-0 0.87 13.17 14.03 NOTE
r-patched-solaris-sparc 2.0-0 129.50 NOTE
r-patched-solaris-x86 2.0-0 30.70 NOTE
r-release-linux-x86_64 2.0-0 0.89 13.31 14.20 NOTE
r-release-osx-x86_64-mavericks 2.0-0 NOTE
r-release-windows-ix86+x86_64 2.0-0 7.00 45.00 52.00 NOTE
r-oldrel-windows-ix86+x86_64 2.0-0 14.00 61.00 75.00 OK

Check Details

Version: 2.0-0
Check: R code for possible problems
Result: NOTE
    rtrapezoid: no visible global function definition for ‘runif’
    Undefined global functions or variables:
     runif
    Consider adding
     importFrom("stats", "runif")
    to your NAMESPACE file.
Flavors: r-devel-linux-x86_64-debian-clang, r-devel-linux-x86_64-debian-gcc, r-devel-macos-x86_64-clang, r-devel-windows-ix86+x86_64, r-patched-linux-x86_64, r-patched-solaris-sparc, r-patched-solaris-x86, r-release-linux-x86_64, r-release-osx-x86_64-mavericks, r-release-windows-ix86+x86_64

Version: 2.0-0
Flags: --no-stop-on-test-error
Check: R code for possible problems
Result: NOTE
    rtrapezoid: no visible global function definition for ‘runif’
    Undefined global functions or variables:
     runif
    Consider adding
     importFrom("stats", "runif")
    to your NAMESPACE file.
Flavors: r-devel-linux-x86_64-fedora-clang, r-devel-linux-x86_64-fedora-gcc