CRAN Package Check Results for Package trapezoid

Last updated on 2014-12-20 15:46:39.

Flavor Version Tinstall Tcheck Ttotal Status Flags
r-devel-linux-x86_64-debian-clang 2.0-0 0.91 13.80 14.71 OK
r-devel-linux-x86_64-debian-gcc 2.0-0 0.89 13.54 14.42 OK
r-devel-linux-x86_64-fedora-clang 2.0-0 31.16 OK
r-devel-linux-x86_64-fedora-gcc 2.0-0 28.78 OK
r-devel-osx-x86_64-clang 2.0-0 34.84 OK
r-devel-windows-ix86+x86_64 2.0-0 5.00 29.00 34.00 OK
r-patched-linux-x86_64 2.0-0 0.93 14.28 15.20 OK
r-patched-solaris-sparc 2.0-0 179.70 OK
r-patched-solaris-x86 2.0-0 42.00 OK
r-release-linux-ix86 2.0-0 1.36 20.13 21.49 OK
r-release-linux-x86_64 2.0-0 0.97 13.85 14.82 OK
r-release-osx-x86_64-mavericks 2.0-0 NOTE
r-release-windows-ix86+x86_64 2.0-0 6.00 33.00 39.00 OK
r-oldrel-windows-ix86+x86_64 2.0-0 5.00 37.00 42.00 OK

Check Details

Version: 2.0-0
Check: re-building of vignette outputs
Result: NOTE
    Error in re-building vignettes:
     ...
    Loading required package: trapezoid
    Loading required package: plyr
    Loading required package: ggplot2
    Error in texi2dvi(file = file, pdf = TRUE, clean = clean, quiet = quiet, :
     Running 'texi2dvi' on 'trapezoid.tex' failed.
    LaTeX errors:
    ! LaTeX Error: File `comment.sty' not found.
    
    Type X to quit or <RETURN> to proceed,
    or enter new name. (Default extension: sty)
    
    gn_test/trapezoid/vignettes/trapezoid.tex:13: ==> Fatal error occurred, no out
    put PDF file produced!
    Calls: buildVignettes -> texi2pdf -> texi2dvi
    Execution halted
Flavor: r-release-osx-x86_64-mavericks