CRAN Package Check Results for Package trapezoid

Last updated on 2016-07-28 00:48:15.

Flavor Version Tinstall Tcheck Ttotal Status Flags
r-devel-linux-x86_64-debian-clang 2.0-0 1.25 15.28 16.53 NOTE
r-devel-linux-x86_64-debian-gcc 2.0-0 1.08 14.67 15.75 NOTE
r-devel-linux-x86_64-fedora-clang 2.0-0 22.42 NOTE
r-devel-linux-x86_64-fedora-gcc 2.0-0 20.62 NOTE
r-devel-osx-x86_64-clang 2.0-0 21.04 NOTE
r-devel-windows-ix86+x86_64 2.0-0 8.00 54.00 62.00 NOTE
r-patched-linux-x86_64 2.0-0 1.34 15.04 16.38 NOTE
r-patched-solaris-sparc 2.0-0 129.50 NOTE
r-patched-solaris-x86 2.0-0 28.90 NOTE
r-release-linux-x86_64 2.0-0 1.08 14.51 15.60 NOTE
r-release-osx-x86_64-mavericks 2.0-0 NOTE
r-release-windows-ix86+x86_64 2.0-0 8.00 56.00 64.00 NOTE
r-oldrel-windows-ix86+x86_64 2.0-0 7.00 59.00 66.00 OK

Check Details

Version: 2.0-0
Check: R code for possible problems
Result: NOTE
    rtrapezoid: no visible global function definition for ‘runif’
    Undefined global functions or variables:
     runif
    Consider adding
     importFrom("stats", "runif")
    to your NAMESPACE file.
Flavors: r-devel-linux-x86_64-debian-clang, r-devel-linux-x86_64-debian-gcc, r-devel-linux-x86_64-fedora-clang, r-devel-linux-x86_64-fedora-gcc, r-devel-osx-x86_64-clang, r-devel-windows-ix86+x86_64, r-patched-linux-x86_64, r-patched-solaris-sparc, r-patched-solaris-x86, r-release-linux-x86_64, r-release-osx-x86_64-mavericks, r-release-windows-ix86+x86_64