CRAN Package Check Results for Package trapezoid

Last updated on 2015-08-30 17:48:35.

Flavor Version Tinstall Tcheck Ttotal Status Flags
r-devel-linux-x86_64-debian-clang 2.0-0 0.77 12.95 13.72 NOTE
r-devel-linux-x86_64-debian-gcc 2.0-0 0.85 12.26 13.11 NOTE
r-devel-linux-x86_64-fedora-clang 2.0-0 25.41 NOTE
r-devel-linux-x86_64-fedora-gcc 2.0-0 24.81 NOTE
r-devel-osx-x86_64-clang 2.0-0 24.18 OK
r-devel-windows-ix86+x86_64 2.0-0 9.00 33.00 42.00 NOTE
r-patched-linux-x86_64 2.0-0 0.88 12.46 13.34 OK
r-patched-solaris-sparc 2.0-0 169.40 OK
r-patched-solaris-x86 2.0-0 38.70 OK
r-release-linux-x86_64 2.0-0 0.92 12.72 13.64 OK
r-release-osx-x86_64-mavericks 2.0-0 OK
r-release-windows-ix86+x86_64 2.0-0 8.00 30.00 38.00 OK
r-oldrel-windows-ix86+x86_64 2.0-0 9.00 56.00 65.00 OK

Check Details

Version: 2.0-0
Check: R code for possible problems
Result: NOTE
    rtrapezoid: no visible global function definition for ‘runif’
    Undefined global functions or variables:
     runif
    Consider adding
     importFrom("stats", "runif")
    to your NAMESPACE.
Flavors: r-devel-linux-x86_64-debian-clang, r-devel-linux-x86_64-debian-gcc, r-devel-linux-x86_64-fedora-clang, r-devel-linux-x86_64-fedora-gcc, r-devel-windows-ix86+x86_64