CRAN Package Check Results for Package trapezoid

Last updated on 2017-02-19 18:48:09.

Flavor Version Tinstall Tcheck Ttotal Status Flags
r-devel-linux-x86_64-debian-clang 2.0-0 1.18 17.24 18.42 NOTE
r-devel-linux-x86_64-debian-gcc 2.0-0 1.02 17.01 18.03 NOTE
r-devel-linux-x86_64-fedora-clang 2.0-0 32.54 NOTE --no-stop-on-test-error
r-devel-linux-x86_64-fedora-gcc 2.0-0 31.98 NOTE --no-stop-on-test-error
r-devel-macos-x86_64-clang 2.0-0 29.44 NOTE --no-stop-on-test-error
r-devel-windows-ix86+x86_64 2.0-0 6.00 49.00 55.00 NOTE
r-patched-linux-x86_64 2.0-0 0.92 13.17 14.09 NOTE
r-patched-solaris-sparc 2.0-0 139.30 NOTE
r-patched-solaris-x86 2.0-0 34.10 NOTE
r-release-linux-x86_64 2.0-0 0.92 13.44 14.36 NOTE
r-release-osx-x86_64-mavericks 2.0-0 NOTE
r-release-windows-ix86+x86_64 2.0-0 6.00 45.00 51.00 NOTE
r-oldrel-windows-ix86+x86_64 2.0-0 11.00 55.00 66.00 OK

Check Details

Version: 2.0-0
Check: R code for possible problems
Result: NOTE
    rtrapezoid: no visible global function definition for ‘runif’
    Undefined global functions or variables:
     runif
    Consider adding
     importFrom("stats", "runif")
    to your NAMESPACE file.
Flavors: r-devel-linux-x86_64-debian-clang, r-devel-linux-x86_64-debian-gcc, r-devel-windows-ix86+x86_64, r-patched-linux-x86_64, r-patched-solaris-sparc, r-patched-solaris-x86, r-release-linux-x86_64, r-release-osx-x86_64-mavericks, r-release-windows-ix86+x86_64

Version: 2.0-0
Check: compiled code
Result: NOTE
    File ‘trapezoid/libs/trapezoid.so’:
     Found no calls to: ‘R_registerRoutines’, ‘R_useDynamicSymbols’
    
    It is good practice to register native routines and to disable symbol
    search.
    
    See ‘Writing portable packages’ in the ‘Writing R Extensions’ manual.
Flavors: r-devel-linux-x86_64-debian-clang, r-devel-linux-x86_64-debian-gcc

Version: 2.0-0
Flags: --no-stop-on-test-error
Check: R code for possible problems
Result: NOTE
    rtrapezoid: no visible global function definition for ‘runif’
    Undefined global functions or variables:
     runif
    Consider adding
     importFrom("stats", "runif")
    to your NAMESPACE file.
Flavors: r-devel-linux-x86_64-fedora-clang, r-devel-linux-x86_64-fedora-gcc, r-devel-macos-x86_64-clang

Version: 2.0-0
Flags: --no-stop-on-test-error
Check: compiled code
Result: NOTE
    File ‘trapezoid/libs/trapezoid.so’:
     Found no calls to: ‘R_registerRoutines’, ‘R_useDynamicSymbols’
    
    It is good practice to register native routines and to disable symbol
    search.
    
    See ‘Writing portable packages’ in the ‘Writing R Extensions’ manual.
Flavors: r-devel-linux-x86_64-fedora-clang, r-devel-linux-x86_64-fedora-gcc, r-devel-macos-x86_64-clang