CRAN Package Check Results for Package trapezoid

Last updated on 2017-01-19 10:52:28.

Flavor Version Tinstall Tcheck Ttotal Status Flags
r-devel-linux-x86_64-debian-clang 2.0-0 1.09 18.08 19.17 NOTE
r-devel-linux-x86_64-debian-gcc 2.0-0 1.11 16.77 17.88 NOTE
r-devel-linux-x86_64-fedora-clang 2.0-0 33.33 NOTE --no-stop-on-test-error
r-devel-linux-x86_64-fedora-gcc 2.0-0 32.17 NOTE --no-stop-on-test-error
r-devel-macos-x86_64-clang 2.0-0 28.33 NOTE --no-stop-on-test-error
r-devel-windows-ix86+x86_64 2.0-0 9.00 44.00 53.00 NOTE
r-patched-linux-x86_64 2.0-0 0.88 13.41 14.29 NOTE
r-patched-solaris-sparc 2.0-0 139.30 NOTE
r-patched-solaris-x86 2.0-0 31.30 NOTE
r-release-linux-x86_64 2.0-0 0.92 13.27 14.19 NOTE
r-release-osx-x86_64-mavericks 2.0-0 NOTE
r-release-windows-ix86+x86_64 2.0-0 5.00 43.00 48.00 NOTE
r-oldrel-windows-ix86+x86_64 2.0-0 6.00 44.00 50.00 OK

Check Details

Version: 2.0-0
Check: R code for possible problems
Result: NOTE
    rtrapezoid: no visible global function definition for ‘runif’
    Undefined global functions or variables:
     runif
    Consider adding
     importFrom("stats", "runif")
    to your NAMESPACE file.
Flavors: r-devel-linux-x86_64-debian-clang, r-devel-linux-x86_64-debian-gcc, r-devel-windows-ix86+x86_64, r-patched-linux-x86_64, r-patched-solaris-sparc, r-patched-solaris-x86, r-release-linux-x86_64, r-release-osx-x86_64-mavericks, r-release-windows-ix86+x86_64

Version: 2.0-0
Flags: --no-stop-on-test-error
Check: R code for possible problems
Result: NOTE
    rtrapezoid: no visible global function definition for ‘runif’
    Undefined global functions or variables:
     runif
    Consider adding
     importFrom("stats", "runif")
    to your NAMESPACE file.
Flavors: r-devel-linux-x86_64-fedora-clang, r-devel-linux-x86_64-fedora-gcc, r-devel-macos-x86_64-clang