CRAN Package Check Results for Package trapezoid

Last updated on 2016-08-24 12:49:58.

Flavor Version Tinstall Tcheck Ttotal Status Flags
r-devel-linux-x86_64-debian-clang 2.0-0 1.00 12.25 13.25 NOTE
r-devel-linux-x86_64-debian-gcc 2.0-0 0.94 12.29 13.23 NOTE
r-devel-linux-x86_64-fedora-clang 2.0-0 23.57 NOTE
r-devel-linux-x86_64-fedora-gcc 2.0-0 22.12 NOTE
r-devel-osx-x86_64-clang 2.0-0 21.13 NOTE
r-devel-windows-ix86+x86_64 2.0-0 6.00 66.00 72.00 NOTE
r-patched-linux-x86_64 2.0-0 0.84 12.37 13.21 NOTE
r-patched-solaris-sparc 2.0-0 129.50 NOTE
r-patched-solaris-x86 2.0-0 29.10 NOTE
r-release-linux-x86_64 2.0-0 0.92 12.02 12.93 NOTE
r-release-osx-x86_64-mavericks 2.0-0 NOTE
r-release-windows-ix86+x86_64 2.0-0 6.00 38.00 44.00 NOTE
r-oldrel-windows-ix86+x86_64 2.0-0 9.00 38.00 47.00 OK

Check Details

Version: 2.0-0
Check: R code for possible problems
Result: NOTE
    rtrapezoid: no visible global function definition for ‘runif’
    Undefined global functions or variables:
     runif
    Consider adding
     importFrom("stats", "runif")
    to your NAMESPACE file.
Flavors: r-devel-linux-x86_64-debian-clang, r-devel-linux-x86_64-debian-gcc, r-devel-linux-x86_64-fedora-clang, r-devel-linux-x86_64-fedora-gcc, r-devel-osx-x86_64-clang, r-devel-windows-ix86+x86_64, r-patched-linux-x86_64, r-patched-solaris-sparc, r-patched-solaris-x86, r-release-linux-x86_64, r-release-osx-x86_64-mavericks, r-release-windows-ix86+x86_64