CRAN Package Check Results for Package trapezoid

Last updated on 2016-06-29 03:47:41.

Flavor Version Tinstall Tcheck Ttotal Status Flags
r-devel-linux-x86_64-debian-gcc 2.0-0 1.04 13.80 14.83 NOTE
r-devel-linux-x86_64-fedora-clang 2.0-0 22.31 NOTE
r-devel-linux-x86_64-fedora-gcc 2.0-0 22.89 NOTE
r-devel-osx-x86_64-clang 2.0-0 21.05 NOTE
r-devel-windows-ix86+x86_64 2.0-0 4.00 39.00 43.00 NOTE
r-patched-linux-x86_64 2.0-0 1.08 13.29 14.37 NOTE
r-patched-solaris-sparc 2.0-0 129.50 NOTE
r-patched-solaris-x86 2.0-0 30.40 NOTE
r-release-linux-x86_64 2.0-0 0.95 11.93 12.88 NOTE
r-release-osx-x86_64-mavericks 2.0-0 NOTE
r-release-windows-ix86+x86_64 2.0-0 7.00 58.00 65.00 NOTE
r-oldrel-windows-ix86+x86_64 2.0-0 10.00 37.00 47.00 OK

Check Details

Version: 2.0-0
Check: R code for possible problems
Result: NOTE
    rtrapezoid: no visible global function definition for ‘runif’
    Undefined global functions or variables:
     runif
    Consider adding
     importFrom("stats", "runif")
    to your NAMESPACE file.
Flavors: r-devel-linux-x86_64-debian-gcc, r-devel-linux-x86_64-fedora-clang, r-devel-linux-x86_64-fedora-gcc, r-devel-osx-x86_64-clang, r-devel-windows-ix86+x86_64, r-patched-linux-x86_64, r-patched-solaris-sparc, r-patched-solaris-x86, r-release-linux-x86_64, r-release-osx-x86_64-mavericks, r-release-windows-ix86+x86_64