CRAN Package Check Results for Package trapezoid

Last updated on 2017-03-23 15:49:01.

Flavor Version Tinstall Tcheck Ttotal Status Flags
r-devel-linux-x86_64-debian-clang 2.0-0 1.19 17.51 18.70 NOTE
r-devel-linux-x86_64-debian-gcc 2.0-0 1.12 17.48 18.60 NOTE
r-devel-linux-x86_64-fedora-clang 2.0-0 32.69 NOTE --no-stop-on-test-error
r-devel-linux-x86_64-fedora-gcc 2.0-0 31.91 NOTE --no-stop-on-test-error
r-devel-macos-x86_64-clang 2.0-0 28.42 NOTE --no-stop-on-test-error
r-devel-windows-ix86+x86_64 2.0-0 6.00 46.00 52.00 NOTE
r-patched-linux-x86_64 2.0-0 0.93 13.27 14.19 NOTE
r-patched-solaris-sparc 2.0-0 195.70 NOTE
r-patched-solaris-x86 2.0-0 44.50 NOTE
r-release-linux-x86_64 2.0-0 0.88 13.53 14.41 NOTE
r-release-osx-x86_64-mavericks 2.0-0 NOTE
r-release-windows-ix86+x86_64 2.0-0 12.00 40.00 52.00 NOTE
r-oldrel-windows-ix86+x86_64 2.0-0 7.00 65.00 72.00 OK

Check Details

Version: 2.0-0
Check: R code for possible problems
Result: NOTE
    rtrapezoid: no visible global function definition for ‘runif’
    Undefined global functions or variables:
     runif
    Consider adding
     importFrom("stats", "runif")
    to your NAMESPACE file.
Flavors: r-devel-linux-x86_64-debian-clang, r-devel-linux-x86_64-debian-gcc, r-devel-windows-ix86+x86_64, r-patched-linux-x86_64, r-patched-solaris-sparc, r-patched-solaris-x86, r-release-linux-x86_64, r-release-osx-x86_64-mavericks, r-release-windows-ix86+x86_64

Version: 2.0-0
Check: compiled code
Result: NOTE
    File ‘trapezoid/libs/trapezoid.so’:
     Found no calls to: ‘R_registerRoutines’, ‘R_useDynamicSymbols’
    
    It is good practice to register native routines and to disable symbol
    search.
    
    See ‘Writing portable packages’ in the ‘Writing R Extensions’ manual.
Flavors: r-devel-linux-x86_64-debian-clang, r-devel-linux-x86_64-debian-gcc

Version: 2.0-0
Flags: --no-stop-on-test-error
Check: R code for possible problems
Result: NOTE
    rtrapezoid: no visible global function definition for ‘runif’
    Undefined global functions or variables:
     runif
    Consider adding
     importFrom("stats", "runif")
    to your NAMESPACE file.
Flavors: r-devel-linux-x86_64-fedora-clang, r-devel-linux-x86_64-fedora-gcc, r-devel-macos-x86_64-clang

Version: 2.0-0
Flags: --no-stop-on-test-error
Check: compiled code
Result: NOTE
    File ‘trapezoid/libs/trapezoid.so’:
     Found no calls to: ‘R_registerRoutines’, ‘R_useDynamicSymbols’
    
    It is good practice to register native routines and to disable symbol
    search.
    
    See ‘Writing portable packages’ in the ‘Writing R Extensions’ manual.
Flavors: r-devel-linux-x86_64-fedora-clang, r-devel-linux-x86_64-fedora-gcc, r-devel-macos-x86_64-clang