CRAN Package Check Results for Package trapezoid

Last updated on 2016-05-30 03:47:54.

Flavor Version Tinstall Tcheck Ttotal Status Flags
r-devel-linux-x86_64-debian-gcc 2.0-0 0.97 12.45 13.42 NOTE
r-devel-linux-x86_64-fedora-clang 2.0-0 22.89 NOTE
r-devel-linux-x86_64-fedora-gcc 2.0-0 21.21 NOTE
r-devel-osx-x86_64-clang 2.0-0 27.96 NOTE
r-devel-windows-ix86+x86_64 2.0-0 5.00 36.00 41.00 NOTE
r-patched-linux-x86_64 2.0-0 0.92 12.34 13.26 NOTE
r-patched-solaris-sparc 2.0-0 127.70 NOTE
r-patched-solaris-x86 2.0-0 29.60 NOTE
r-release-linux-x86_64 2.0-0 0.92 12.27 13.19 NOTE
r-release-osx-x86_64-mavericks 2.0-0 NOTE
r-release-windows-ix86+x86_64 2.0-0 7.00 41.00 48.00 NOTE
r-oldrel-windows-ix86+x86_64 2.0-0 5.00 44.00 49.00 OK

Check Details

Version: 2.0-0
Check: R code for possible problems
Result: NOTE
    rtrapezoid: no visible global function definition for ‘runif’
    Undefined global functions or variables:
     runif
    Consider adding
     importFrom("stats", "runif")
    to your NAMESPACE file.
Flavors: r-devel-linux-x86_64-debian-gcc, r-devel-linux-x86_64-fedora-clang, r-devel-linux-x86_64-fedora-gcc, r-devel-osx-x86_64-clang, r-devel-windows-ix86+x86_64, r-patched-linux-x86_64, r-patched-solaris-sparc, r-patched-solaris-x86, r-release-linux-x86_64, r-release-osx-x86_64-mavericks, r-release-windows-ix86+x86_64