CRAN Package Check Results for Package trapezoid

Last updated on 2016-02-05 23:49:02.

Flavor Version Tinstall Tcheck Ttotal Status Flags
r-devel-linux-x86_64-debian-gcc 2.0-0 0.90 11.13 12.03 NOTE
r-devel-linux-x86_64-fedora-clang 2.0-0 22.70 NOTE
r-devel-linux-x86_64-fedora-gcc 2.0-0 21.31 NOTE
r-devel-osx-x86_64-clang 2.0-0 27.03 OK
r-devel-windows-ix86+x86_64 2.0-0 7.00 30.00 37.00 NOTE
r-patched-linux-x86_64 2.0-0 0.93 12.85 13.78 OK
r-patched-solaris-sparc 2.0-0 149.80 OK
r-patched-solaris-x86 2.0-0 33.70 OK
r-release-linux-x86_64 2.0-0 1.00 13.07 14.07 OK
r-release-osx-x86_64-mavericks 2.0-0 OK
r-release-windows-ix86+x86_64 2.0-0 7.00 45.00 52.00 OK
r-oldrel-windows-ix86+x86_64 2.0-0 9.00 51.00 60.00 OK

Check Details

Version: 2.0-0
Check: R code for possible problems
Result: NOTE
    rtrapezoid: no visible global function definition for ‘runif’
    Undefined global functions or variables:
     runif
    Consider adding
     importFrom("stats", "runif")
    to your NAMESPACE.
Flavors: r-devel-linux-x86_64-debian-gcc, r-devel-linux-x86_64-fedora-clang, r-devel-linux-x86_64-fedora-gcc, r-devel-windows-ix86+x86_64