CRAN Package Check Results for Package tree

Last updated on 2019-06-17 16:47:53 CEST.

Flavor Version Tinstall Tcheck Ttotal Status Flags
r-devel-linux-x86_64-debian-clang 1.0-40 5.49 26.25 31.74 OK
r-devel-linux-x86_64-debian-gcc 1.0-40 3.84 21.02 24.86 OK
r-devel-linux-x86_64-fedora-clang 1.0-40 38.56 OK
r-devel-linux-x86_64-fedora-gcc 1.0-40 35.33 OK
r-devel-windows-ix86+x86_64 1.0-40 18.00 46.00 64.00 OK
r-patched-linux-x86_64 1.0-40 4.51 26.48 30.99 OK
r-patched-solaris-x86 1.0-40 56.40 OK
r-release-linux-x86_64 1.0-40 4.68 26.22 30.90 OK
r-release-windows-ix86+x86_64 1.0-40 12.00 62.00 74.00 OK
r-release-osx-x86_64 1.0-40 OK
r-oldrel-windows-ix86+x86_64 1.0-39 18.00 46.00 64.00 OK
r-oldrel-osx-x86_64 1.0-40 ERROR

Check Details

Version: 1.0-40
Check: whether package can be installed
Result: ERROR
    Installation failed.
Flavor: r-oldrel-osx-x86_64