CRAN Package Check Results for Package tree

Last updated on 2014-04-21 12:31:43.

Flavor Version Tinstall Tcheck Ttotal Status Flags
r-devel-linux-x86_64-debian-clang 1.0-35 1.57 14.63 16.20 OK
r-devel-linux-x86_64-debian-gcc 1.0-35 2.06 14.91 16.97 OK
r-devel-linux-x86_64-fedora-clang 1.0-35 31.70 OK
r-devel-linux-x86_64-fedora-gcc 1.0-35 30.66 OK
r-devel-osx-x86_64-clang 1.0-35 32.69 OK
r-devel-osx-x86_64-gcc 1.0-35 OK
r-devel-windows-ix86+x86_64 1.0-35 8.00 29.00 37.00 OK
r-patched-linux-x86_64 1.0-35 2.17 15.12 17.29 OK
r-patched-solaris-sparc 1.0-35 166.60 OK
r-patched-solaris-x86 1.0-35 45.50 OK
r-release-linux-x86_64 1.0-35 1.95 14.68 16.63 OK
r-release-osx-x86_64-mavericks 1.0-35 WARN
r-release-osx-x86_64-snowleopard 1.0-35 OK
r-release-windows-ix86+x86_64 1.0-35 11.00 29.00 40.00 OK
r-oldrel-windows-ix86+x86_64 1.0-35 9.00 27.00 36.00 OK

Check Details

Version: 1.0-35
Check: PDF version of manual
Result: WARNING
    LaTeX errors when creating PDF version.
    This typically indicates Rd problems.
    LaTeX errors found:
    ! LaTeX Error: File `upquote.sty' not found.
    
    Type X to quit or <RETURN> to proceed,
    or enter new name. (Default extension: sty)
    
    295117/Rd2.tex:8: ==> Fatal error occurred, no output PDF file produced!
Flavor: r-release-osx-x86_64-mavericks