CRAN Package Check Results for Package treebase

Last updated on 2014-04-24 09:49:13.

Flavor Version Tinstall Tcheck Ttotal Status Flags
r-devel-linux-x86_64-debian-clang 0.0-7.1 2.93 37.46 40.39 OK
r-devel-linux-x86_64-debian-gcc 0.0-7.1 2.86 37.66 40.52 OK
r-devel-linux-x86_64-fedora-clang 0.0-7.1 85.09 OK
r-devel-linux-x86_64-fedora-gcc 0.0-7.1 80.77 OK
r-devel-osx-x86_64-clang 0.0-7.1 77.53 OK
r-devel-osx-x86_64-gcc 0.0-7.1 ERROR
r-devel-windows-ix86+x86_64 0.0-7.1 9.00 53.00 62.00 OK
r-patched-linux-x86_64 0.0-7.1 2.90 37.13 40.03 OK
r-patched-solaris-sparc 0.0-7.1 521.80 OK
r-patched-solaris-x86 0.0-7.1 108.30 OK
r-release-linux-ix86 0.0-7.1 5.00 64.00 69.00 OK
r-release-linux-x86_64 0.0-7.1 2.93 37.24 40.16 OK
r-release-osx-x86_64-mavericks 0.0-7.1 WARN
r-release-osx-x86_64-snowleopard 0.0-7.1 OK
r-release-windows-ix86+x86_64 0.0-7.1 9.00 57.00 66.00 OK
r-oldrel-windows-ix86+x86_64 0.0-7.1 9.00 54.00 63.00 OK

Check Details

Version: 0.0-7.1
Check: package dependencies
Result: ERROR
    Package required but not available: ‘XML’
    
    See the information on DESCRIPTION files in the chapter ‘Creating R
    packages’ of the ‘Writing R Extensions’ manual.
Flavor: r-devel-osx-x86_64-gcc

Version: 0.0-7.1
Check: PDF version of manual
Result: WARNING
    LaTeX errors when creating PDF version.
    This typically indicates Rd problems.
    LaTeX errors found:
    ! LaTeX Error: File `upquote.sty' not found.
    
    Type X to quit or <RETURN> to proceed,
    or enter new name. (Default extension: sty)
    
    dfe26da/Rd2.tex:8: ==> Fatal error occurred, no output PDF file produced!
Flavor: r-release-osx-x86_64-mavericks