CRAN Package Check Results for Package treebase

Last updated on 2015-05-29 23:48:21.

Flavor Version Tinstall Tcheck Ttotal Status Flags
r-devel-linux-x86_64-debian-clang 0.0-7.1 2.07 26.71 28.78 ERROR
r-devel-linux-x86_64-debian-gcc 0.0-7.1 2.18 26.00 28.18 ERROR
r-devel-linux-x86_64-fedora-clang 0.0-7.1 57.66 ERROR
r-devel-linux-x86_64-fedora-gcc 0.0-7.1 54.31 ERROR
r-devel-osx-x86_64-clang 0.0-7.1 54.47 ERROR
r-devel-windows-ix86+x86_64 0.0-7.1 7.00 42.00 49.00 ERROR
r-patched-linux-x86_64 0.0-7.1 2.00 25.80 27.80 ERROR
r-patched-solaris-sparc 0.0-7.1 352.50 ERROR
r-patched-solaris-x86 0.0-7.1 86.40 ERROR
r-release-linux-x86_64 0.0-7.1 2.70 25.58 28.28 ERROR
r-release-osx-x86_64-mavericks 0.0-7.1 OK
r-release-osx-x86_64-snowleopard 0.0-7.1 ERROR
r-release-windows-ix86+x86_64 0.0-7.1 6.00 41.00 47.00 ERROR
r-oldrel-windows-ix86+x86_64 0.0-7.1 10.00 62.00 72.00 OK

Check Details

Version: 0.0-7.1
Check: tests
Result: ERROR
    Running the tests in ‘tests/test-all.R’ failed.
    Last 13 lines of output:
    
     Type 'demo()' for some demos, 'help()' for on-line help, or
     'help.start()' for an HTML browser interface to help.
     Type 'q()' to quit R.
    
     > library(testthat)
     > test_check("treebase")
     Loading required package: treebase
     Loading required package: ape
     Error in test_dir(test_path, reporter = reporter, env = env, filter = filter, :
     No matching test file in dir
     Calls: test_check -> run_tests -> with_top_env -> test_dir
     Execution halted
Flavors: r-devel-linux-x86_64-debian-clang, r-devel-linux-x86_64-debian-gcc, r-devel-linux-x86_64-fedora-clang, r-devel-linux-x86_64-fedora-gcc, r-devel-osx-x86_64-clang, r-devel-windows-ix86+x86_64, r-patched-linux-x86_64, r-patched-solaris-sparc, r-patched-solaris-x86, r-release-linux-x86_64, r-release-windows-ix86+x86_64

Version: 0.0-7.1
Check: package dependencies
Result: ERROR
    Package required but not available: ‘XML’
    
    See section ‘The DESCRIPTION file’ in the ‘Writing R Extensions’
    manual.
Flavor: r-release-osx-x86_64-snowleopard