CRAN Package Check Results for Package treecm

Last updated on 2015-05-28 15:47:54.

Flavor Version Tinstall Tcheck Ttotal Status Flags
r-devel-linux-x86_64-debian-clang 1.2.1 1.14 20.26 21.40 NOTE
r-devel-linux-x86_64-debian-gcc 1.2.1 1.09 19.75 20.84 NOTE
r-devel-linux-x86_64-fedora-clang 1.2.1 42.77 NOTE
r-devel-linux-x86_64-fedora-gcc 1.2.1 39.93 NOTE
r-devel-osx-x86_64-clang 1.2.1 45.16 NOTE
r-devel-windows-ix86+x86_64 1.2.1 5.00 36.00 41.00 NOTE
r-patched-linux-x86_64 1.2.1 1.13 19.76 20.89 NOTE
r-patched-solaris-sparc 1.2.1 252.30 NOTE
r-patched-solaris-x86 1.2.1 55.00 NOTE
r-release-linux-x86_64 1.2.1 1.10 20.26 21.36 NOTE
r-release-osx-x86_64-mavericks 1.2.1 NOTE
r-release-osx-x86_64-snowleopard 1.2.1 WARN
r-release-windows-ix86+x86_64 1.2.1 6.00 37.00 43.00 NOTE
r-oldrel-windows-ix86+x86_64 1.2.1 5.00 38.00 43.00 OK

Check Details

Version: 1.2.1
Check: DESCRIPTION meta-information
Result: NOTE
    Malformed Title field: should not end in a period.
    Malformed Description field: should contain one or more complete sentences.
Flavors: r-devel-linux-x86_64-debian-clang, r-devel-linux-x86_64-debian-gcc, r-devel-linux-x86_64-fedora-clang, r-devel-linux-x86_64-fedora-gcc, r-devel-osx-x86_64-clang, r-devel-windows-ix86+x86_64, r-patched-linux-x86_64, r-patched-solaris-sparc, r-patched-solaris-x86, r-release-linux-x86_64, r-release-osx-x86_64-mavericks, r-release-osx-x86_64-snowleopard, r-release-windows-ix86+x86_64

Version: 1.2.1
Check: package dependencies
Result: NOTE
    Package suggested but not available for checking: ‘ggplot2’
Flavor: r-release-osx-x86_64-snowleopard

Version: 1.2.1
Check: running R code from vignettes
Result: WARN
    Errors in running code in vignettes:
    when running code in ‘treecm.Rnw’
     ...
    3 15647.68 15.53446 8.57 19 8.439802 50
    4 15373.36 16.64384 8.57 20 8.439802 50
    5 15143.56 17.74123 8.57 21 8.439802 50
    6 14948.51 18.82857 8.57 22 8.439802 50
    
    > library(ggplot2)
    
     When sourcing ‘treecm.R’:
    Error: there is no package called ‘ggplot2’
    Execution halted
Flavor: r-release-osx-x86_64-snowleopard

Version: 1.2.1
Check: re-building of vignette outputs
Result: NOTE
    Error in re-building vignettes:
     ...
    
    Error: processing vignette 'treecm.Rnw' failed with diagnostics:
     chunk 14 (label = exStabilization5)
    Error in library(ggplot2) : there is no package called ‘ggplot2’
    Execution halted
Flavor: r-release-osx-x86_64-snowleopard