CRAN Package Check Results for Package treecm

Last updated on 2015-02-27 15:47:56.

Flavor Version Tinstall Tcheck Ttotal Status Flags
r-devel-linux-x86_64-debian-clang 1.2.1 1.17 20.53 21.70 NOTE
r-devel-linux-x86_64-debian-gcc 1.2.1 1.15 20.02 21.16 NOTE
r-devel-linux-x86_64-fedora-clang 1.2.1 42.83 NOTE
r-devel-linux-x86_64-fedora-gcc 1.2.1 40.14 NOTE
r-devel-osx-x86_64-clang 1.2.1 45.91 NOTE
r-devel-windows-ix86+x86_64 1.2.1 7.00 38.00 45.00 NOTE
r-patched-linux-x86_64 1.2.1 1.47 23.28 24.75 OK
r-patched-solaris-sparc 1.2.1 271.40 OK
r-release-linux-ix86 1.2.1 1.78 32.64 34.42 OK
r-release-linux-x86_64 1.2.1 1.37 23.14 24.51 OK
r-release-osx-x86_64-mavericks 1.2.1 OK
r-release-osx-x86_64-snowleopard 1.2.1 OK
r-release-windows-ix86+x86_64 1.2.1 6.00 44.00 50.00 OK
r-oldrel-windows-ix86+x86_64 1.2.1 5.00 44.00 49.00 OK

Check Details

Version: 1.2.1
Check: DESCRIPTION meta-information
Result: NOTE
    Malformed Title field: should not end in a period.
    Malformed Description field: should contain one or more complete sentences.
Flavors: r-devel-linux-x86_64-debian-clang, r-devel-linux-x86_64-debian-gcc, r-devel-linux-x86_64-fedora-clang, r-devel-linux-x86_64-fedora-gcc, r-devel-osx-x86_64-clang, r-devel-windows-ix86+x86_64