CRAN Package Check Results for Package treecm

Last updated on 2015-03-28 00:54:33.

Flavor Version Tinstall Tcheck Ttotal Status Flags
r-devel-linux-x86_64-debian-clang 1.2.1 1.16 20.62 21.78 NOTE
r-devel-linux-x86_64-debian-gcc 1.2.1 1.22 19.84 21.06 NOTE
r-devel-linux-x86_64-fedora-clang 1.2.1 43.34 NOTE
r-devel-linux-x86_64-fedora-gcc 1.2.1 42.82 NOTE
r-devel-osx-x86_64-clang 1.2.1 49.09 NOTE
r-prerel-windows-ix86+x86_64 1.2.1 7.00 33.00 40.00 NOTE
r-prerel-linux-x86_64 1.2.1 1.16 20.21 21.37 NOTE
r-prerel-solaris-sparc 1.2.1 249.70 NOTE
r-prerel-solaris-x86 1.2.1 54.70 NOTE
r-release-linux-x86_64 1.2.1 1.44 23.18 24.62 OK
r-release-osx-x86_64-mavericks 1.2.1 OK
r-release-osx-x86_64-snowleopard 1.2.1 OK
r-release-windows-ix86+x86_64 1.2.1 5.00 45.00 50.00 OK
r-oldrel-windows-ix86+x86_64 1.2.1 5.00 41.00 46.00 OK

Check Details

Version: 1.2.1
Check: DESCRIPTION meta-information
Result: NOTE
    Malformed Title field: should not end in a period.
    Malformed Description field: should contain one or more complete sentences.
Flavors: r-devel-linux-x86_64-debian-clang, r-devel-linux-x86_64-debian-gcc, r-devel-linux-x86_64-fedora-clang, r-devel-linux-x86_64-fedora-gcc, r-devel-osx-x86_64-clang, r-prerel-windows-ix86+x86_64, r-prerel-linux-x86_64, r-prerel-solaris-sparc, r-prerel-solaris-x86