CRAN Package Check Results for Package treecm

Last updated on 2014-12-22 21:47:29.

Flavor Version Tinstall Tcheck Ttotal Status Flags
r-devel-linux-x86_64-debian-clang 1.2.1 1.43 23.50 24.93 OK
r-devel-linux-x86_64-debian-gcc 1.2.1 1.29 22.35 23.64 OK
r-devel-linux-x86_64-fedora-clang 1.2.1 50.44 OK
r-devel-linux-x86_64-fedora-gcc 1.2.1 47.22 OK
r-devel-osx-x86_64-clang 1.2.1 49.47 OK
r-devel-windows-ix86+x86_64 1.2.1 5.00 40.00 45.00 OK
r-patched-linux-x86_64 1.2.1 1.36 22.78 24.13 OK
r-patched-solaris-sparc 1.2.1 271.60 OK
r-patched-solaris-x86 1.2.1 64.60 OK
r-release-linux-ix86 1.2.1 2.01 29.34 31.35 OK
r-release-linux-x86_64 1.2.1 1.36 23.06 24.42 OK
r-release-osx-x86_64-mavericks 1.2.1 NOTE
r-release-osx-x86_64-snowleopard 1.2.1 OK
r-release-windows-ix86+x86_64 1.2.1 5.00 41.00 46.00 OK
r-oldrel-windows-ix86+x86_64 1.2.1 5.00 40.00 45.00 OK

Check Details

Version: 1.2.1
Check: re-building of vignette outputs
Result: NOTE
    Error in re-building vignettes:
     ...
    Error : Mapping a variable to y and also using stat="bin".
     With stat="bin", it will attempt to set the y value to the count of cases in each group.
     This can result in unexpected behavior and will not be allowed in a future version of ggplot2.
     If you want y to represent counts of cases, use stat="bin" and don't map a variable to y.
     If you want y to represent values in the data, use stat="identity".
     See ?geom_bar for examples. (Defunct; last used in version 0.9.2)
    Error in texi2dvi(file = file, pdf = TRUE, clean = clean, quiet = quiet, :
     Running 'texi2dvi' on 'treecm.tex' failed.
    LaTeX errors:
    ! LaTeX Error: File `sidecap.sty' not found.
    
    Type X to quit or <RETURN> to proceed,
    or enter new name. (Default extension: sty)
    
    test/treecm/vignettes/treecm.tex:5: ==> Fatal error occurred, no output PDF fi
    le produced!
    Calls: buildVignettes -> texi2pdf -> texi2dvi
    Execution halted
Flavor: r-release-osx-x86_64-mavericks