CRAN Package Check Results for Package treefit

Last updated on 2020-09-29 16:48:58 CEST.

Flavor Version Tinstall Tcheck Ttotal Status Flags
r-devel-linux-x86_64-debian-clang 1.0.0 4.07 442.64 446.71 OK
r-devel-linux-x86_64-debian-gcc 1.0.0 3.52 323.01 326.53 OK
r-devel-linux-x86_64-fedora-clang 1.0.0 571.32 OK
r-devel-linux-x86_64-fedora-gcc 1.0.0 557.81 OK
r-devel-windows-ix86+x86_64 1.0.0 12.00 448.00 460.00 OK
r-patched-linux-x86_64 1.0.0 4.11 435.00 439.11 ERROR
r-patched-solaris-x86 1.0.0 1270.50 OK
r-release-linux-x86_64 1.0.0 3.97 433.60 437.57 OK
r-release-macos-x86_64 1.0.0 OK
r-release-windows-ix86+x86_64 1.0.0 11.00 609.00 620.00 OK
r-oldrel-macos-x86_64 1.0.0 OK
r-oldrel-windows-ix86+x86_64 1.0.0 9.00 571.00 580.00 OK

Check Details

Version: 1.0.0
Check: tests
Result: ERROR
     Running ‘testthat.R’ [11s/12s]
    Running the tests in ‘tests/testthat.R’ failed.
    Complete output:
     > # Copyright (C) 2020 Momoko Hayamizu <hayamizu@ism.ac.jp>
     > #
     > # This program is free software: you can redistribute it and/or modify
     > # it under the terms of the GNU General Public License as published by
     > # the Free Software Foundation, either version 3 of the License, or
     > # (at your option) any later version.
     > #
     > # This program is distributed in the hope that it will be useful,
     > # but WITHOUT ANY WARRANTY; without even the implied warranty of
     > # MERCHANTABILITY or FITNESS FOR A PARTICULAR PURPOSE. See the
     > # GNU General Public License for more details.
     > #
     > # You should have received a copy of the GNU General Public License
     > # along with this program. If not, see <http://www.gnu.org/licenses/>.
     >
     > library(testthat)
     > library(treefit)
     >
     > test_check("treefit")
     ── 1. Failure: treefit: 3 arms (@test-treefit.R#96) ───────────────────────────
     list("tree-like", 3) not equal to list(fit$name, fit$n_principal_paths_candidates[1]).
     Component 2: Mean relative difference: 0.3333333
    
     ══ testthat results ═══════════════════════════════════════════════════════════
     [ OK: 8 | SKIPPED: 0 | WARNINGS: 0 | FAILED: 1 ]
     1. Failure: treefit: 3 arms (@test-treefit.R#96)
    
     Error: testthat unit tests failed
     Execution halted
Flavor: r-patched-linux-x86_64