CRAN Package Check Results for Package treemap

Last updated on 2015-07-03 13:46:55.

Flavor Version Tinstall Tcheck Ttotal Status Flags
r-devel-linux-x86_64-debian-clang 2.3 1.56 32.85 34.40 NOTE
r-devel-linux-x86_64-debian-gcc 2.3 3.54 33.08 36.62 NOTE
r-devel-linux-x86_64-fedora-clang 2.3 70.14 NOTE
r-devel-linux-x86_64-fedora-gcc 2.3 65.65 NOTE
r-devel-osx-x86_64-clang 2.3 56.22 OK
r-devel-windows-ix86+x86_64 2.3 6.00 58.00 64.00 NOTE
r-patched-linux-x86_64 2.3 3.56 33.62 37.18 OK
r-patched-solaris-sparc 2.3 454.20 OK
r-patched-solaris-x86 2.3 89.70 OK
r-release-linux-x86_64 2.3 1.70 33.80 35.50 OK
r-release-osx-x86_64-mavericks 2.3 OK
r-release-windows-ix86+x86_64 2.3 7.00 59.00 66.00 OK
r-oldrel-windows-ix86+x86_64 2.3 14.00 135.00 149.00 OK

Check Details

Version: 2.3
Check: R code for possible problems
Result: NOTE
    cat2col: no visible global function definition for ‘hcl’
    comp2col: no visible global function definition for ‘colorRampPalette’
    createRec: no visible global function definition for ‘col2rgb’
    createRec: no visible global function definition for ‘rgb’
    dens2col: no visible global function definition for ‘colorRampPalette’
    depth2col: no visible global function definition for ‘hcl’
    itreemap : <anonymous>: no visible global function definition for ‘as’
    itreemap : <anonymous>: no visible binding for global variable ‘hcl’
    itreemap : <anonymous>: no visible global function definition for ‘par’
    random.hierarchical.data: no visible binding for global variable
     ‘rlnorm’
    random.hierarchical.data: no visible global function definition for
     ‘rpois’
    treecolors : <anonymous>: no visible binding for global variable
     ‘rnorm’
    treegraph: no visible global function definition for ‘hcl’
    treegraph: no visible global function definition for ‘par’
    treemap: no visible global function definition for ‘col2rgb’
    treepalette: no visible global function definition for ‘hcl’
    treepalette: no visible global function definition for ‘as’
    value2col: no visible global function definition for ‘colorRampPalette’
    Undefined global functions or variables:
     as col2rgb colorRampPalette hcl par rgb rlnorm rnorm rpois
Flavors: r-devel-linux-x86_64-debian-clang, r-devel-linux-x86_64-debian-gcc, r-devel-linux-x86_64-fedora-clang, r-devel-linux-x86_64-fedora-gcc, r-devel-windows-ix86+x86_64