CRAN Package Check Results for Package treemap

Last updated on 2015-05-26 08:48:11.

Flavor Version Tinstall Tcheck Ttotal Status Flags
r-devel-linux-x86_64-debian-clang 2.2 1.69 34.52 36.21 OK
r-devel-linux-x86_64-debian-gcc 2.2 1.49 33.16 34.65 OK
r-devel-linux-x86_64-fedora-clang 2.2 70.83 OK
r-devel-linux-x86_64-fedora-gcc 2.2 65.97 OK
r-devel-osx-x86_64-clang 2.2 64.07 OK
r-devel-windows-ix86+x86_64 2.2 6.00 57.00 63.00 OK
r-patched-linux-x86_64 2.2 1.50 33.49 34.99 OK
r-patched-solaris-sparc 2.2 422.90 OK
r-patched-solaris-x86 2.2 90.90 OK
r-release-linux-x86_64 2.2 1.50 33.28 34.78 OK
r-release-osx-x86_64-mavericks 2.2 OK
r-release-osx-x86_64-snowleopard 2.2 ERROR
r-release-windows-ix86+x86_64 2.2 6.00 52.00 58.00 OK
r-oldrel-windows-ix86+x86_64 2.2 12.00 99.00 111.00 OK

Check Details

Version: 2.2
Check: package dependencies
Result: ERROR
    Packages required but not available: ‘ggplot2’ ‘igraph’
    
    See section ‘The DESCRIPTION file’ in the ‘Writing R Extensions’
    manual.
Flavor: r-release-osx-x86_64-snowleopard