CRAN Package Check Results for Package treemap

Last updated on 2014-04-25 09:52:26.

Flavor Version Tinstall Tcheck Ttotal Status Flags
r-devel-linux-x86_64-debian-clang 2.2 3.14 50.91 54.04 OK
r-devel-linux-x86_64-debian-gcc 2.2 2.93 50.40 53.32 OK
r-devel-linux-x86_64-fedora-clang 2.2 104.18 OK
r-devel-linux-x86_64-fedora-gcc 2.2 100.13 OK
r-devel-osx-x86_64-clang 2.2 102.06 OK
r-devel-osx-x86_64-gcc 2.2 ERROR
r-devel-windows-ix86+x86_64 2.2 9.00 74.00 83.00 OK
r-patched-linux-x86_64 2.2 2.88 49.89 52.77 OK
r-patched-solaris-sparc 2.2 542.00 OK
r-patched-solaris-x86 2.2 124.80 OK
r-release-linux-ix86 2.2 5.00 81.00 86.00 OK
r-release-linux-x86_64 2.2 3.03 49.76 52.79 OK
r-release-osx-x86_64-mavericks 2.2 WARN
r-release-osx-x86_64-snowleopard 2.2 OK
r-release-windows-ix86+x86_64 2.2 10.00 83.00 93.00 OK
r-oldrel-windows-ix86+x86_64 2.2 9.00 80.00 89.00 OK

Check Details

Version: 2.2
Check: package dependencies
Result: ERROR
    Packages required but not available: ‘ggplot2’ ‘igraph’
    
    See the information on DESCRIPTION files in the chapter ‘Creating R
    packages’ of the ‘Writing R Extensions’ manual.
Flavor: r-devel-osx-x86_64-gcc

Version: 2.2
Check: PDF version of manual
Result: WARNING
    LaTeX errors when creating PDF version.
    This typically indicates Rd problems.
    LaTeX errors found:
    ! LaTeX Error: File `upquote.sty' not found.
    
    Type X to quit or <RETURN> to proceed,
    or enter new name. (Default extension: sty)
    
    67205a3/Rd2.tex:8: ==> Fatal error occurred, no output PDF file produced!
Flavor: r-release-osx-x86_64-mavericks