CRAN Package Check Results for Package treemap

Last updated on 2016-02-07 03:50:55.

Flavor Version Tinstall Tcheck Ttotal Status Flags
r-devel-linux-x86_64-debian-gcc 2.4 1.31 33.38 34.69 OK
r-devel-linux-x86_64-fedora-clang 2.4 68.32 OK
r-devel-linux-x86_64-fedora-gcc 2.4 64.26 OK
r-devel-osx-x86_64-clang 2.4 77.89 OK
r-devel-windows-ix86+x86_64 2.4 6.00 78.00 84.00 OK
r-patched-linux-x86_64 2.4 1.60 36.52 38.12 OK
r-patched-solaris-sparc 2.4 443.30 OK
r-patched-solaris-x86 2.4 90.10 OK
r-release-linux-x86_64 2.4 1.77 36.89 38.66 WARN
r-release-osx-x86_64-mavericks 2.4 OK
r-release-windows-ix86+x86_64 2.4 6.00 60.00 66.00 OK
r-oldrel-windows-ix86+x86_64 2.4 17.00 143.00 160.00 WARN

Check Details

Version: 2.4
Check: whether package can be installed
Result: WARN
    Found the following significant warnings:
     Warning: replacing previous import by ‘grid::arrow’ when loading ‘treemap’
     Warning: replacing previous import by ‘grid::unit’ when loading ‘treemap’
Flavors: r-release-linux-x86_64, r-oldrel-windows-ix86+x86_64