CRAN Package Check Results for Package treemap

Last updated on 2015-08-28 08:47:19.

Flavor Version Tinstall Tcheck Ttotal Status Flags
r-devel-linux-x86_64-debian-clang 2.3 1.48 33.77 35.25 NOTE
r-devel-linux-x86_64-debian-gcc 2.3 1.46 33.20 34.67 NOTE
r-devel-linux-x86_64-fedora-clang 2.3 67.74 NOTE
r-devel-linux-x86_64-fedora-gcc 2.3 63.00 NOTE
r-devel-osx-x86_64-clang 2.3 60.68 OK
r-devel-windows-ix86+x86_64 2.3 11.00 62.00 73.00 NOTE
r-patched-linux-x86_64 2.3 1.58 33.81 35.39 OK
r-patched-solaris-sparc 2.3 449.10 OK
r-patched-solaris-x86 2.3 96.20 OK
r-release-linux-x86_64 2.3 1.68 34.02 35.70 OK
r-release-osx-x86_64-mavericks 2.3 OK
r-release-windows-ix86+x86_64 2.3 9.00 66.00 75.00 OK
r-oldrel-windows-ix86+x86_64 2.3 19.00 99.00 118.00 OK

Check Details

Version: 2.3
Check: R code for possible problems
Result: NOTE
    cat2col: no visible global function definition for ‘hcl’
    comp2col: no visible global function definition for ‘colorRampPalette’
    createRec: no visible global function definition for ‘col2rgb’
    createRec: no visible global function definition for ‘rgb’
    dens2col: no visible global function definition for ‘colorRampPalette’
    depth2col: no visible global function definition for ‘hcl’
    itreemap : <anonymous>: no visible global function definition for ‘as’
    itreemap : <anonymous>: no visible binding for global variable ‘hcl’
    itreemap : <anonymous>: no visible global function definition for ‘par’
    random.hierarchical.data: no visible binding for global variable
     ‘rlnorm’
    random.hierarchical.data: no visible global function definition for
     ‘rpois’
    treecolors : <anonymous>: no visible binding for global variable
     ‘rnorm’
    treegraph: no visible global function definition for ‘hcl’
    treegraph: no visible global function definition for ‘par’
    treemap: no visible global function definition for ‘col2rgb’
    treepalette: no visible global function definition for ‘hcl’
    treepalette: no visible global function definition for ‘as’
    value2col: no visible global function definition for ‘colorRampPalette’
    Undefined global functions or variables:
     as col2rgb colorRampPalette hcl par rgb rlnorm rnorm rpois
    Consider adding
     importFrom("grDevices", "col2rgb", "colorRampPalette", "hcl", "rgb")
     importFrom("graphics", "par")
     importFrom("methods", "as")
     importFrom("stats", "rlnorm", "rnorm", "rpois")
    to your NAMESPACE (and ensure that your DESCRIPTION Imports field
    contains 'methods').
Flavors: r-devel-linux-x86_64-debian-clang, r-devel-linux-x86_64-debian-gcc, r-devel-linux-x86_64-fedora-clang, r-devel-linux-x86_64-fedora-gcc, r-devel-windows-ix86+x86_64