CRAN Package Check Results for Package treemap

Last updated on 2015-04-26 23:47:05.

Flavor Version Tinstall Tcheck Ttotal Status Flags
r-devel-linux-x86_64-debian-clang 2.2 1.54 33.69 35.23 OK
r-devel-linux-x86_64-debian-gcc 2.2 1.51 34.25 35.76 OK
r-devel-linux-x86_64-fedora-clang 2.2 70.88 OK
r-devel-linux-x86_64-fedora-gcc 2.2 65.12 OK
r-devel-osx-x86_64-clang 2.2 63.16 OK
r-devel-windows-ix86+x86_64 2.2 6.00 57.00 63.00 OK
r-patched-linux-x86_64 2.2 1.50 33.18 34.68 OK
r-patched-solaris-sparc 2.2 426.60 OK
r-patched-solaris-x86 2.2 87.60 OK
r-release-linux-x86_64 2.2 1.48 33.25 34.72 OK
r-release-osx-x86_64-mavericks 2.2 OK
r-release-osx-x86_64-snowleopard 2.2 ERROR
r-release-windows-ix86+x86_64 2.2 6.00 55.00 61.00 OK
r-oldrel-windows-ix86+x86_64 2.2 9.00 84.00 93.00 OK

Check Details

Version: 2.2
Check: package dependencies
Result: ERROR
    Packages required but not available: ‘ggplot2’ ‘igraph’
    
    See section ‘The DESCRIPTION file’ in the ‘Writing R Extensions’
    manual.
Flavor: r-release-osx-x86_64-snowleopard