Last updated on 2023-05-28 07:57:44 CEST.
Flavor | Version | Tinstall | Tcheck | Ttotal | Status | Flags |
---|---|---|---|---|---|---|
r-devel-linux-x86_64-debian-clang | 0.0.1 | 21.68 | 36.26 | 57.94 | OK | |
r-devel-linux-x86_64-debian-gcc | 0.0.1 | 14.99 | 28.03 | 43.02 | OK | |
r-devel-linux-x86_64-fedora-clang | 0.0.1 | 80.01 | NOTE | |||
r-devel-linux-x86_64-fedora-gcc | 0.0.1 | 75.95 | NOTE | |||
r-devel-windows-x86_64 | 0.0.1 | 18.00 | 78.00 | 96.00 | OK | |
r-patched-linux-x86_64 | 0.0.1 | 18.31 | 35.13 | 53.44 | OK | |
r-release-linux-x86_64 | 0.0.1 | 19.17 | 34.65 | 53.82 | OK | |
r-release-macos-arm64 | 0.0.1 | 26.00 | OK | |||
r-release-macos-x86_64 | 0.0.1 | 40.00 | OK | |||
r-release-windows-x86_64 | 0.0.1 | 22.00 | 86.00 | 108.00 | OK | |
r-oldrel-macos-arm64 | 0.0.1 | 26.00 | NOTE | |||
r-oldrel-macos-x86_64 | 0.0.1 | 36.00 | NOTE | |||
r-oldrel-windows-x86_64 | 0.0.1 | 21.00 | 72.00 | 93.00 | OK |
Version: 0.0.1
Check: dependencies in R code
Result: NOTE
Namespace in Imports field not imported from: ‘Rcpp’
All declared Imports should be used.
Flavors: r-devel-linux-x86_64-fedora-clang, r-devel-linux-x86_64-fedora-gcc, r-oldrel-macos-arm64, r-oldrel-macos-x86_64
Version: 0.0.1
Check: Rd cross-references
Result: NOTE
Undeclared package ‘ISLR’ in Rd xrefs
Flavor: r-devel-linux-x86_64-fedora-clang