CRAN Package Check Results for Package treethresh

Last updated on 2015-08-29 06:48:01.

Flavor Version Tinstall Tcheck Ttotal Status Flags
r-devel-linux-x86_64-debian-clang 0.1-8 1.84 25.54 27.37 NOTE
r-devel-linux-x86_64-debian-gcc 0.1-8 2.26 24.84 27.10 NOTE
r-devel-linux-x86_64-fedora-clang 0.1-8 53.67 NOTE
r-devel-linux-x86_64-fedora-gcc 0.1-8 51.55 NOTE
r-devel-osx-x86_64-clang 0.1-8 41.74 NOTE
r-devel-windows-ix86+x86_64 0.1-8 21.00 66.00 87.00 NOTE
r-patched-linux-x86_64 0.1-8 2.35 25.80 28.16 NOTE
r-patched-solaris-sparc 0.1-8 331.90 NOTE
r-patched-solaris-x86 0.1-8 73.10 NOTE
r-release-linux-x86_64 0.1-8 2.44 26.30 28.74 NOTE
r-release-osx-x86_64-mavericks 0.1-8 OK
r-release-windows-ix86+x86_64 0.1-8 16.00 68.00 84.00 OK
r-oldrel-windows-ix86+x86_64 0.1-8 18.00 76.00 94.00 OK

Check Details

Version: 0.1-8
Check: S3 generic/method consistency
Result: NOTE
    Found the following apparent S3 methods exported but not registered:
     estimate.sdev.imwd estimate.sdev.wd extract.coefficients.imwd
     extract.coefficients.wd get.t.treethresh get.t.wtthresh
     get.w.treethresh get.w.wtthresh insert.coefficients.imwd
     insert.coefficients.wd prune.treethresh prune.wtthresh
     subtree.treethresh subtree.wtthresh thresh.treethresh thresh.wtthresh
    See section ‘Registering S3 methods’ in the ‘Writing R Extensions’
    manual.
Flavors: r-devel-linux-x86_64-debian-clang, r-devel-linux-x86_64-debian-gcc, r-devel-linux-x86_64-fedora-clang, r-devel-linux-x86_64-fedora-gcc, r-devel-osx-x86_64-clang, r-patched-linux-x86_64, r-patched-solaris-sparc, r-patched-solaris-x86, r-release-linux-x86_64

Version: 0.1-8
Check: R code for possible problems
Result: NOTE
    estimate.sdev: no visible binding for global variable ‘mad’
    estimate.sdev.imwd: no visible binding for global variable ‘mad’
    estimate.sdev.imwd: no visible global function definition for ‘median’
    estimate.sdev.numeric: no visible binding for global variable ‘mad’
    estimate.sdev.numeric: no visible global function definition for
     ‘median’
    estimate.sdev.wd: no visible binding for global variable ‘mad’
    prune.treethresh: no visible global function definition for ‘na.omit’
    prune.treethresh: no visible binding for global variable ‘sd’
    prune.treethresh: no visible global function definition for ‘segments’
    prune.treethresh: no visible global function definition for ‘axis’
    prune.treethresh: no visible global function definition for ‘mtext’
    prune.treethresh: no visible global function definition for ‘abline’
    prune.wtthresh: no visible global function definition for ‘na.omit’
    prune.wtthresh: no visible binding for global variable ‘sd’
    prune.wtthresh: no visible global function definition for ‘segments’
    prune.wtthresh: no visible global function definition for ‘axis’
    prune.wtthresh: no visible global function definition for ‘mtext’
    prune.wtthresh: no visible global function definition for ‘abline’
    wavelet.treethresh: no visible binding for global variable ‘mad’
    Undefined global functions or variables:
     abline axis mad median mtext na.omit sd segments
    Consider adding
     importFrom("graphics", "abline", "axis", "mtext", "segments")
     importFrom("stats", "mad", "median", "na.omit", "sd")
    to your NAMESPACE.
Flavors: r-devel-linux-x86_64-debian-clang, r-devel-linux-x86_64-debian-gcc, r-devel-linux-x86_64-fedora-clang, r-devel-linux-x86_64-fedora-gcc, r-devel-windows-ix86+x86_64