CRAN Package Check Results for Package treethresh

Last updated on 2014-07-23 05:49:13.

Flavor Version Tinstall Tcheck Ttotal Status Flags
r-devel-linux-x86_64-debian-clang 0.1-7 1.84 16.22 18.06 NOTE
r-devel-linux-x86_64-debian-gcc 0.1-7 2.32 16.06 18.37 NOTE
r-devel-linux-x86_64-fedora-clang 0.1-7 47.67 NOTE
r-devel-linux-x86_64-fedora-gcc 0.1-7 47.91 NOTE
r-devel-osx-x86_64-clang 0.1-7 36.05 NOTE
r-devel-windows-ix86+x86_64 0.1-7 13.00 41.00 54.00 NOTE
r-patched-linux-x86_64 0.1-7 2.33 18.00 20.33 NOTE
r-patched-solaris-sparc 0.1-7 220.40 NOTE
r-patched-solaris-x86 0.1-7 63.60 NOTE
r-release-linux-ix86 0.1-7 3.52 26.11 29.62 NOTE
r-release-linux-x86_64 0.1-7 2.45 16.32 18.78 NOTE
r-release-osx-x86_64-mavericks 0.1-7 NOTE
r-release-osx-x86_64-snowleopard 0.1-7 NOTE
r-release-windows-ix86+x86_64 0.1-7 13.00 41.00 54.00 NOTE
r-oldrel-windows-ix86+x86_64 0.1-7 15.00 55.00 70.00 NOTE

Check Details

Version: 0.1-7
Check: dependencies in R code
Result: NOTE
    Packages in Depends field not imported from:
     ‘EbayesThresh’ ‘wavethresh’
     These packages need to be imported from (in the NAMESPACE file)
     for when this namespace is loaded but not attached.
    See the information on DESCRIPTION files in the chapter ‘Creating R
    packages’ of the ‘Writing R Extensions’ manual.
Flavors: r-devel-linux-x86_64-debian-clang, r-devel-linux-x86_64-debian-gcc, r-devel-linux-x86_64-fedora-clang, r-devel-linux-x86_64-fedora-gcc, r-devel-osx-x86_64-clang, r-devel-windows-ix86+x86_64, r-patched-linux-x86_64, r-patched-solaris-sparc, r-patched-solaris-x86, r-release-linux-ix86, r-release-linux-x86_64, r-release-osx-x86_64-mavericks, r-release-windows-ix86+x86_64, r-oldrel-windows-ix86+x86_64

Version: 0.1-7
Check: for old-style vignette sources
Result: NOTE
    Vignette sources only in ‘inst/doc’:
     ‘treethresh.Rnw’
    A ‘vignettes’ directory is required as from R 3.1.0
    and these will not be indexed nor checked
Flavors: r-devel-linux-x86_64-debian-clang, r-devel-linux-x86_64-debian-gcc, r-devel-linux-x86_64-fedora-clang, r-devel-linux-x86_64-fedora-gcc, r-devel-osx-x86_64-clang, r-patched-linux-x86_64, r-patched-solaris-sparc, r-patched-solaris-x86, r-release-linux-ix86, r-release-linux-x86_64, r-release-osx-x86_64-mavericks, r-release-osx-x86_64-snowleopard

Version: 0.1-7
Check: Rd line widths
Result: NOTE
    Rd file 'treethresh.Rd':
     \examples lines wider than 100 characters:
     mu[non.zero.entry] <- rexp(num.non.zero.entries,rate=0.5)*sample(c(-1,1),num.non.zero.entries,replace=TRUE)
    
    These lines will be truncated in the PDF manual.
Flavors: r-devel-linux-x86_64-fedora-clang, r-devel-linux-x86_64-fedora-gcc

Version: 0.1-7
Check: for old-style vignette sources
Result: NOTE
    Vignette sources only in 'inst/doc':
     'treethresh.Rnw'
    A 'vignettes' directory is required as from R 3.1.0
    and these will not be indexed nor checked
    * checking examples ...
Flavors: r-devel-windows-ix86+x86_64, r-release-windows-ix86+x86_64

Version: 0.1-7
Check: for old-style vignette sources
Result: NOTE
    Vignette sources only in 'inst/doc':
     'treethresh.Rnw'
    A 'vignettes' directory will be required as from R 3.1.0
    * checking examples ...
Flavor: r-oldrel-windows-ix86+x86_64