CRAN Package Check Results for Package treethresh

Last updated on 2017-02-27 23:04:04.

Flavor Version Tinstall Tcheck Ttotal Status Flags
r-devel-linux-x86_64-debian-clang 0.1-9 2.36 27.69 30.04 NOTE
r-devel-linux-x86_64-debian-gcc 0.1-9 2.52 25.76 28.28 NOTE
r-devel-linux-x86_64-fedora-clang 0.1-9 54.47 NOTE --no-stop-on-test-error
r-devel-linux-x86_64-fedora-gcc 0.1-9 52.10 NOTE --no-stop-on-test-error
r-devel-macos-x86_64-clang 0.1-9 39.58 NOTE --no-stop-on-test-error
r-devel-windows-ix86+x86_64 0.1-9 13.00 82.00 95.00 OK
r-patched-linux-x86_64 0.1-9 2.31 23.24 25.55 OK
r-patched-solaris-sparc 0.1-9 267.30 OK
r-patched-solaris-x86 0.1-9 56.10 OK
r-release-linux-x86_64 0.1-9 2.28 23.03 25.32 OK
r-release-osx-x86_64-mavericks 0.1-9 OK
r-release-windows-ix86+x86_64 0.1-9 23.00 57.00 80.00 OK
r-oldrel-windows-ix86+x86_64 0.1-9 11.00 89.00 100.00 OK

Check Details

Version: 0.1-9
Check: compiled code
Result: NOTE
    File ‘treethresh/libs/treethresh.so’:
     Found no calls to: ‘R_registerRoutines’, ‘R_useDynamicSymbols’
    
    It is good practice to register native routines and to disable symbol
    search.
    
    See ‘Writing portable packages’ in the ‘Writing R Extensions’ manual.
Flavors: r-devel-linux-x86_64-debian-clang, r-devel-linux-x86_64-debian-gcc

Version: 0.1-9
Flags: --no-stop-on-test-error
Check: compiled code
Result: NOTE
    File ‘treethresh/libs/treethresh.so’:
     Found no calls to: ‘R_registerRoutines’, ‘R_useDynamicSymbols’
    
    It is good practice to register native routines and to disable symbol
    search.
    
    See ‘Writing portable packages’ in the ‘Writing R Extensions’ manual.
Flavors: r-devel-linux-x86_64-fedora-clang, r-devel-linux-x86_64-fedora-gcc, r-devel-macos-x86_64-clang