CRAN Package Check Results for Package treethresh

Last updated on 2015-03-07 03:50:25.

Flavor Version Tinstall Tcheck Ttotal Status Flags
r-devel-linux-x86_64-debian-clang 0.1-8 1.78 26.14 27.91 NOTE
r-devel-linux-x86_64-debian-gcc 0.1-8 2.30 25.84 28.14 NOTE
r-devel-linux-x86_64-fedora-clang 0.1-8 54.43 NOTE
r-devel-linux-x86_64-fedora-gcc 0.1-8 52.86 NOTE
r-devel-osx-x86_64-clang 0.1-8 49.45 NOTE
r-devel-windows-ix86+x86_64 0.1-8 19.00 61.00 80.00 OK
r-patched-linux-x86_64 0.1-8 2.60 28.92 31.52 OK
r-patched-solaris-sparc 0.1-8 380.40 OK
r-patched-solaris-x86 0.1-8 79.30 OK
r-release-linux-ix86 0.1-8 3.42 44.28 47.71 OK
r-release-linux-x86_64 0.1-8 2.58 28.68 31.26 OK
r-release-osx-x86_64-mavericks 0.1-8 OK
r-release-osx-x86_64-snowleopard 0.1-8 OK
r-release-windows-ix86+x86_64 0.1-8 15.00 65.00 80.00 OK
r-oldrel-windows-ix86+x86_64 0.1-8 15.00 91.00 106.00 OK

Check Details

Version: 0.1-8
Check: S3 generic/method consistency
Result: NOTE
    Found the following apparent S3 methods exported but not registered:
     estimate.sdev.imwd estimate.sdev.wd extract.coefficients.imwd
     extract.coefficients.wd get.t.treethresh get.t.wtthresh
     get.w.treethresh get.w.wtthresh insert.coefficients.imwd
     insert.coefficients.wd prune.treethresh prune.wtthresh
     subtree.treethresh subtree.wtthresh thresh.treethresh thresh.wtthresh
    See section ‘Registering S3 methods’ in the ‘Writing R Extensions’
    manual.
Flavors: r-devel-linux-x86_64-debian-clang, r-devel-linux-x86_64-debian-gcc, r-devel-linux-x86_64-fedora-clang, r-devel-linux-x86_64-fedora-gcc, r-devel-osx-x86_64-clang