CRAN Package Check Results for Package treethresh

Last updated on 2014-11-28 12:47:02.

Flavor Version Tinstall Tcheck Ttotal Status Flags
r-devel-linux-x86_64-debian-clang 0.1-8 1.89 28.36 30.25 OK
r-devel-linux-x86_64-debian-gcc 0.1-8 2.38 28.13 30.51 OK
r-devel-linux-x86_64-fedora-clang 0.1-8 60.04 OK
r-devel-linux-x86_64-fedora-gcc 0.1-8 58.69 OK
r-devel-osx-x86_64-clang 0.1-8 51.84 OK
r-devel-windows-ix86+x86_64 0.1-8 13.00 60.00 73.00 OK
r-patched-linux-x86_64 0.1-8 2.47 28.94 31.41 OK
r-patched-solaris-sparc 0.1-8 317.00 OK
r-patched-solaris-x86 0.1-8 77.70 OK
r-release-linux-ix86 0.1-8 3.40 38.48 41.87 OK
r-release-linux-x86_64 0.1-8 2.44 28.94 31.39 OK
r-release-osx-x86_64-mavericks 0.1-8 NOTE
r-release-osx-x86_64-snowleopard 0.1-8 OK
r-release-windows-ix86+x86_64 0.1-8 16.00 64.00 80.00 OK
r-oldrel-windows-ix86+x86_64 0.1-8 14.00 57.00 71.00 OK

Check Details

Version: 0.1-8
Check: re-building of vignette outputs
Result: NOTE
    Error in re-building vignettes:
     ...
    Loading required package: EbayesThresh
    Loading required package: wavethresh
    Loading required package: MASS
    WaveThresh: R wavelet software, release 4.6.6, installed
    
    Copyright Guy Nason and others 1993-2013
    
    Note: nlevels has been renamed to nlevelsWT
    
    Error in texi2dvi(file = file, pdf = TRUE, clean = clean, quiet = quiet, :
     Running 'texi2dvi' on 'treethresh.tex' failed.
    LaTeX errors:
    ! LaTeX Error: File `subfigure.sty' not found.
    
    Type X to quit or <RETURN> to proceed,
    or enter new name. (Default extension: sty)
    
    ign_test/treethresh/vignettes/treethresh.tex:3: ==> Fatal error occurred, no o
    utput PDF file produced!
    Calls: buildVignettes -> texi2pdf -> texi2dvi
    Execution halted
Flavor: r-release-osx-x86_64-mavericks