CRAN Package Check Results for Package treethresh

Last updated on 2015-04-02 05:49:52.

Flavor Version Tinstall Tcheck Ttotal Status Flags
r-devel-linux-x86_64-debian-clang 0.1-8 1.83 26.58 28.40 NOTE
r-devel-linux-x86_64-debian-gcc 0.1-8 2.38 25.92 28.30 NOTE
r-devel-linux-x86_64-fedora-clang 0.1-8 55.87 NOTE
r-devel-linux-x86_64-fedora-gcc 0.1-8 54.13 NOTE
r-devel-osx-x86_64-clang 0.1-8 51.63 NOTE
r-prerel-windows-ix86+x86_64 0.1-8 15.00 63.00 78.00 OK
r-prerel-linux-x86_64 0.1-8 2.28 26.04 28.32 NOTE
r-prerel-solaris-sparc 0.1-8 330.70 OK
r-prerel-solaris-x86 0.1-8 70.80 OK
r-release-linux-x86_64 0.1-8 2.61 28.69 31.30 OK
r-release-osx-x86_64-mavericks 0.1-8 OK
r-release-osx-x86_64-snowleopard 0.1-8 OK
r-release-windows-ix86+x86_64 0.1-8 15.00 68.00 83.00 OK
r-oldrel-windows-ix86+x86_64 0.1-8 15.00 64.00 79.00 OK

Check Details

Version: 0.1-8
Check: S3 generic/method consistency
Result: NOTE
    Found the following apparent S3 methods exported but not registered:
     estimate.sdev.imwd estimate.sdev.wd extract.coefficients.imwd
     extract.coefficients.wd get.t.treethresh get.t.wtthresh
     get.w.treethresh get.w.wtthresh insert.coefficients.imwd
     insert.coefficients.wd prune.treethresh prune.wtthresh
     subtree.treethresh subtree.wtthresh thresh.treethresh thresh.wtthresh
    See section ‘Registering S3 methods’ in the ‘Writing R Extensions’
    manual.
Flavors: r-devel-linux-x86_64-debian-clang, r-devel-linux-x86_64-debian-gcc, r-devel-linux-x86_64-fedora-clang, r-devel-linux-x86_64-fedora-gcc, r-devel-osx-x86_64-clang, r-prerel-linux-x86_64