CRAN Package Check Results for Package treethresh

Last updated on 2017-10-17 01:48:21.

Flavor Version Tinstall Tcheck Ttotal Status Flags
r-devel-linux-x86_64-debian-clang 0.1-11 2.55 27.83 30.38 OK
r-devel-linux-x86_64-debian-gcc 0.1-11 2.75 29.90 32.65 OK
r-devel-linux-x86_64-fedora-clang 0.1-11 57.65 OK
r-devel-linux-x86_64-fedora-gcc 0.1-11 53.41 OK
r-devel-windows-ix86+x86_64 0.1-11 14.00 100.00 114.00 OK
r-patched-linux-x86_64 0.1-11 2.64 25.70 28.34 OK
r-patched-solaris-x86 0.1-11 67.30 OK
r-release-linux-x86_64 0.1-11 2.65 25.49 28.14 OK
r-release-windows-ix86+x86_64 0.1-11 20.00 61.00 81.00 OK
r-release-osx-x86_64 0.1-11 OK
r-oldrel-windows-ix86+x86_64 0.1-11 4.00 6.00 10.00 ERROR
r-oldrel-osx-x86_64 0.1-11 ERROR

Additional issues

rchk

Check Details

Version: 0.1-11
Check: whether package can be installed
Result: ERROR
    Installation failed.
Flavors: r-oldrel-windows-ix86+x86_64, r-oldrel-osx-x86_64