CRAN Package Check Results for Package treethresh

Last updated on 2018-02-18 06:46:46 CET.

Flavor Version Tinstall Tcheck Ttotal Status Flags
r-devel-linux-x86_64-debian-clang 0.1-11 3.43 38.89 42.32 OK
r-devel-linux-x86_64-debian-gcc 0.1-11 3.80 29.92 33.72 OK
r-devel-linux-x86_64-fedora-clang 0.1-11 54.91 OK
r-devel-linux-x86_64-fedora-gcc 0.1-11 52.32 OK
r-devel-windows-ix86+x86_64 0.1-11 13.00 60.00 73.00 OK
r-patched-linux-x86_64 0.1-11 3.97 39.53 43.50 OK
r-patched-solaris-x86 0.1-11 65.50 OK
r-release-linux-x86_64 0.1-11 4.05 39.85 43.90 OK
r-release-windows-ix86+x86_64 0.1-11 19.00 85.00 104.00 OK
r-release-osx-x86_64 0.1-11 OK
r-oldrel-windows-ix86+x86_64 0.1-11 3.00 6.00 9.00 ERROR
r-oldrel-osx-x86_64 0.1-11 ERROR

Additional issues

rchk

Check Details

Version: 0.1-11
Check: whether package can be installed
Result: ERROR
    Installation failed.
Flavors: r-oldrel-windows-ix86+x86_64, r-oldrel-osx-x86_64