CRAN Package Check Results for Package treethresh

Last updated on 2015-05-29 23:48:21.

Flavor Version Tinstall Tcheck Ttotal Status Flags
r-devel-linux-x86_64-debian-clang 0.1-8 1.99 25.94 27.93 NOTE
r-devel-linux-x86_64-debian-gcc 0.1-8 2.38 26.06 28.44 NOTE
r-devel-linux-x86_64-fedora-clang 0.1-8 55.37 NOTE
r-devel-linux-x86_64-fedora-gcc 0.1-8 53.75 NOTE
r-devel-osx-x86_64-clang 0.1-8 49.53 NOTE
r-devel-windows-ix86+x86_64 0.1-8 12.00 59.00 71.00 OK
r-patched-linux-x86_64 0.1-8 2.32 26.16 28.48 NOTE
r-patched-solaris-sparc 0.1-8 328.30 NOTE
r-patched-solaris-x86 0.1-8 71.20 NOTE
r-release-linux-x86_64 0.1-8 2.36 27.10 29.46 NOTE
r-release-osx-x86_64-mavericks 0.1-8 OK
r-release-osx-x86_64-snowleopard 0.1-8 OK
r-release-windows-ix86+x86_64 0.1-8 14.00 60.00 74.00 OK
r-oldrel-windows-ix86+x86_64 0.1-8 14.00 83.00 97.00 OK

Check Details

Version: 0.1-8
Check: S3 generic/method consistency
Result: NOTE
    Found the following apparent S3 methods exported but not registered:
     estimate.sdev.imwd estimate.sdev.wd extract.coefficients.imwd
     extract.coefficients.wd get.t.treethresh get.t.wtthresh
     get.w.treethresh get.w.wtthresh insert.coefficients.imwd
     insert.coefficients.wd prune.treethresh prune.wtthresh
     subtree.treethresh subtree.wtthresh thresh.treethresh thresh.wtthresh
    See section ‘Registering S3 methods’ in the ‘Writing R Extensions’
    manual.
Flavors: r-devel-linux-x86_64-debian-clang, r-devel-linux-x86_64-debian-gcc, r-devel-linux-x86_64-fedora-clang, r-devel-linux-x86_64-fedora-gcc, r-devel-osx-x86_64-clang, r-patched-linux-x86_64, r-patched-solaris-sparc, r-patched-solaris-x86, r-release-linux-x86_64