CRAN Package Check Results for Package treethresh

Last updated on 2015-01-31 08:49:58.

Flavor Version Tinstall Tcheck Ttotal Status Flags
r-devel-linux-x86_64-debian-clang 0.1-8 1.84 25.94 27.78 NOTE
r-devel-linux-x86_64-debian-gcc 0.1-8 2.35 25.78 28.14 NOTE
r-devel-linux-x86_64-fedora-clang 0.1-8 58.32 NOTE
r-devel-linux-x86_64-fedora-gcc 0.1-8 57.92 NOTE
r-devel-osx-x86_64-clang 0.1-8 53.47 NOTE
r-devel-windows-ix86+x86_64 0.1-8 19.00 57.00 76.00 OK
r-patched-linux-x86_64 0.1-8 2.66 28.84 31.50 OK
r-patched-solaris-sparc 0.1-8 331.70 OK
r-patched-solaris-x86 0.1-8 77.80 OK
r-release-linux-ix86 0.1-8 3.35 38.81 42.16 OK
r-release-linux-x86_64 0.1-8 2.48 29.11 31.58 OK
r-release-osx-x86_64-mavericks 0.1-8 OK
r-release-osx-x86_64-snowleopard 0.1-8 OK
r-release-windows-ix86+x86_64 0.1-8 13.00 72.00 85.00 OK
r-oldrel-windows-ix86+x86_64 0.1-8 14.00 95.00 109.00 OK

Check Details

Version: 0.1-8
Check: S3 generic/method consistency
Result: NOTE
    Found the following apparent S3 methods exported but not registered:
     estimate.sdev.imwd estimate.sdev.wd extract.coefficients.imwd
     extract.coefficients.wd get.t.treethresh get.t.wtthresh
     get.w.treethresh get.w.wtthresh insert.coefficients.imwd
     insert.coefficients.wd prune.treethresh prune.wtthresh
     subtree.treethresh subtree.wtthresh thresh.treethresh thresh.wtthresh
    See section ‘Registering S3 methods’ in the ‘Writing R Extensions’
    manual.
Flavors: r-devel-linux-x86_64-debian-clang, r-devel-linux-x86_64-debian-gcc, r-devel-linux-x86_64-fedora-clang, r-devel-linux-x86_64-fedora-gcc, r-devel-osx-x86_64-clang