CRAN Package Check Results for Package treethresh

Last updated on 2014-09-22 21:47:19.

Flavor Version Tinstall Tcheck Ttotal Status Flags
r-patched-linux-x86_64 0.1-7 2.41 21.51 23.92 NOTE
r-release-linux-ix86 0.1-7 3.49 26.47 29.96 NOTE
r-release-osx-x86_64-snowleopard 0.1-7 NOTE

Check Details

Version: 0.1-7
Check: dependencies in R code
Result: NOTE
    Packages in Depends field not imported from:
     ‘EbayesThresh’ ‘wavethresh’
     These packages need to be imported from (in the NAMESPACE file)
     for when this namespace is loaded but not attached.
    See the information on DESCRIPTION files in the chapter ‘Creating R
    packages’ of the ‘Writing R Extensions’ manual.
Flavors: r-patched-linux-x86_64, r-release-linux-ix86

Version: 0.1-7
Check: Rd line widths
Result: NOTE
    Rd file 'treethresh.Rd':
     \examples lines wider than 100 characters:
     mu[non.zero.entry] <- rexp(num.non.zero.entries,rate=0.5)*sample(c(-1,1),num.non.zero.entries,replace=TRUE)
    
    These lines will be truncated in the PDF manual.
Flavor: r-patched-linux-x86_64

Version: 0.1-7
Check: for old-style vignette sources
Result: NOTE
    Vignette sources only in ‘inst/doc’:
     ‘treethresh.Rnw’
    A ‘vignettes’ directory is required as from R 3.1.0
    and these will not be indexed nor checked
Flavors: r-patched-linux-x86_64, r-release-linux-ix86, r-release-osx-x86_64-snowleopard