CRAN Package Check Results for Package treethresh

Last updated on 2017-04-27 23:50:23.

Flavor Version Tinstall Tcheck Ttotal Status Flags
r-devel-linux-x86_64-debian-clang 0.1-9 2.51 27.30 29.82 NOTE
r-devel-linux-x86_64-debian-gcc 0.1-9 2.62 26.07 28.68 NOTE
r-devel-linux-x86_64-fedora-clang 0.1-9 55.19 NOTE --no-stop-on-test-error
r-devel-linux-x86_64-fedora-gcc 0.1-9 51.23 NOTE --no-stop-on-test-error
r-devel-windows-ix86+x86_64 0.1-9 12.00 74.00 86.00 OK
r-patched-linux-x86_64 0.1-9 2.67 26.28 28.95 NOTE
r-patched-solaris-sparc 0.1-9 298.60 OK
r-patched-solaris-x86 0.1-9 63.60 OK
r-release-linux-x86_64 0.1-9 2.49 25.89 28.38 NOTE
r-release-windows-ix86+x86_64 0.1-9 11.00 61.00 72.00 OK
r-release-osx-x86_64 0.1-9 NOTE
r-oldrel-windows-ix86+x86_64 0.1-9 16.00 57.00 73.00 OK
r-oldrel-osx-x86_64 0.1-9 OK

Check Details

Version: 0.1-9
Check: compiled code
Result: NOTE
    File ‘treethresh/libs/treethresh.so’:
     Found no calls to: ‘R_registerRoutines’, ‘R_useDynamicSymbols’
    
    It is good practice to register native routines and to disable symbol
    search.
    
    See ‘Writing portable packages’ in the ‘Writing R Extensions’ manual.
Flavors: r-devel-linux-x86_64-debian-clang, r-devel-linux-x86_64-debian-gcc, r-patched-linux-x86_64, r-release-linux-x86_64

Version: 0.1-9
Flags: --no-stop-on-test-error
Check: compiled code
Result: NOTE
    File ‘treethresh/libs/treethresh.so’:
     Found no calls to: ‘R_registerRoutines’, ‘R_useDynamicSymbols’
    
    It is good practice to register native routines and to disable symbol
    search.
    
    See ‘Writing portable packages’ in the ‘Writing R Extensions’ manual.
Flavors: r-devel-linux-x86_64-fedora-clang, r-devel-linux-x86_64-fedora-gcc

Version: 0.1-9
Check: re-building of vignette outputs
Result: NOTE
    Error in re-building vignettes:
     ...
    Loading required package: EbayesThresh
    Loading required package: wavethresh
    Loading required package: MASS
    WaveThresh: R wavelet software, release 4.6.8, installed
    
    Copyright Guy Nason and others 1993-2016
    
    Note: nlevels has been renamed to nlevelsWT
    
    Error in texi2dvi(file = file, pdf = TRUE, clean = clean, quiet = quiet, :
     Running 'texi2dvi' on 'treethresh.tex' failed.
    LaTeX errors:
    ! LaTeX Error: File `subfigure.sty' not found.
    
    Type X to quit or <RETURN> to proceed,
    or enter new name. (Default extension: sty)
    
    ! Emergency stop.
    <read *>
    
    l.3 \usepackage
     [margin=3cm]{geometry}^^M
    ! ==> Fatal error occurred, no output PDF file produced!
    Calls: buildVignettes -> texi2pdf -> texi2dvi
    Execution halted
Flavor: r-release-osx-x86_64