CRAN Package Check Results for Package treethresh

Last updated on 2017-08-17 18:47:07.

Flavor Version Tinstall Tcheck Ttotal Status Flags
r-devel-linux-x86_64-debian-clang 0.1-11 2.48 26.96 29.44 OK
r-devel-linux-x86_64-debian-gcc 0.1-11 2.54 25.95 28.49 OK
r-devel-linux-x86_64-fedora-clang 0.1-11 55.72 OK
r-devel-linux-x86_64-fedora-gcc 0.1-11 52.35 OK
r-devel-windows-ix86+x86_64 0.1-11 11.00 61.00 72.00 OK
r-patched-linux-x86_64 0.1-11 2.61 27.21 29.82 OK
r-patched-solaris-x86 0.1-11 66.80 OK
r-release-linux-x86_64 0.1-11 2.61 26.58 29.19 OK
r-release-windows-ix86+x86_64 0.1-11 13.00 64.00 77.00 OK
r-release-osx-x86_64 0.1-11 OK
r-oldrel-windows-ix86+x86_64 0.1-11 4.00 5.00 9.00 ERROR
r-oldrel-osx-x86_64 0.1-11 ERROR

Additional issues

rchk

Check Details

Version: 0.1-11
Check: whether package can be installed
Result: ERROR
    Installation failed.
Flavors: r-oldrel-windows-ix86+x86_64, r-oldrel-osx-x86_64