CRAN Package Check Results for Package treethresh

Last updated on 2017-12-11 08:49:05 CET.

Flavor Version Tinstall Tcheck Ttotal Status Flags
r-devel-linux-x86_64-debian-clang 0.1-11 3.73 35.07 38.80 OK
r-devel-linux-x86_64-debian-gcc 0.1-11 2.99 30.06 33.05 OK
r-devel-linux-x86_64-fedora-clang 0.1-11 52.77 OK
r-devel-linux-x86_64-fedora-gcc 0.1-11 51.26 OK
r-devel-windows-ix86+x86_64 0.1-11 21.00 61.00 82.00 OK
r-patched-linux-x86_64 0.1-11 3.43 38.00 41.43 OK
r-patched-solaris-x86 0.1-11 65.30 OK
r-release-linux-x86_64 0.1-11 3.11 37.84 40.95 OK
r-release-windows-ix86+x86_64 0.1-11 12.00 64.00 76.00 OK
r-release-osx-x86_64 0.1-11 OK
r-oldrel-windows-ix86+x86_64 0.1-11 5.00 6.00 11.00 ERROR
r-oldrel-osx-x86_64 0.1-11 ERROR

Additional issues

rchk

Check Details

Version: 0.1-11
Check: whether package can be installed
Result: ERROR
    Installation failed.
Flavors: r-oldrel-windows-ix86+x86_64, r-oldrel-osx-x86_64