CRAN Package Check Results for Package treethresh

Last updated on 2014-08-31 02:48:17.

Flavor Version Tinstall Tcheck Ttotal Status Flags
r-devel-linux-x86_64-debian-clang 0.1-7 1.77 16.08 17.85 NOTE
r-devel-linux-x86_64-debian-gcc 0.1-7 2.49 16.49 18.98 NOTE
r-devel-linux-x86_64-fedora-clang 0.1-7 46.72 NOTE
r-devel-linux-x86_64-fedora-gcc 0.1-7 45.58 NOTE
r-devel-osx-x86_64-clang 0.1-7 35.14 NOTE
r-devel-windows-ix86+x86_64 0.1-7 15.00 41.00 56.00 NOTE
r-patched-linux-x86_64 0.1-7 2.38 16.65 19.03 NOTE
r-patched-solaris-sparc 0.1-7 221.80 NOTE
r-patched-solaris-x86 0.1-7 63.30 NOTE
r-release-linux-ix86 0.1-7 3.47 26.47 29.94 NOTE
r-release-linux-x86_64 0.1-7 2.60 17.65 20.25 NOTE
r-release-osx-x86_64-mavericks 0.1-7 NOTE
r-release-osx-x86_64-snowleopard 0.1-7 NOTE
r-release-windows-ix86+x86_64 0.1-7 14.00 63.00 77.00 NOTE
r-oldrel-windows-ix86+x86_64 0.1-7 19.00 57.00 76.00 NOTE

Check Details

Version: 0.1-7
Check: dependencies in R code
Result: NOTE
    Packages in Depends field not imported from:
     ‘EbayesThresh’ ‘wavethresh’
     These packages need to be imported from (in the NAMESPACE file)
     for when this namespace is loaded but not attached.
    See the information on DESCRIPTION files in the chapter ‘Creating R
    packages’ of the ‘Writing R Extensions’ manual.
Flavors: r-devel-linux-x86_64-debian-clang, r-devel-linux-x86_64-debian-gcc, r-devel-linux-x86_64-fedora-clang, r-devel-linux-x86_64-fedora-gcc, r-devel-osx-x86_64-clang, r-devel-windows-ix86+x86_64, r-patched-linux-x86_64, r-patched-solaris-sparc, r-patched-solaris-x86, r-release-linux-ix86, r-release-linux-x86_64, r-release-osx-x86_64-mavericks, r-release-windows-ix86+x86_64, r-oldrel-windows-ix86+x86_64

Version: 0.1-7
Check: R code for possible problems
Result: NOTE
    estimate.sdev.imwd: no visible global function definition for
     ‘lt.to.name’
    estimate.sdev.wd: no visible global function definition for ‘accessD’
    extract.coefficients.imwd: no visible global function definition for
     ‘lt.to.name’
    extract.coefficients.wd: no visible global function definition for
     ‘accessD’
    insert.coefficients.wd: no visible global function definition for
     ‘putD’
    thresh.treethresh: no visible global function definition for
     ‘postmed.laplace’
    thresh.wtthresh: no visible global function definition for
     ‘postmed.laplace’
    treethresh: no visible global function definition for ‘tfromw’
    wtthresh: no visible global function definition for ‘tfromw’
Flavors: r-devel-linux-x86_64-debian-clang, r-devel-linux-x86_64-debian-gcc, r-devel-linux-x86_64-fedora-clang, r-devel-linux-x86_64-fedora-gcc, r-devel-osx-x86_64-clang, r-devel-windows-ix86+x86_64

Version: 0.1-7
Check: for old-style vignette sources
Result: NOTE
    Vignette sources only in ‘inst/doc’:
     ‘treethresh.Rnw’
    A ‘vignettes’ directory is required as from R 3.1.0
    and these will not be indexed nor checked
Flavors: r-devel-linux-x86_64-debian-clang, r-devel-linux-x86_64-debian-gcc, r-devel-linux-x86_64-fedora-clang, r-devel-linux-x86_64-fedora-gcc, r-devel-osx-x86_64-clang, r-devel-windows-ix86+x86_64, r-patched-linux-x86_64, r-patched-solaris-sparc, r-patched-solaris-x86, r-release-linux-ix86, r-release-linux-x86_64, r-release-osx-x86_64-mavericks, r-release-osx-x86_64-snowleopard, r-release-windows-ix86+x86_64

Version: 0.1-7
Check: Rd line widths
Result: NOTE
    Rd file 'treethresh.Rd':
     \examples lines wider than 100 characters:
     mu[non.zero.entry] <- rexp(num.non.zero.entries,rate=0.5)*sample(c(-1,1),num.non.zero.entries,replace=TRUE)
    
    These lines will be truncated in the PDF manual.
Flavors: r-devel-linux-x86_64-fedora-clang, r-devel-linux-x86_64-fedora-gcc

Version: 0.1-7
Check: for old-style vignette sources
Result: NOTE
    Vignette sources only in 'inst/doc':
     'treethresh.Rnw'
    A 'vignettes' directory will be required as from R 3.1.0
Flavor: r-oldrel-windows-ix86+x86_64