CRAN Package Check Results for Package treethresh

Last updated on 2014-12-22 01:47:50.

Flavor Version Tinstall Tcheck Ttotal Status Flags
r-devel-linux-x86_64-debian-clang 0.1-8 1.90 28.95 30.85 OK
r-devel-linux-x86_64-debian-gcc 0.1-8 2.42 28.40 30.82 OK
r-devel-linux-x86_64-fedora-clang 0.1-8 60.73 OK
r-devel-linux-x86_64-fedora-gcc 0.1-8 58.60 OK
r-devel-osx-x86_64-clang 0.1-8 50.83 OK
r-devel-windows-ix86+x86_64 0.1-8 15.00 65.00 80.00 OK
r-patched-linux-x86_64 0.1-8 2.42 28.50 30.92 OK
r-patched-solaris-sparc 0.1-8 317.00 OK
r-patched-solaris-x86 0.1-8 76.90 OK
r-release-linux-ix86 0.1-8 3.31 38.52 41.83 OK
r-release-linux-x86_64 0.1-8 2.46 28.35 30.80 OK
r-release-osx-x86_64-mavericks 0.1-8 NOTE
r-release-osx-x86_64-snowleopard 0.1-8 OK
r-release-windows-ix86+x86_64 0.1-8 13.00 65.00 78.00 OK
r-oldrel-windows-ix86+x86_64 0.1-8 16.00 60.00 76.00 OK

Check Details

Version: 0.1-8
Check: re-building of vignette outputs
Result: NOTE
    Error in re-building vignettes:
     ...
    Loading required package: EbayesThresh
    Loading required package: wavethresh
    Loading required package: MASS
    WaveThresh: R wavelet software, release 4.6.6, installed
    
    Copyright Guy Nason and others 1993-2013
    
    Note: nlevels has been renamed to nlevelsWT
    
    Error in texi2dvi(file = file, pdf = TRUE, clean = clean, quiet = quiet, :
     Running 'texi2dvi' on 'treethresh.tex' failed.
    LaTeX errors:
    ! LaTeX Error: File `subfigure.sty' not found.
    
    Type X to quit or <RETURN> to proceed,
    or enter new name. (Default extension: sty)
    
    ign_test/treethresh/vignettes/treethresh.tex:3: ==> Fatal error occurred, no o
    utput PDF file produced!
    Calls: buildVignettes -> texi2pdf -> texi2dvi
    Execution halted
Flavor: r-release-osx-x86_64-mavericks