CRAN Package Check Results for Package trendeval

Last updated on 2022-08-15 04:50:29 CEST.

Flavor Version Tinstall Tcheck Ttotal Status Flags
r-devel-linux-x86_64-debian-clang 0.0.1 2.02 76.37 78.39 NOTE
r-devel-linux-x86_64-debian-gcc 0.0.1 1.52 55.18 56.70 NOTE
r-devel-linux-x86_64-fedora-clang 0.0.1 104.13 NOTE
r-devel-linux-x86_64-fedora-gcc 0.0.1 109.60 NOTE
r-devel-windows-x86_64 0.0.1 8.00 93.00 101.00 NOTE
r-patched-linux-x86_64 0.0.1 2.38 73.41 75.79 NOTE
r-release-linux-x86_64 0.0.1 1.76 73.79 75.55 NOTE
r-release-macos-arm64 0.0.1 28.00 NOTE
r-release-macos-x86_64 0.0.1 46.00 NOTE
r-release-windows-x86_64 0.0.1 18.00 95.00 113.00 NOTE
r-oldrel-macos-arm64 0.0.1 34.00 NOTE
r-oldrel-macos-x86_64 0.0.1 50.00 NOTE
r-oldrel-windows-ix86+x86_64 0.0.1 7.00 107.00 114.00 NOTE

Check Details

Version: 0.0.1
Check: LazyData
Result: NOTE
     'LazyData' is specified without a 'data' directory
Flavors: r-devel-linux-x86_64-debian-clang, r-devel-linux-x86_64-debian-gcc, r-devel-linux-x86_64-fedora-clang, r-devel-linux-x86_64-fedora-gcc, r-devel-windows-x86_64, r-patched-linux-x86_64, r-release-linux-x86_64, r-release-macos-arm64, r-release-macos-x86_64, r-release-windows-x86_64, r-oldrel-macos-arm64, r-oldrel-macos-x86_64, r-oldrel-windows-ix86+x86_64