CRAN Package Check Results for Package trendeval

Last updated on 2021-04-10 15:48:00 CEST.

Flavor Version Tinstall Tcheck Ttotal Status Flags
r-devel-linux-x86_64-debian-clang 0.0.1 1.95 31.01 32.96 NOTE
r-devel-linux-x86_64-debian-gcc 0.0.1 1.69 23.80 25.49 NOTE
r-devel-linux-x86_64-fedora-clang 0.0.1 45.92 NOTE
r-devel-linux-x86_64-fedora-gcc 0.0.1 36.28 NOTE
r-devel-windows-ix86+x86_64 0.0.1 4.00 35.00 39.00 NOTE
r-devel-windows-x86_64-gcc10-UCRT 0.0.1 NOTE
r-patched-linux-x86_64 0.0.1 2.08 29.71 31.79 OK
r-patched-solaris-x86 0.0.1 59.40 OK
r-release-linux-x86_64 0.0.1 2.01 29.38 31.39 OK
r-release-macos-x86_64 0.0.1 OK
r-release-windows-ix86+x86_64 0.0.1 21.00 51.00 72.00 OK
r-oldrel-macos-x86_64 0.0.1 OK
r-oldrel-windows-ix86+x86_64 0.0.1 3.00 39.00 42.00 OK

Check Details

Version: 0.0.1
Check: LazyData
Result: NOTE
     'LazyData' is specified without a 'data' directory
Flavors: r-devel-linux-x86_64-debian-clang, r-devel-linux-x86_64-debian-gcc, r-devel-linux-x86_64-fedora-clang, r-devel-linux-x86_64-fedora-gcc, r-devel-windows-ix86+x86_64, r-devel-windows-x86_64-gcc10-UCRT