Last updated on 2025-01-18 10:50:36 CET.
Flavor | Version | Tinstall | Tcheck | Ttotal | Status | Flags |
---|---|---|---|---|---|---|
r-devel-linux-x86_64-debian-clang | 0.1.0 | 10.59 | 109.79 | 120.38 | OK | |
r-devel-linux-x86_64-debian-gcc | 0.1.0 | 7.59 | 79.70 | 87.29 | OK | |
r-devel-linux-x86_64-fedora-clang | 0.1.0 | 195.54 | OK | |||
r-devel-linux-x86_64-fedora-gcc | 0.1.0 | 222.13 | OK | |||
r-devel-windows-x86_64 | 0.1.0 | 12.00 | 112.00 | 124.00 | OK | |
r-patched-linux-x86_64 | 0.1.0 | 9.56 | 101.27 | 110.83 | OK | |
r-release-linux-x86_64 | 0.1.0 | 9.83 | 100.62 | 110.45 | OK | |
r-release-macos-arm64 | 0.1.0 | 61.00 | OK | |||
r-release-macos-x86_64 | 0.1.0 | 86.00 | OK | |||
r-release-windows-x86_64 | 0.1.0 | 13.00 | 112.00 | 125.00 | OK | |
r-oldrel-macos-arm64 | 0.1.0 | 65.00 | OK | |||
r-oldrel-macos-x86_64 | 0.1.0 | 105.00 | NOTE | |||
r-oldrel-windows-x86_64 | 0.1.0 | 15.00 | 138.00 | 153.00 | OK |
Version: 0.1.0
Check: package dependencies
Result: NOTE
Package suggested but not available for checking: ‘brms’
Flavor: r-oldrel-macos-x86_64
Version: 0.1.0
Check: Rd cross-references
Result: NOTE
Package unavailable to check Rd xrefs: ‘brms’
Flavor: r-oldrel-macos-x86_64