CRAN Package Check Results for Package trialr

Last updated on 2021-12-06 17:49:58 CET.

Flavor Version Tinstall Tcheck Ttotal Status Flags
r-devel-linux-x86_64-debian-clang 0.1.5 896.90 419.20 1316.10 NOTE
r-devel-linux-x86_64-debian-gcc 0.1.5 821.67 356.65 1178.32 NOTE
r-devel-linux-x86_64-fedora-clang 0.1.5 1967.16 NOTE
r-devel-linux-x86_64-fedora-gcc 0.1.5 2055.24 NOTE
r-devel-windows-x86_64-new-UL 0.1.5 1034.00 679.00 1713.00 NOTE
r-devel-windows-x86_64-new-TK 0.1.5 NOTE
r-devel-windows-x86_64-old 0.1.5 1056.00 633.00 1689.00 NOTE
r-patched-linux-x86_64 0.1.5 742.89 487.36 1230.25 NOTE
r-release-linux-x86_64 0.1.5 752.64 497.11 1249.75 NOTE
r-release-macos-arm64 0.1.5 NOTE
r-release-macos-x86_64 0.1.5 NOTE
r-release-windows-ix86+x86_64 0.1.5 2113.00 928.00 3041.00 NOTE
r-oldrel-macos-x86_64 0.1.5 NOTE
r-oldrel-windows-ix86+x86_64 0.1.5 2115.00 957.00 3072.00 NOTE

Check Details

Version: 0.1.5
Check: LazyData
Result: NOTE
     'LazyData' is specified without a 'data' directory
Flavors: r-devel-linux-x86_64-debian-clang, r-devel-linux-x86_64-debian-gcc, r-devel-linux-x86_64-fedora-clang, r-devel-linux-x86_64-fedora-gcc, r-devel-windows-x86_64-new-UL, r-devel-windows-x86_64-new-TK, r-devel-windows-x86_64-old, r-patched-linux-x86_64, r-release-linux-x86_64, r-release-macos-arm64, r-release-macos-x86_64, r-release-windows-ix86+x86_64

Version: 0.1.5
Check: for GNU extensions in Makefiles
Result: NOTE
    GNU make is a SystemRequirements.
Flavors: r-devel-linux-x86_64-debian-clang, r-devel-linux-x86_64-debian-gcc, r-devel-linux-x86_64-fedora-clang, r-devel-linux-x86_64-fedora-gcc, r-devel-windows-x86_64-new-UL, r-devel-windows-x86_64-new-TK, r-devel-windows-x86_64-old, r-patched-linux-x86_64, r-release-linux-x86_64, r-release-macos-arm64, r-release-macos-x86_64, r-release-windows-ix86+x86_64, r-oldrel-macos-x86_64, r-oldrel-windows-ix86+x86_64

Version: 0.1.5
Check: installed package size
Result: NOTE
     installed size is 113.4Mb
     sub-directories of 1Mb or more:
     doc 3.8Mb
     libs 108.5Mb
Flavors: r-devel-linux-x86_64-fedora-clang, r-devel-windows-x86_64-new-UL, r-devel-windows-x86_64-old, r-release-macos-arm64, r-release-macos-x86_64, r-release-windows-ix86+x86_64, r-oldrel-macos-x86_64, r-oldrel-windows-ix86+x86_64

Version: 0.1.5
Check: line endings in C/C++/Fortran sources/headers
Result: NOTE
    Found the following sources/headers with CR or CRLF line endings:
     src/stan_files/AugBin2T1A.hpp
     src/stan_files/BebopInPeps2.hpp
     src/stan_files/CrmEmpiricNormalPrior.hpp
     src/stan_files/CrmOneParamLogisticGammaPrior.hpp
     src/stan_files/CrmOneParamLogisticNormalPrior.hpp
     src/stan_files/CrmTwoParamLogisticNormalPrior.hpp
     src/stan_files/EffTox.hpp
     src/stan_files/NeuenschwanderTwoParamLogit.hpp
     src/stan_files/ThallHierarchicalBinary.hpp
    Some Unix compilers require LF line endings.
Flavor: r-devel-windows-x86_64-new-TK