CRAN Package Check Results for Package triangle

Last updated on 2015-08-04 23:48:38.

Flavor Version Tinstall Tcheck Ttotal Status Flags
r-devel-linux-x86_64-debian-clang 0.8 0.50 8.84 9.34 NOTE
r-devel-linux-x86_64-debian-gcc 0.8 0.47 8.68 9.15 NOTE
r-devel-linux-x86_64-fedora-clang 0.8 17.49 NOTE
r-devel-linux-x86_64-fedora-gcc 0.8 16.41 NOTE
r-devel-osx-x86_64-clang 0.8 18.39 NOTE
r-devel-windows-ix86+x86_64 0.8 2.00 16.00 18.00 NOTE
r-patched-linux-x86_64 0.8 0.57 8.80 9.37 NOTE
r-patched-solaris-sparc 0.8 115.80 NOTE
r-patched-solaris-x86 0.8 26.40 NOTE
r-release-linux-x86_64 0.8 0.50 9.97 10.48 NOTE
r-release-osx-x86_64-mavericks 0.8 NOTE
r-release-windows-ix86+x86_64 0.8 2.00 15.00 17.00 NOTE
r-oldrel-windows-ix86+x86_64 0.8 3.00 19.00 22.00 OK

Check Details

Version: 0.8
Check: DESCRIPTION meta-information
Result: NOTE
    Malformed Description field: should contain one or more complete sentences.
Flavors: r-devel-linux-x86_64-debian-clang, r-devel-linux-x86_64-debian-gcc, r-devel-linux-x86_64-fedora-clang, r-devel-linux-x86_64-fedora-gcc, r-devel-osx-x86_64-clang, r-devel-windows-ix86+x86_64, r-patched-linux-x86_64, r-patched-solaris-sparc, r-patched-solaris-x86, r-release-linux-x86_64, r-release-osx-x86_64-mavericks, r-release-windows-ix86+x86_64

Version: 0.8
Check: R code for possible problems
Result: NOTE
    rltriangle: no visible global function definition for ‘runif’
    rtriangle: no visible global function definition for ‘runif’
    Undefined global functions or variables:
     runif
    Consider adding
     importFrom("stats", "runif")
    to your NAMESPACE.
Flavors: r-devel-linux-x86_64-debian-clang, r-devel-linux-x86_64-debian-gcc, r-devel-linux-x86_64-fedora-clang, r-devel-linux-x86_64-fedora-gcc, r-devel-windows-ix86+x86_64