CRAN Package Check Results for Package triangle

Last updated on 2015-04-19 17:48:54.

Flavor Version Tinstall Tcheck Ttotal Status Flags
r-devel-linux-x86_64-debian-clang 0.8 0.51 10.14 10.64 NOTE
r-devel-linux-x86_64-debian-gcc 0.8 0.50 9.16 9.66 NOTE
r-devel-linux-x86_64-fedora-clang 0.8 19.04 NOTE
r-devel-linux-x86_64-fedora-gcc 0.8 17.31 NOTE
r-devel-osx-x86_64-clang 0.8 22.02 NOTE
r-devel-windows-ix86+x86_64 0.8 2.00 19.00 21.00 NOTE
r-patched-linux-x86_64 0.8 0.50 9.39 9.89 NOTE
r-patched-solaris-sparc 0.8 115.50 NOTE
r-patched-solaris-x86 0.8 25.70 NOTE
r-release-linux-x86_64 0.8 0.50 8.45 8.94 NOTE
r-release-osx-x86_64-mavericks 0.8 NOTE
r-release-osx-x86_64-snowleopard 0.8 NOTE
r-release-windows-ix86+x86_64 0.8 1.00 17.00 18.00 NOTE
r-oldrel-windows-ix86+x86_64 0.8 3.00 19.00 22.00 OK

Check Details

Version: 0.8
Check: DESCRIPTION meta-information
Result: NOTE
    Malformed Description field: should contain one or more complete sentences.
Flavors: r-devel-linux-x86_64-debian-clang, r-devel-linux-x86_64-debian-gcc, r-devel-linux-x86_64-fedora-clang, r-devel-linux-x86_64-fedora-gcc, r-devel-osx-x86_64-clang, r-devel-windows-ix86+x86_64, r-patched-linux-x86_64, r-patched-solaris-sparc, r-patched-solaris-x86, r-release-linux-x86_64, r-release-osx-x86_64-mavericks, r-release-osx-x86_64-snowleopard, r-release-windows-ix86+x86_64