CRAN Package Check Results for Package triangle

Last updated on 2015-03-04 03:47:04.

Flavor Version Tinstall Tcheck Ttotal Status Flags
r-devel-linux-x86_64-debian-clang 0.8 0.51 9.29 9.80 NOTE
r-devel-linux-x86_64-debian-gcc 0.8 0.51 9.25 9.76 NOTE
r-devel-linux-x86_64-fedora-clang 0.8 18.79 NOTE
r-devel-linux-x86_64-fedora-gcc 0.8 17.14 NOTE
r-devel-osx-x86_64-clang 0.8 22.03 NOTE
r-devel-windows-ix86+x86_64 0.8 3.00 16.00 19.00 NOTE
r-patched-linux-x86_64 0.8 0.54 9.90 10.44 OK
r-patched-solaris-sparc 0.8 146.60 OK
r-patched-solaris-x86 0.8 30.70 OK
r-release-linux-ix86 0.8 0.82 15.54 16.35 OK
r-release-linux-x86_64 0.8 0.54 10.52 11.07 OK
r-release-osx-x86_64-mavericks 0.8 OK
r-release-windows-ix86+x86_64 0.8 2.00 21.00 23.00 OK
r-oldrel-windows-ix86+x86_64 0.8 2.00 18.00 20.00 OK

Check Details

Version: 0.8
Check: DESCRIPTION meta-information
Result: NOTE
    Malformed Description field: should contain one or more complete sentences.
Flavors: r-devel-linux-x86_64-debian-clang, r-devel-linux-x86_64-debian-gcc, r-devel-linux-x86_64-fedora-clang, r-devel-linux-x86_64-fedora-gcc, r-devel-osx-x86_64-clang, r-devel-windows-ix86+x86_64