CRAN Package Check Results for Package triangle

Last updated on 2022-11-30 09:52:44 CET.

Flavor Version Tinstall Tcheck Ttotal Status Flags
r-devel-linux-x86_64-debian-clang 0.12 2.96 30.47 33.43 NOTE
r-devel-linux-x86_64-debian-gcc 0.12 2.17 24.00 26.17 NOTE
r-devel-linux-x86_64-fedora-clang 0.12 52.25 NOTE
r-devel-linux-x86_64-fedora-gcc 0.12 51.38 NOTE
r-devel-windows-x86_64 0.12 17.00 60.00 77.00 NOTE
r-patched-linux-x86_64 0.12 2.50 28.77 31.27 NOTE
r-release-linux-x86_64 0.12 2.42 29.29 31.71 NOTE
r-release-macos-arm64 0.12 18.00 NOTE
r-release-macos-x86_64 0.12 24.00 NOTE
r-release-windows-x86_64 0.12 24.00 61.00 85.00 NOTE
r-oldrel-macos-arm64 0.12 26.00 NOTE
r-oldrel-macos-x86_64 0.12 34.00 NOTE
r-oldrel-windows-ix86+x86_64 0.12 6.00 58.00 64.00 NOTE

Check Details

Version: 0.12
Check: Rd files
Result: NOTE
    checkRd: (-1) ltriangle.Rd:63: Escaped LaTeX specials: \&
    checkRd: (-1) triangle.Rd:70: Escaped LaTeX specials: \&
Flavors: r-devel-linux-x86_64-debian-clang, r-devel-linux-x86_64-debian-gcc, r-devel-linux-x86_64-fedora-clang, r-devel-linux-x86_64-fedora-gcc, r-devel-windows-x86_64

Version: 0.12
Check: LazyData
Result: NOTE
     'LazyData' is specified without a 'data' directory
Flavors: r-devel-linux-x86_64-debian-clang, r-devel-linux-x86_64-debian-gcc, r-devel-linux-x86_64-fedora-clang, r-devel-linux-x86_64-fedora-gcc, r-devel-windows-x86_64, r-patched-linux-x86_64, r-release-linux-x86_64, r-release-macos-arm64, r-release-macos-x86_64, r-release-windows-x86_64, r-oldrel-macos-arm64, r-oldrel-macos-x86_64, r-oldrel-windows-ix86+x86_64