CRAN Package Check Results for Package trifield

Last updated on 2019-02-22 18:55:31 CET.

Flavor Version Tinstall Tcheck Ttotal Status Flags
r-release-osx-x86_64 1.1 NOTE
r-oldrel-osx-x86_64 1.1 NOTE

Check Details

Version: 1.1
Check: R code for possible problems
Result: NOTE
    plot.trifield: no visible global function definition for ‘topo.colors’
    plot.trifield: no visible global function definition for ‘plot’
    plot.trifield: no visible global function definition for ‘image’
    plot.trifield: no visible global function definition for ‘contour’
    plot.trifield: no visible global function definition for ‘text’
    ternary.legend: no visible global function definition for ‘arrows’
    ternary.legend: no visible global function definition for ‘text’
    triaxes: no visible global function definition for ‘lines’
    tribox: no visible global function definition for ‘polygon’
    Undefined global functions or variables:
     arrows contour image lines plot polygon text topo.colors
    Consider adding
     importFrom("grDevices", "topo.colors")
     importFrom("graphics", "arrows", "contour", "image", "lines", "plot",
     "polygon", "text")
    to your NAMESPACE file.
Flavors: r-release-osx-x86_64, r-oldrel-osx-x86_64