CRAN Package Check Results for Package trimcluster

Last updated on 2014-08-20 15:50:30.

Flavor Version Tinstall Tcheck Ttotal Status Flags
r-devel-linux-x86_64-debian-clang 0.1-2 0.46 9.88 10.34 OK
r-devel-linux-x86_64-debian-gcc 0.1-2 0.44 9.36 9.80 OK
r-devel-linux-x86_64-fedora-clang 0.1-2 18.49 NOTE
r-devel-linux-x86_64-fedora-gcc 0.1-2 17.40 NOTE
r-devel-osx-x86_64-clang 0.1-2 21.51 NOTE
r-devel-windows-ix86+x86_64 0.1-2 2.00 15.00 17.00 OK
r-patched-linux-x86_64 0.1-2 0.49 9.84 10.33 OK
r-patched-solaris-sparc 0.1-2 122.00 OK
r-patched-solaris-x86 0.1-2 29.20 OK
r-release-linux-ix86 0.1-2 0.78 15.86 16.64 OK
r-release-linux-x86_64 0.1-2 0.48 9.92 10.40 OK
r-release-osx-x86_64-mavericks 0.1-2 OK
r-release-windows-ix86+x86_64 0.1-2 2.00 17.00 19.00 OK
r-oldrel-windows-ix86+x86_64 0.1-2 2.00 17.00 19.00 OK

Check Details

Version: 0.1-2
Check: R code for possible problems
Result: NOTE
    plot.tkm: no visible global function definition for ‘plotcluster’
    plot.tkm: no visible global function definition for ‘discrcoord’
Flavors: r-devel-linux-x86_64-fedora-clang, r-devel-linux-x86_64-fedora-gcc, r-devel-osx-x86_64-clang