CRAN Package Check Results for Package trimcluster

Last updated on 2014-09-01 23:46:55.

Flavor Version Tinstall Tcheck Ttotal Status Flags
r-devel-linux-x86_64-debian-clang 0.1-2 0.44 8.45 8.89 NOTE
r-devel-linux-x86_64-debian-gcc 0.1-2 0.44 8.45 8.89 NOTE
r-devel-linux-x86_64-fedora-clang 0.1-2 18.63 NOTE
r-devel-linux-x86_64-fedora-gcc 0.1-2 16.68 NOTE
r-devel-osx-x86_64-clang 0.1-2 20.98 NOTE
r-devel-windows-ix86+x86_64 0.1-2 2.00 15.00 17.00 NOTE
r-patched-linux-x86_64 0.1-2 0.49 10.15 10.64 OK
r-patched-solaris-sparc 0.1-2 122.00 OK
r-patched-solaris-x86 0.1-2 29.70 OK
r-release-linux-ix86 0.1-2 0.77 15.76 16.53 OK
r-release-linux-x86_64 0.1-2 0.52 10.00 10.52 OK
r-release-osx-x86_64-mavericks 0.1-2 OK
r-release-windows-ix86+x86_64 0.1-2 2.00 17.00 19.00 OK
r-oldrel-windows-ix86+x86_64 0.1-2 3.00 17.00 20.00 OK

Check Details

Version: 0.1-2
Check: R code for possible problems
Result: NOTE
    plot.tkm: no visible global function definition for ‘plotcluster’
    plot.tkm: no visible global function definition for ‘discrcoord’
Flavors: r-devel-linux-x86_64-debian-clang, r-devel-linux-x86_64-debian-gcc, r-devel-linux-x86_64-fedora-clang, r-devel-linux-x86_64-fedora-gcc, r-devel-osx-x86_64-clang, r-devel-windows-ix86+x86_64