CRAN Package Check Results for Package trimcluster

Last updated on 2014-12-20 08:51:15.

Flavor Version Tinstall Tcheck Ttotal Status Flags
r-devel-linux-x86_64-debian-clang 0.1-2 0.52 9.32 9.84 NOTE
r-devel-linux-x86_64-debian-gcc 0.1-2 0.55 9.21 9.76 NOTE
r-devel-linux-x86_64-fedora-clang 0.1-2 20.33 NOTE
r-devel-linux-x86_64-fedora-gcc 0.1-2 19.25 NOTE
r-devel-osx-x86_64-clang 0.1-2 22.43 NOTE
r-devel-windows-ix86+x86_64 0.1-2 3.00 16.00 19.00 NOTE
r-patched-linux-x86_64 0.1-2 0.54 9.22 9.76 NOTE
r-patched-solaris-sparc 0.1-2 127.50 NOTE
r-patched-solaris-x86 0.1-2 29.50 NOTE
r-release-linux-ix86 0.1-2 0.77 14.36 15.14 NOTE
r-release-linux-x86_64 0.1-2 0.53 9.11 9.64 NOTE
r-release-osx-x86_64-mavericks 0.1-2 OK
r-release-windows-ix86+x86_64 0.1-2 2.00 15.00 17.00 NOTE
r-oldrel-windows-ix86+x86_64 0.1-2 2.00 19.00 21.00 OK

Check Details

Version: 0.1-2
Check: R code for possible problems
Result: NOTE
    plot.tkm: no visible global function definition for ‘plotcluster’
    plot.tkm: no visible global function definition for ‘discrcoord’
Flavors: r-devel-linux-x86_64-debian-clang, r-devel-linux-x86_64-debian-gcc, r-devel-linux-x86_64-fedora-clang, r-devel-linux-x86_64-fedora-gcc, r-devel-osx-x86_64-clang, r-devel-windows-ix86+x86_64, r-patched-linux-x86_64, r-patched-solaris-sparc, r-patched-solaris-x86, r-release-linux-ix86, r-release-linux-x86_64, r-release-windows-ix86+x86_64