CRAN Package Check Results for Package trimcluster

Last updated on 2015-08-30 19:47:24.

Flavor Version Tinstall Tcheck Ttotal Status Flags
r-devel-linux-x86_64-debian-clang 0.1-2 0.42 8.54 8.96 NOTE
r-devel-linux-x86_64-debian-gcc 0.1-2 0.41 8.29 8.70 NOTE
r-devel-linux-x86_64-fedora-clang 0.1-2 16.45 NOTE
r-devel-linux-x86_64-fedora-gcc 0.1-2 15.03 NOTE
r-devel-osx-x86_64-clang 0.1-2 15.99 NOTE
r-devel-windows-ix86+x86_64 0.1-2 3.00 20.00 23.00 NOTE
r-patched-linux-x86_64 0.1-2 0.47 8.77 9.24 NOTE
r-patched-solaris-sparc 0.1-2 110.70 NOTE
r-patched-solaris-x86 0.1-2 26.50 NOTE
r-release-linux-x86_64 0.1-2 0.50 8.66 9.16 NOTE
r-release-osx-x86_64-mavericks 0.1-2 NOTE
r-release-windows-ix86+x86_64 0.1-2 3.00 17.00 20.00 NOTE
r-oldrel-windows-ix86+x86_64 0.1-2 3.00 32.00 35.00 NOTE

Check Details

Version: 0.1-2
Check: dependencies in R code
Result: NOTE
    'library' or 'require' call to ‘fpc’ in package code.
     Please use :: or requireNamespace() instead.
     See section 'Suggested packages' in the 'Writing R Extensions' manual.
Flavors: r-devel-linux-x86_64-debian-clang, r-devel-linux-x86_64-debian-gcc, r-devel-linux-x86_64-fedora-clang, r-devel-linux-x86_64-fedora-gcc, r-devel-osx-x86_64-clang, r-devel-windows-ix86+x86_64, r-patched-linux-x86_64, r-patched-solaris-sparc, r-patched-solaris-x86, r-release-linux-x86_64, r-release-osx-x86_64-mavericks, r-release-windows-ix86+x86_64, r-oldrel-windows-ix86+x86_64

Version: 0.1-2
Check: S3 generic/method consistency
Result: NOTE
    Found the following apparent S3 methods exported but not registered:
     plot.tkm print.tkm
    See section ‘Registering S3 methods’ in the ‘Writing R Extensions’
    manual.
Flavors: r-devel-linux-x86_64-debian-clang, r-devel-linux-x86_64-debian-gcc, r-devel-linux-x86_64-fedora-clang, r-devel-linux-x86_64-fedora-gcc, r-devel-osx-x86_64-clang, r-patched-linux-x86_64, r-patched-solaris-sparc, r-patched-solaris-x86, r-release-linux-x86_64

Version: 0.1-2
Check: R code for possible problems
Result: NOTE
    plot.tkm: no visible global function definition for ‘plotcluster’
    plot.tkm: no visible global function definition for ‘plot’
    plot.tkm: no visible global function definition for ‘points’
    plot.tkm: no visible global function definition for ‘lines’
    plot.tkm: no visible global function definition for ‘discrcoord’
    Undefined global functions or variables:
     discrcoord lines plot plotcluster points
    Consider adding
     importFrom("graphics", "lines", "plot", "points")
    to your NAMESPACE.
Flavors: r-devel-linux-x86_64-debian-clang, r-devel-linux-x86_64-debian-gcc, r-devel-linux-x86_64-fedora-clang, r-devel-linux-x86_64-fedora-gcc, r-devel-windows-ix86+x86_64

Version: 0.1-2
Check: R code for possible problems
Result: NOTE
    plot.tkm: no visible global function definition for ‘plotcluster’
    plot.tkm: no visible global function definition for ‘discrcoord’
    Undefined global functions or variables:
     discrcoord plotcluster
Flavor: r-devel-osx-x86_64-clang

Version: 0.1-2
Check: R code for possible problems
Result: NOTE
    plot.tkm: no visible global function definition for ‘plotcluster’
    plot.tkm: no visible global function definition for ‘discrcoord’
Flavors: r-patched-linux-x86_64, r-patched-solaris-sparc, r-patched-solaris-x86, r-release-linux-x86_64, r-release-osx-x86_64-mavericks, r-release-windows-ix86+x86_64, r-oldrel-windows-ix86+x86_64