CRAN Package Check Results for Package trimcluster

Last updated on 2016-12-10 07:47:53.

Flavor Version Tinstall Tcheck Ttotal Status Flags
r-devel-linux-x86_64-debian-clang 0.1-2 0.58 10.76 11.33 NOTE
r-devel-linux-x86_64-debian-gcc 0.1-2 0.58 10.34 10.92 NOTE
r-devel-linux-x86_64-fedora-clang 0.1-2 18.71 NOTE --no-stop-on-test-error
r-devel-linux-x86_64-fedora-gcc 0.1-2 17.21 NOTE --no-stop-on-test-error
r-devel-macos-x86_64-clang 0.1-2 17.22 NOTE --no-stop-on-test-error
r-devel-windows-ix86+x86_64 0.1-2 2.00 32.00 34.00 NOTE
r-patched-linux-x86_64 0.1-2 0.56 8.98 9.54 NOTE
r-patched-solaris-sparc 0.1-2 92.90 NOTE
r-patched-solaris-x86 0.1-2 21.40 NOTE
r-release-linux-x86_64 0.1-2 0.53 8.98 9.51 NOTE
r-release-osx-x86_64-mavericks 0.1-2 NOTE
r-release-windows-ix86+x86_64 0.1-2 1.00 34.00 35.00 NOTE
r-oldrel-windows-ix86+x86_64 0.1-2 4.00 22.00 26.00 NOTE

Check Details

Version: 0.1-2
Check: dependencies in R code
Result: NOTE
    'library' or 'require' call to ‘fpc’ in package code.
     Please use :: or requireNamespace() instead.
     See section 'Suggested packages' in the 'Writing R Extensions' manual.
Flavors: r-devel-linux-x86_64-debian-clang, r-devel-linux-x86_64-debian-gcc, r-devel-windows-ix86+x86_64, r-patched-linux-x86_64, r-patched-solaris-sparc, r-patched-solaris-x86, r-release-linux-x86_64, r-release-osx-x86_64-mavericks, r-release-windows-ix86+x86_64, r-oldrel-windows-ix86+x86_64

Version: 0.1-2
Check: S3 generic/method consistency
Result: NOTE
    Found the following apparent S3 methods exported but not registered:
     plot.tkm print.tkm
    See section ‘Registering S3 methods’ in the ‘Writing R Extensions’
    manual.
Flavors: r-devel-linux-x86_64-debian-clang, r-devel-linux-x86_64-debian-gcc, r-patched-linux-x86_64, r-patched-solaris-sparc, r-patched-solaris-x86, r-release-linux-x86_64

Version: 0.1-2
Check: R code for possible problems
Result: NOTE
    plot.tkm: no visible global function definition for ‘plotcluster’
    plot.tkm: no visible global function definition for ‘plot’
    plot.tkm: no visible global function definition for ‘points’
    plot.tkm: no visible global function definition for ‘lines’
    plot.tkm: no visible global function definition for ‘discrcoord’
    Undefined global functions or variables:
     discrcoord lines plot plotcluster points
    Consider adding
     importFrom("graphics", "lines", "plot", "points")
    to your NAMESPACE file.
Flavors: r-devel-linux-x86_64-debian-clang, r-devel-linux-x86_64-debian-gcc, r-devel-windows-ix86+x86_64, r-patched-linux-x86_64, r-patched-solaris-sparc, r-patched-solaris-x86, r-release-linux-x86_64, r-release-osx-x86_64-mavericks, r-release-windows-ix86+x86_64

Version: 0.1-2
Flags: --no-stop-on-test-error
Check: dependencies in R code
Result: NOTE
    'library' or 'require' call to ‘fpc’ in package code.
     Please use :: or requireNamespace() instead.
     See section 'Suggested packages' in the 'Writing R Extensions' manual.
Flavors: r-devel-linux-x86_64-fedora-clang, r-devel-linux-x86_64-fedora-gcc, r-devel-macos-x86_64-clang

Version: 0.1-2
Flags: --no-stop-on-test-error
Check: S3 generic/method consistency
Result: NOTE
    Found the following apparent S3 methods exported but not registered:
     plot.tkm print.tkm
    See section ‘Registering S3 methods’ in the ‘Writing R Extensions’
    manual.
Flavors: r-devel-linux-x86_64-fedora-clang, r-devel-linux-x86_64-fedora-gcc, r-devel-macos-x86_64-clang

Version: 0.1-2
Flags: --no-stop-on-test-error
Check: R code for possible problems
Result: NOTE
    plot.tkm: no visible global function definition for ‘plotcluster’
    plot.tkm: no visible global function definition for ‘plot’
    plot.tkm: no visible global function definition for ‘points’
    plot.tkm: no visible global function definition for ‘lines’
    plot.tkm: no visible global function definition for ‘discrcoord’
    Undefined global functions or variables:
     discrcoord lines plot plotcluster points
    Consider adding
     importFrom("graphics", "lines", "plot", "points")
    to your NAMESPACE file.
Flavors: r-devel-linux-x86_64-fedora-clang, r-devel-linux-x86_64-fedora-gcc, r-devel-macos-x86_64-clang

Version: 0.1-2
Check: R code for possible problems
Result: NOTE
    plot.tkm: no visible global function definition for 'plotcluster'
    plot.tkm: no visible global function definition for 'discrcoord'
Flavor: r-oldrel-windows-ix86+x86_64