CRAN Package Check Results for Package trimcluster

Last updated on 2015-03-26 23:47:59.

Flavor Version Tinstall Tcheck Ttotal Status Flags
r-devel-linux-x86_64-debian-clang 0.1-2 0.51 8.57 9.08 NOTE
r-devel-linux-x86_64-debian-gcc 0.1-2 0.46 8.58 9.04 NOTE
r-devel-linux-x86_64-fedora-clang 0.1-2 17.81 NOTE
r-devel-linux-x86_64-fedora-gcc 0.1-2 17.42 NOTE
r-devel-osx-x86_64-clang 0.1-2 24.09 NOTE
r-prerel-windows-ix86+x86_64 0.1-2 2.00 16.00 18.00 NOTE
r-prerel-linux-x86_64 0.1-2 0.47 8.42 8.90 NOTE
r-prerel-solaris-sparc 0.1-2 107.80 NOTE
r-prerel-solaris-x86 0.1-2 25.70 NOTE
r-release-linux-x86_64 0.1-2 2.53 9.63 12.16 NOTE
r-release-osx-x86_64-mavericks 0.1-2 NOTE
r-release-windows-ix86+x86_64 0.1-2 2.00 19.00 21.00 NOTE
r-oldrel-windows-ix86+x86_64 0.1-2 3.00 19.00 22.00 OK

Check Details

Version: 0.1-2
Check: dependencies in R code
Result: NOTE
    'library' or 'require' call to ‘fpc’ in package code.
     Please use :: or requireNamespace() instead.
     See section 'Suggested packages' in the 'Writing R Extensions' manual.
Flavors: r-devel-linux-x86_64-debian-clang, r-devel-linux-x86_64-debian-gcc, r-devel-linux-x86_64-fedora-clang, r-devel-linux-x86_64-fedora-gcc, r-devel-osx-x86_64-clang, r-prerel-windows-ix86+x86_64, r-prerel-linux-x86_64, r-prerel-solaris-sparc, r-prerel-solaris-x86, r-release-linux-x86_64, r-release-windows-ix86+x86_64

Version: 0.1-2
Check: S3 generic/method consistency
Result: NOTE
    Found the following apparent S3 methods exported but not registered:
     plot.tkm print.tkm
    See section ‘Registering S3 methods’ in the ‘Writing R Extensions’
    manual.
Flavors: r-devel-linux-x86_64-debian-clang, r-devel-linux-x86_64-debian-gcc, r-devel-linux-x86_64-fedora-clang, r-devel-linux-x86_64-fedora-gcc, r-devel-osx-x86_64-clang, r-prerel-linux-x86_64

Version: 0.1-2
Check: R code for possible problems
Result: NOTE
    plot.tkm: no visible global function definition for ‘plotcluster’
    plot.tkm: no visible global function definition for ‘discrcoord’
Flavors: r-devel-linux-x86_64-debian-clang, r-devel-linux-x86_64-debian-gcc, r-devel-linux-x86_64-fedora-clang, r-devel-linux-x86_64-fedora-gcc, r-devel-osx-x86_64-clang, r-prerel-windows-ix86+x86_64, r-prerel-linux-x86_64, r-prerel-solaris-sparc, r-prerel-solaris-x86, r-release-linux-x86_64, r-release-osx-x86_64-mavericks, r-release-windows-ix86+x86_64