CRAN Package Check Results for Package trimcluster

Last updated on 2015-04-26 03:47:40.

Flavor Version Tinstall Tcheck Ttotal Status Flags
r-devel-linux-x86_64-debian-clang 0.1-2 0.47 9.07 9.54 NOTE
r-devel-linux-x86_64-debian-gcc 0.1-2 0.48 9.08 9.57 NOTE
r-devel-linux-x86_64-fedora-clang 0.1-2 17.38 NOTE
r-devel-linux-x86_64-fedora-gcc 0.1-2 16.71 NOTE
r-devel-osx-x86_64-clang 0.1-2 21.54 NOTE
r-devel-windows-ix86+x86_64 0.1-2 2.00 17.00 19.00 NOTE
r-patched-linux-x86_64 0.1-2 0.48 8.81 9.29 NOTE
r-patched-solaris-sparc 0.1-2 107.80 NOTE
r-patched-solaris-x86 0.1-2 26.00 NOTE
r-release-linux-x86_64 0.1-2 0.47 8.60 9.08 NOTE
r-release-osx-x86_64-mavericks 0.1-2 NOTE
r-release-osx-x86_64-snowleopard 0.1-2 NOTE
r-release-windows-ix86+x86_64 0.1-2 2.00 17.00 19.00 NOTE
r-oldrel-windows-ix86+x86_64 0.1-2 2.00 16.00 18.00 NOTE

Check Details

Version: 0.1-2
Check: dependencies in R code
Result: NOTE
    'library' or 'require' call to 'fpc' in package code.
     Please use :: or requireNamespace() instead.
     See section 'Suggested packages' in the 'Writing R Extensions' manual.
Flavors: r-devel-windows-ix86+x86_64, r-release-windows-ix86+x86_64, r-oldrel-windows-ix86+x86_64

Version: 0.1-2
Check: R code for possible problems
Result: NOTE
    plot.tkm: no visible global function definition for 'plotcluster'
    plot.tkm: no visible global function definition for 'discrcoord'
Flavors: r-devel-windows-ix86+x86_64, r-release-windows-ix86+x86_64, r-oldrel-windows-ix86+x86_64