CRAN Package Check Results for Package trimcluster

Last updated on 2014-04-16 15:49:37.

Flavor Version Tinstall Tcheck Ttotal Status Flags
r-devel-linux-x86_64-debian-clang 0.1-2 0.52 10.26 10.77 OK
r-devel-linux-x86_64-debian-gcc 0.1-2 0.50 10.26 10.76 OK
r-devel-linux-x86_64-fedora-clang 0.1-2 20.42 OK
r-devel-linux-x86_64-fedora-gcc 0.1-2 20.06 OK
r-devel-macosx-x86_64-clang 0.1-2 24.74 OK
r-devel-macosx-x86_64-gcc 0.1-2 NOTE
r-devel-windows-ix86+x86_64 0.1-2 2.00 17.00 19.00 OK
r-patched-linux-x86_64 0.1-2 0.54 10.32 10.87 OK
r-patched-solaris-sparc 0.1-2 121.80 OK
r-patched-solaris-x86 0.1-2 30.20 OK
r-release-linux-ix86 0.1-2 2.00 23.00 25.00 OK
r-release-linux-x86_64 0.1-2 0.50 10.06 10.56 OK
r-release-windows-ix86+x86_64 0.1-2 2.00 17.00 19.00 OK
r-oldrel-windows-ix86+x86_64 0.1-2 2.00 18.00 20.00 OK

Check Details

Version: 0.1-2
Check: package dependencies
Result: NOTE
    Package suggested but not available for checking: ‘fpc’
Flavor: r-devel-macosx-x86_64-gcc

Version: 0.1-2
Check: R code for possible problems
Result: NOTE
    plot.tkm: no visible global function definition for ‘plotcluster’
    plot.tkm: no visible global function definition for ‘discrcoord’
Flavor: r-devel-macosx-x86_64-gcc

Version: 0.1-2
Check: Rd cross-references
Result: NOTE
    Package unavailable to check Rd xrefs: ‘fpc’
Flavor: r-devel-macosx-x86_64-gcc