CRAN Package Check Results for Package trimcluster

Last updated on 2015-05-24 23:47:42.

Flavor Version Tinstall Tcheck Ttotal Status Flags
r-devel-linux-x86_64-debian-clang 0.1-2 0.47 9.08 9.55 NOTE
r-devel-linux-x86_64-debian-gcc 0.1-2 0.49 8.69 9.18 NOTE
r-devel-linux-x86_64-fedora-clang 0.1-2 17.53 NOTE
r-devel-linux-x86_64-fedora-gcc 0.1-2 16.51 NOTE
r-devel-osx-x86_64-clang 0.1-2 21.64 NOTE
r-devel-windows-ix86+x86_64 0.1-2 2.00 17.00 19.00 NOTE
r-patched-linux-x86_64 0.1-2 0.60 8.64 9.24 NOTE
r-patched-solaris-sparc 0.1-2 117.20 NOTE
r-patched-solaris-x86 0.1-2 25.90 NOTE
r-release-linux-x86_64 0.1-2 0.46 8.62 9.09 NOTE
r-release-osx-x86_64-mavericks 0.1-2 NOTE
r-release-osx-x86_64-snowleopard 0.1-2 NOTE
r-release-windows-ix86+x86_64 0.1-2 2.00 16.00 18.00 NOTE
r-oldrel-windows-ix86+x86_64 0.1-2 3.00 20.00 23.00 NOTE

Check Details

Version: 0.1-2
Check: dependencies in R code
Result: NOTE
    'library' or 'require' call to ‘fpc’ in package code.
     Please use :: or requireNamespace() instead.
     See section 'Suggested packages' in the 'Writing R Extensions' manual.
Flavors: r-devel-linux-x86_64-debian-clang, r-devel-linux-x86_64-debian-gcc, r-devel-linux-x86_64-fedora-clang, r-devel-linux-x86_64-fedora-gcc, r-devel-osx-x86_64-clang, r-devel-windows-ix86+x86_64, r-patched-linux-x86_64, r-patched-solaris-sparc, r-patched-solaris-x86, r-release-linux-x86_64, r-release-osx-x86_64-mavericks, r-release-osx-x86_64-snowleopard, r-release-windows-ix86+x86_64, r-oldrel-windows-ix86+x86_64

Version: 0.1-2
Check: S3 generic/method consistency
Result: NOTE
    Found the following apparent S3 methods exported but not registered:
     plot.tkm print.tkm
    See section ‘Registering S3 methods’ in the ‘Writing R Extensions’
    manual.
Flavors: r-devel-linux-x86_64-debian-clang, r-devel-linux-x86_64-debian-gcc, r-devel-linux-x86_64-fedora-clang, r-devel-linux-x86_64-fedora-gcc, r-devel-osx-x86_64-clang, r-patched-linux-x86_64, r-patched-solaris-sparc, r-patched-solaris-x86, r-release-linux-x86_64

Version: 0.1-2
Check: R code for possible problems
Result: NOTE
    plot.tkm: no visible global function definition for ‘plotcluster’
    plot.tkm: no visible global function definition for ‘discrcoord’
Flavors: r-devel-linux-x86_64-debian-clang, r-devel-linux-x86_64-debian-gcc, r-devel-linux-x86_64-fedora-clang, r-devel-linux-x86_64-fedora-gcc, r-devel-osx-x86_64-clang, r-devel-windows-ix86+x86_64, r-patched-linux-x86_64, r-patched-solaris-sparc, r-patched-solaris-x86, r-release-linux-x86_64, r-release-osx-x86_64-mavericks, r-release-osx-x86_64-snowleopard, r-release-windows-ix86+x86_64, r-oldrel-windows-ix86+x86_64

Version: 0.1-2
Check: package dependencies
Result: NOTE
    Package suggested but not available for checking: ‘fpc’
Flavor: r-release-osx-x86_64-snowleopard

Version: 0.1-2
Check: Rd cross-references
Result: NOTE
    Package unavailable to check Rd xrefs: ‘fpc’
Flavor: r-release-osx-x86_64-snowleopard