CRAN Package Check Results for Package trinROC

Last updated on 2019-02-22 18:55:31 CET.

Flavor Version Tinstall Tcheck Ttotal Status Flags
r-devel-linux-x86_64-debian-clang 0.2 5.83 84.41 90.24 OK
r-devel-linux-x86_64-debian-gcc 0.2 4.70 61.51 66.21 OK
r-devel-linux-x86_64-fedora-clang 0.2 107.89 OK
r-devel-linux-x86_64-fedora-gcc 0.2 98.05 OK
r-devel-windows-ix86+x86_64 0.2 12.00 95.00 107.00 OK
r-patched-linux-x86_64 0.2 5.46 75.83 81.29 OK
r-patched-solaris-x86 0.2 147.90 OK
r-release-linux-x86_64 0.2 OK
r-release-windows-ix86+x86_64 0.2 12.00 133.00 145.00 OK
r-release-osx-x86_64 0.2 WARN
r-oldrel-windows-ix86+x86_64 0.2 8.00 158.00 166.00 OK
r-oldrel-osx-x86_64 0.2 WARN

Check Details

Version: 0.2
Check: whether package can be installed
Result: WARN
    Found the following significant warnings:
     Warning: 'rgl_init' failed, running with rgl.useNULL = TRUE
Flavors: r-release-osx-x86_64, r-oldrel-osx-x86_64