CRAN Package Check Results for Package trioGxE

Last updated on 2014-07-24 17:49:10.

Flavor Version Tinstall Tcheck Ttotal Status Flags
r-devel-linux-x86_64-debian-clang 0.1-1 3.64 51.01 54.65 NOTE
r-devel-linux-x86_64-debian-gcc 0.1-1 3.55 51.14 54.69 NOTE
r-devel-linux-x86_64-fedora-clang 0.1-1 127.12 NOTE
r-devel-linux-x86_64-fedora-gcc 0.1-1 122.49 NOTE
r-devel-osx-x86_64-clang 0.1-1 99.89 NOTE
r-devel-windows-ix86+x86_64 0.1-1 10.00 70.00 80.00 NOTE
r-patched-linux-x86_64 0.1-1 3.71 50.74 54.45 NOTE
r-patched-solaris-sparc 0.1-1 646.90 NOTE
r-patched-solaris-x86 0.1-1 157.10 NOTE
r-release-linux-ix86 0.1-1 4.45 62.07 66.52 NOTE
r-release-linux-x86_64 0.1-1 3.80 51.14 54.95 NOTE
r-release-osx-x86_64-mavericks 0.1-1 NOTE
r-release-osx-x86_64-snowleopard 0.1-1 NOTE
r-release-windows-ix86+x86_64 0.1-1 9.00 70.00 79.00 NOTE
r-oldrel-windows-ix86+x86_64 0.1-1 11.00 67.00 78.00 NOTE

Check Details

Version: 0.1-1
Check: dependencies in R code
Result: NOTE
    'library' or 'require' calls to packages already attached by Depends:
     ‘gtools’ ‘mgcv’
     Please remove these calls from your code.
    Packages in Depends field not imported from:
     ‘gtools’ ‘mgcv’ ‘msm’
     These packages need to be imported from (in the NAMESPACE file)
     for when this namespace is loaded but not attached.
    See the information on DESCRIPTION files in the chapter ‘Creating R
    packages’ of the ‘Writing R Extensions’ manual.
Flavors: r-devel-linux-x86_64-debian-clang, r-devel-linux-x86_64-debian-gcc, r-devel-linux-x86_64-fedora-clang, r-devel-linux-x86_64-fedora-gcc, r-devel-osx-x86_64-clang, r-devel-windows-ix86+x86_64, r-patched-linux-x86_64, r-patched-solaris-sparc, r-patched-solaris-x86, r-release-linux-ix86, r-release-linux-x86_64, r-release-osx-x86_64-mavericks, r-release-windows-ix86+x86_64, r-oldrel-windows-ix86+x86_64

Version: 0.1-1
Check: dependencies in R code
Result: NOTE
    ‘library’ or ‘require’ calls to packages already attached by Depends:
     ‘gtools’ ‘mgcv’
     Please remove these calls from your code.
    See the information on DESCRIPTION files in the chapter ‘Creating R
    packages’ of the ‘Writing R Extensions’ manual.
Flavor: r-release-osx-x86_64-snowleopard