CRAN Package Check Results for Package trioGxE

Last updated on 2015-07-05 15:46:53.

Flavor Version Tinstall Tcheck Ttotal Status Flags
r-devel-linux-x86_64-debian-clang 0.1-1 2.80 39.27 42.08 NOTE
r-devel-linux-x86_64-debian-gcc 0.1-1 2.73 38.42 41.14 NOTE
r-devel-linux-x86_64-fedora-clang 0.1-1 83.80 NOTE
r-devel-linux-x86_64-fedora-gcc 0.1-1 79.07 NOTE
r-devel-osx-x86_64-clang 0.1-1 64.28 NOTE
r-devel-windows-ix86+x86_64 0.1-1 8.00 60.00 68.00 NOTE
r-patched-linux-x86_64 0.1-1 2.84 38.92 41.75 NOTE
r-patched-solaris-sparc 0.1-1 509.30 NOTE
r-patched-solaris-x86 0.1-1 114.00 NOTE
r-release-linux-x86_64 0.1-1 2.94 39.89 42.83 NOTE
r-release-osx-x86_64-mavericks 0.1-1 NOTE
r-release-windows-ix86+x86_64 0.1-1 10.00 65.00 75.00 NOTE
r-oldrel-windows-ix86+x86_64 0.1-1 16.00 82.00 98.00 NOTE

Check Details

Version: 0.1-1
Check: dependencies in R code
Result: NOTE
    'library' or 'require' calls to packages already attached by Depends:
     ‘gtools’ ‘mgcv’
     Please remove these calls from your code.
    Packages in Depends field not imported from:
     ‘gtools’ ‘mgcv’ ‘msm’
     These packages need to be imported from (in the NAMESPACE file)
     for when this namespace is loaded but not attached.
Flavors: r-devel-linux-x86_64-debian-clang, r-devel-linux-x86_64-debian-gcc, r-devel-linux-x86_64-fedora-clang, r-devel-linux-x86_64-fedora-gcc, r-devel-osx-x86_64-clang, r-devel-windows-ix86+x86_64, r-patched-linux-x86_64, r-patched-solaris-sparc, r-patched-solaris-x86, r-release-linux-x86_64, r-release-osx-x86_64-mavericks, r-release-windows-ix86+x86_64, r-oldrel-windows-ix86+x86_64

Version: 0.1-1
Check: R code for possible problems
Result: NOTE
    HtoGp: no visible global function definition for ‘odd’
    HtoGp: no visible global function definition for ‘even’
    plot.pirls.gam: no visible global function definition for ‘par’
    plot.pirls.gam: no visible global function definition for ‘plot’
    plot.pirls.gam: no visible global function definition for ‘title’
    plot.pirls.gam: no visible global function definition for ‘lines’
    plot.pirls.gam: no visible global function definition for ‘rug’
    plot.pirls.gam: no visible global function definition for ‘mtext’
    test.trioGxE: no visible global function definition for ‘write.table’
    trioGxE: no visible global function definition for ‘quantile’
    trioGxE: no visible global function definition for ‘qtnorm’
    trioplot: no visible global function definition for ‘quantile’
    trioplot: no visible global function definition for ‘formula’
    trioplot: no visible global function definition for ‘gam’
    trioplot: Error while checking: invalid ‘envir’ argument
    Undefined global functions or variables:
     even formula gam lines mtext odd par plot qtnorm quantile rug title
     write.table
Flavors: r-devel-linux-x86_64-debian-clang, r-devel-linux-x86_64-debian-gcc, r-devel-linux-x86_64-fedora-clang, r-devel-linux-x86_64-fedora-gcc

Version: 0.1-1
Check: R code for possible problems
Result: NOTE
    HtoGp: no visible global function definition for ‘odd’
    HtoGp: no visible global function definition for ‘even’
    trioGxE: no visible global function definition for ‘qtnorm’
    trioplot: no visible global function definition for ‘gam’
    Undefined global functions or variables:
     even gam odd qtnorm
Flavor: r-devel-osx-x86_64-clang

Version: 0.1-1
Check: R code for possible problems
Result: NOTE
    HtoGp: no visible global function definition for 'odd'
    HtoGp: no visible global function definition for 'even'
    plot.pirls.gam: no visible global function definition for 'par'
    plot.pirls.gam: no visible global function definition for 'plot'
    plot.pirls.gam: no visible global function definition for 'title'
    plot.pirls.gam: no visible global function definition for 'lines'
    plot.pirls.gam: no visible global function definition for 'rug'
    plot.pirls.gam: no visible global function definition for 'mtext'
    test.trioGxE: no visible global function definition for 'write.table'
    trioGxE: no visible global function definition for 'quantile'
    trioGxE: no visible global function definition for 'qtnorm'
    trioplot: no visible global function definition for 'quantile'
    trioplot: no visible global function definition for 'formula'
    trioplot: no visible global function definition for 'gam'
    trioplot: no visible global function definition for 'binomial'
    Undefined global functions or variables:
     binomial even formula gam lines mtext odd par plot qtnorm quantile
     rug title write.table
Flavor: r-devel-windows-ix86+x86_64

Version: 0.1-1
Check: R code for possible problems
Result: NOTE
    HtoGp: no visible global function definition for ‘odd’
    HtoGp: no visible global function definition for ‘even’
    trioGxE: no visible global function definition for ‘qtnorm’
    trioplot: no visible global function definition for ‘gam’
Flavors: r-patched-linux-x86_64, r-patched-solaris-sparc, r-patched-solaris-x86, r-release-linux-x86_64, r-release-osx-x86_64-mavericks, r-release-windows-ix86+x86_64, r-oldrel-windows-ix86+x86_64