CRAN Package Check Results for Package trioGxE

Last updated on 2015-01-27 19:50:35.

Flavor Version Tinstall Tcheck Ttotal Status Flags
r-devel-linux-x86_64-debian-clang 0.1-1 3.38 44.04 47.42 NOTE
r-devel-linux-x86_64-debian-gcc 0.1-1 3.19 42.85 46.04 NOTE
r-devel-linux-x86_64-fedora-clang 0.1-1 129.90 NOTE
r-devel-linux-x86_64-fedora-gcc 0.1-1 110.07 NOTE
r-devel-osx-x86_64-clang 0.1-1 105.46 NOTE
r-devel-windows-ix86+x86_64 0.1-1 9.00 58.00 67.00 NOTE
r-patched-linux-x86_64 0.1-1 3.73 50.59 54.32 NOTE
r-patched-solaris-sparc 0.1-1 622.90 NOTE
r-patched-solaris-x86 0.1-1 150.80 NOTE
r-release-linux-ix86 0.1-1 4.14 58.60 62.74 NOTE
r-release-linux-x86_64 0.1-1 3.74 50.10 53.84 NOTE
r-release-osx-x86_64-mavericks 0.1-1 NOTE
r-release-osx-x86_64-snowleopard 0.1-1 NOTE
r-release-windows-ix86+x86_64 0.1-1 11.00 79.00 90.00 NOTE
r-oldrel-windows-ix86+x86_64 0.1-1 11.00 70.00 81.00 NOTE

Check Details

Version: 0.1-1
Check: dependencies in R code
Result: NOTE
    'library' or 'require' calls to packages already attached by Depends:
     ‘gtools’ ‘mgcv’
     Please remove these calls from your code.
    Packages in Depends field not imported from:
     ‘gtools’ ‘mgcv’ ‘msm’
     These packages need to be imported from (in the NAMESPACE file)
     for when this namespace is loaded but not attached.
Flavors: r-devel-linux-x86_64-debian-clang, r-devel-linux-x86_64-debian-gcc, r-devel-linux-x86_64-fedora-clang, r-devel-linux-x86_64-fedora-gcc, r-devel-osx-x86_64-clang, r-devel-windows-ix86+x86_64

Version: 0.1-1
Check: R code for possible problems
Result: NOTE
    HtoGp: no visible global function definition for ‘odd’
    HtoGp: no visible global function definition for ‘even’
    trioGxE: no visible global function definition for ‘qtnorm’
    trioplot: no visible global function definition for ‘gam’
Flavors: r-devel-linux-x86_64-debian-clang, r-devel-linux-x86_64-debian-gcc, r-devel-linux-x86_64-fedora-clang, r-devel-linux-x86_64-fedora-gcc, r-devel-osx-x86_64-clang, r-devel-windows-ix86+x86_64, r-patched-linux-x86_64, r-patched-solaris-sparc, r-patched-solaris-x86, r-release-linux-ix86, r-release-linux-x86_64, r-release-osx-x86_64-mavericks, r-release-windows-ix86+x86_64

Version: 0.1-1
Check: dependencies in R code
Result: NOTE
    'library' or 'require' calls to packages already attached by Depends:
     ‘gtools’ ‘mgcv’
     Please remove these calls from your code.
    Packages in Depends field not imported from:
     ‘gtools’ ‘mgcv’ ‘msm’
     These packages need to be imported from (in the NAMESPACE file)
     for when this namespace is loaded but not attached.
    See the information on DESCRIPTION files in the chapter ‘Creating R
    packages’ of the ‘Writing R Extensions’ manual.
Flavors: r-patched-linux-x86_64, r-patched-solaris-sparc, r-patched-solaris-x86, r-release-linux-ix86, r-release-linux-x86_64, r-release-osx-x86_64-mavericks, r-release-windows-ix86+x86_64, r-oldrel-windows-ix86+x86_64

Version: 0.1-1
Check: dependencies in R code
Result: NOTE
    ‘library’ or ‘require’ calls to packages already attached by Depends:
     ‘gtools’ ‘mgcv’
     Please remove these calls from your code.
    See the information on DESCRIPTION files in the chapter ‘Creating R
    packages’ of the ‘Writing R Extensions’ manual.
Flavor: r-release-osx-x86_64-snowleopard