CRAN Package Check Results for Package trioGxE

Last updated on 2015-05-22 13:47:08.

Flavor Version Tinstall Tcheck Ttotal Status Flags
r-devel-linux-x86_64-debian-clang 0.1-1 2.79 39.80 42.59 NOTE
r-devel-linux-x86_64-debian-gcc 0.1-1 2.78 38.55 41.32 NOTE
r-devel-linux-x86_64-fedora-gcc 0.1-1 80.85 NOTE
r-devel-osx-x86_64-clang 0.1-1 73.22 NOTE
r-devel-windows-ix86+x86_64 0.1-1 11.00 58.00 69.00 NOTE
r-patched-linux-x86_64 0.1-1 2.78 39.24 42.02 NOTE
r-patched-solaris-sparc 0.1-1 520.80 NOTE
r-patched-solaris-x86 0.1-1 116.80 NOTE
r-release-linux-x86_64 0.1-1 2.78 39.15 41.93 NOTE
r-release-osx-x86_64-mavericks 0.1-1 NOTE
r-release-osx-x86_64-snowleopard 0.1-1 NOTE
r-release-windows-ix86+x86_64 0.1-1 9.00 57.00 66.00 NOTE
r-oldrel-windows-ix86+x86_64 0.1-1 12.00 71.00 83.00 NOTE

Check Details

Version: 0.1-1
Check: dependencies in R code
Result: NOTE
    'library' or 'require' calls to packages already attached by Depends:
     ‘gtools’ ‘mgcv’
     Please remove these calls from your code.
    Packages in Depends field not imported from:
     ‘gtools’ ‘mgcv’ ‘msm’
     These packages need to be imported from (in the NAMESPACE file)
     for when this namespace is loaded but not attached.
Flavors: r-devel-linux-x86_64-debian-clang, r-devel-linux-x86_64-debian-gcc, r-devel-linux-x86_64-fedora-gcc, r-devel-osx-x86_64-clang, r-devel-windows-ix86+x86_64, r-patched-linux-x86_64, r-patched-solaris-sparc, r-patched-solaris-x86, r-release-linux-x86_64, r-release-osx-x86_64-mavericks, r-release-windows-ix86+x86_64, r-oldrel-windows-ix86+x86_64

Version: 0.1-1
Check: R code for possible problems
Result: NOTE
    HtoGp: no visible global function definition for ‘odd’
    HtoGp: no visible global function definition for ‘even’
    trioGxE: no visible global function definition for ‘qtnorm’
    trioplot: no visible global function definition for ‘gam’
Flavors: r-devel-linux-x86_64-debian-clang, r-devel-linux-x86_64-debian-gcc, r-devel-linux-x86_64-fedora-gcc, r-devel-osx-x86_64-clang, r-devel-windows-ix86+x86_64, r-patched-linux-x86_64, r-patched-solaris-sparc, r-patched-solaris-x86, r-release-linux-x86_64, r-release-osx-x86_64-mavericks, r-release-windows-ix86+x86_64, r-oldrel-windows-ix86+x86_64

Version: 0.1-1
Check: dependencies in R code
Result: NOTE
    'library' or 'require' calls to packages already attached by Depends:
     ‘gtools’ ‘mgcv’
     Please remove these calls from your code.
    Packages in Depends field not imported from:
     ‘gtools’ ‘mgcv’ ‘msm’
     These packages need to be imported from (in the NAMESPACE file)
     for when this namespace is loaded but not attached.
    See the information on DESCRIPTION files in the chapter ‘Creating R
    packages’ of the ‘Writing R Extensions’ manual.
Flavor: r-release-osx-x86_64-snowleopard