CRAN Package Check Results for Package trioGxE

Last updated on 2015-04-01 19:48:40.

Flavor Version Tinstall Tcheck Ttotal Status Flags
r-devel-linux-x86_64-debian-clang 0.1-1 2.77 38.97 41.74 NOTE
r-devel-linux-x86_64-debian-gcc 0.1-1 2.74 38.50 41.23 NOTE
r-devel-linux-x86_64-fedora-clang 0.1-1 83.46 NOTE
r-devel-linux-x86_64-fedora-gcc 0.1-1 79.38 NOTE
r-devel-osx-x86_64-clang 0.1-1 78.67 NOTE
r-prerel-windows-ix86+x86_64 0.1-1 8.00 57.00 65.00 NOTE
r-prerel-linux-x86_64 0.1-1 2.72 39.52 42.24 NOTE
r-prerel-solaris-sparc 0.1-1 520.80 NOTE
r-prerel-solaris-x86 0.1-1 113.30 NOTE
r-release-linux-x86_64 0.1-1 4.25 51.30 55.55 NOTE
r-release-osx-x86_64-mavericks 0.1-1 NOTE
r-release-osx-x86_64-snowleopard 0.1-1 NOTE
r-release-windows-ix86+x86_64 0.1-1 12.00 75.00 87.00 NOTE
r-oldrel-windows-ix86+x86_64 0.1-1 10.00 75.00 85.00 NOTE

Check Details

Version: 0.1-1
Check: dependencies in R code
Result: NOTE
    'library' or 'require' calls to packages already attached by Depends:
     ‘gtools’ ‘mgcv’
     Please remove these calls from your code.
    Packages in Depends field not imported from:
     ‘gtools’ ‘mgcv’ ‘msm’
     These packages need to be imported from (in the NAMESPACE file)
     for when this namespace is loaded but not attached.
Flavors: r-devel-linux-x86_64-debian-clang, r-devel-linux-x86_64-debian-gcc, r-devel-linux-x86_64-fedora-clang, r-devel-linux-x86_64-fedora-gcc, r-devel-osx-x86_64-clang, r-prerel-windows-ix86+x86_64, r-prerel-linux-x86_64, r-prerel-solaris-sparc, r-prerel-solaris-x86, r-release-linux-x86_64, r-release-windows-ix86+x86_64

Version: 0.1-1
Check: R code for possible problems
Result: NOTE
    HtoGp: no visible global function definition for ‘odd’
    HtoGp: no visible global function definition for ‘even’
    trioGxE: no visible global function definition for ‘qtnorm’
    trioplot: no visible global function definition for ‘gam’
Flavors: r-devel-linux-x86_64-debian-clang, r-devel-linux-x86_64-debian-gcc, r-devel-linux-x86_64-fedora-clang, r-devel-linux-x86_64-fedora-gcc, r-devel-osx-x86_64-clang, r-prerel-windows-ix86+x86_64, r-prerel-linux-x86_64, r-prerel-solaris-sparc, r-prerel-solaris-x86, r-release-linux-x86_64, r-release-osx-x86_64-mavericks, r-release-windows-ix86+x86_64

Version: 0.1-1
Check: dependencies in R code
Result: NOTE
    'library' or 'require' calls to packages already attached by Depends:
     ‘gtools’ ‘mgcv’
     Please remove these calls from your code.
    Packages in Depends field not imported from:
     ‘gtools’ ‘mgcv’ ‘msm’
     These packages need to be imported from (in the NAMESPACE file)
     for when this namespace is loaded but not attached.
    See the information on DESCRIPTION files in the chapter ‘Creating R
    packages’ of the ‘Writing R Extensions’ manual.
Flavors: r-release-osx-x86_64-mavericks, r-oldrel-windows-ix86+x86_64

Version: 0.1-1
Check: dependencies in R code
Result: NOTE
    ‘library’ or ‘require’ calls to packages already attached by Depends:
     ‘gtools’ ‘mgcv’
     Please remove these calls from your code.
    See the information on DESCRIPTION files in the chapter ‘Creating R
    packages’ of the ‘Writing R Extensions’ manual.
Flavor: r-release-osx-x86_64-snowleopard