CRAN Package Check Results for Package trioGxE

Last updated on 2014-09-17 08:49:31.

Flavor Version Tinstall Tcheck Ttotal Status Flags
r-devel-linux-x86_64-debian-clang 0.1-1 3.46 49.08 52.54 NOTE
r-devel-linux-x86_64-debian-gcc 0.1-1 3.40 46.91 50.30 NOTE
r-devel-linux-x86_64-fedora-clang 0.1-1 118.67 NOTE
r-devel-linux-x86_64-fedora-gcc 0.1-1 110.92 NOTE
r-devel-osx-x86_64-clang 0.1-1 96.60 NOTE
r-devel-windows-ix86+x86_64 0.1-1 10.00 65.00 75.00 NOTE
r-patched-linux-x86_64 0.1-1 3.75 50.79 54.54 NOTE
r-patched-solaris-sparc 0.1-1 650.10 NOTE
r-patched-solaris-x86 0.1-1 158.00 NOTE
r-release-linux-ix86 0.1-1 4.47 62.37 66.84 NOTE
r-release-linux-x86_64 0.1-1 3.74 51.81 55.55 NOTE
r-release-osx-x86_64-mavericks 0.1-1 NOTE
r-release-osx-x86_64-snowleopard 0.1-1 NOTE
r-release-windows-ix86+x86_64 0.1-1 11.00 74.00 85.00 NOTE
r-oldrel-windows-ix86+x86_64 0.1-1 11.00 77.00 88.00 NOTE

Check Details

Version: 0.1-1
Check: dependencies in R code
Result: NOTE
    'library' or 'require' calls to packages already attached by Depends:
     ‘gtools’ ‘mgcv’
     Please remove these calls from your code.
    Packages in Depends field not imported from:
     ‘gtools’ ‘mgcv’ ‘msm’
     These packages need to be imported from (in the NAMESPACE file)
     for when this namespace is loaded but not attached.
    See the information on DESCRIPTION files in the chapter ‘Creating R
    packages’ of the ‘Writing R Extensions’ manual.
Flavors: r-devel-linux-x86_64-debian-clang, r-devel-linux-x86_64-debian-gcc, r-devel-linux-x86_64-fedora-clang, r-devel-linux-x86_64-fedora-gcc, r-devel-osx-x86_64-clang, r-devel-windows-ix86+x86_64, r-patched-linux-x86_64, r-patched-solaris-sparc, r-patched-solaris-x86, r-release-linux-ix86, r-release-linux-x86_64, r-release-osx-x86_64-mavericks, r-release-windows-ix86+x86_64, r-oldrel-windows-ix86+x86_64

Version: 0.1-1
Check: R code for possible problems
Result: NOTE
    HtoGp: no visible global function definition for ‘odd’
    HtoGp: no visible global function definition for ‘even’
    trioGxE: no visible global function definition for ‘qtnorm’
    trioplot: no visible global function definition for ‘gam’
Flavors: r-devel-linux-x86_64-debian-clang, r-devel-linux-x86_64-debian-gcc, r-devel-linux-x86_64-fedora-clang, r-devel-linux-x86_64-fedora-gcc, r-devel-osx-x86_64-clang, r-devel-windows-ix86+x86_64

Version: 0.1-1
Check: dependencies in R code
Result: NOTE
    ‘library’ or ‘require’ calls to packages already attached by Depends:
     ‘gtools’ ‘mgcv’
     Please remove these calls from your code.
    See the information on DESCRIPTION files in the chapter ‘Creating R
    packages’ of the ‘Writing R Extensions’ manual.
Flavor: r-release-osx-x86_64-snowleopard