CRAN Package Check Results for Package trioGxE

Last updated on 2015-09-04 05:47:11.

Flavor Version Tinstall Tcheck Ttotal Status Flags
r-devel-linux-x86_64-debian-clang 0.1-1 2.58 38.77 41.36 NOTE
r-devel-linux-x86_64-debian-gcc 0.1-1 2.60 37.76 40.37 NOTE
r-devel-linux-x86_64-fedora-clang 0.1-1 79.83 NOTE
r-devel-linux-x86_64-fedora-gcc 0.1-1 76.86 NOTE
r-devel-osx-x86_64-clang 0.1-1 62.56 NOTE
r-devel-windows-ix86+x86_64 0.1-1 6.00 56.00 62.00 NOTE
r-patched-linux-x86_64 0.1-1 2.89 40.32 43.21 NOTE
r-patched-solaris-sparc 0.1-1 524.30 NOTE
r-patched-solaris-x86 0.1-1 116.70 NOTE
r-release-linux-x86_64 0.1-1 2.97 39.52 42.49 NOTE
r-release-osx-x86_64-mavericks 0.1-1 NOTE
r-release-windows-ix86+x86_64 0.1-1 12.00 94.00 106.00 NOTE
r-oldrel-windows-ix86+x86_64 0.1-1 15.00 85.00 100.00 NOTE

Check Details

Version: 0.1-1
Check: dependencies in R code
Result: NOTE
    'library' or 'require' calls to packages already attached by Depends:
     ‘gtools’ ‘mgcv’
     Please remove these calls from your code.
    Packages in Depends field not imported from:
     ‘gtools’ ‘mgcv’ ‘msm’
     These packages need to be imported from (in the NAMESPACE file)
     for when this namespace is loaded but not attached.
Flavors: r-devel-linux-x86_64-debian-clang, r-devel-linux-x86_64-debian-gcc, r-devel-linux-x86_64-fedora-clang, r-devel-linux-x86_64-fedora-gcc, r-devel-osx-x86_64-clang, r-devel-windows-ix86+x86_64, r-patched-linux-x86_64, r-patched-solaris-sparc, r-patched-solaris-x86, r-release-linux-x86_64, r-release-osx-x86_64-mavericks, r-release-windows-ix86+x86_64, r-oldrel-windows-ix86+x86_64

Version: 0.1-1
Check: R code for possible problems
Result: NOTE
    HtoGp: no visible global function definition for ‘odd’
    HtoGp: no visible global function definition for ‘even’
    plot.pirls.gam: no visible global function definition for ‘par’
    plot.pirls.gam: no visible global function definition for ‘plot’
    plot.pirls.gam: no visible global function definition for ‘title’
    plot.pirls.gam: no visible global function definition for ‘lines’
    plot.pirls.gam: no visible global function definition for ‘rug’
    plot.pirls.gam: no visible global function definition for ‘mtext’
    test.trioGxE: no visible global function definition for ‘write.table’
    trioGxE: no visible global function definition for ‘quantile’
    trioGxE: no visible global function definition for ‘qtnorm’
    trioplot: no visible global function definition for ‘quantile’
    trioplot: no visible global function definition for ‘formula’
    trioplot: no visible global function definition for ‘gam’
    trioplot: no visible global function definition for ‘binomial’
    Undefined global functions or variables:
     binomial even formula gam lines mtext odd par plot qtnorm quantile
     rug title write.table
    Consider adding
     importFrom("graphics", "lines", "mtext", "par", "plot", "rug", "title")
     importFrom("stats", "binomial", "formula", "quantile")
     importFrom("utils", "write.table")
    to your NAMESPACE.
Flavors: r-devel-linux-x86_64-debian-clang, r-devel-linux-x86_64-debian-gcc, r-devel-linux-x86_64-fedora-clang, r-devel-linux-x86_64-fedora-gcc, r-devel-windows-ix86+x86_64

Version: 0.1-1
Check: R code for possible problems
Result: NOTE
    HtoGp: no visible global function definition for ‘odd’
    HtoGp: no visible global function definition for ‘even’
    trioGxE: no visible global function definition for ‘qtnorm’
    trioplot: no visible global function definition for ‘gam’
    Undefined global functions or variables:
     even gam odd qtnorm
Flavor: r-devel-osx-x86_64-clang

Version: 0.1-1
Check: R code for possible problems
Result: NOTE
    HtoGp: no visible global function definition for ‘odd’
    HtoGp: no visible global function definition for ‘even’
    trioGxE: no visible global function definition for ‘qtnorm’
    trioplot: no visible global function definition for ‘gam’
Flavors: r-patched-linux-x86_64, r-patched-solaris-sparc, r-patched-solaris-x86, r-release-linux-x86_64, r-release-osx-x86_64-mavericks, r-release-windows-ix86+x86_64, r-oldrel-windows-ix86+x86_64