CRAN Package Check Results for Package trip

Last updated on 2016-02-09 06:50:06.

Flavor Version Tinstall Tcheck Ttotal Status Flags
r-devel-linux-x86_64-debian-gcc 1.1-21 9.41 64.65 74.06 NOTE
r-devel-linux-x86_64-fedora-clang 1.1-21 152.06 NOTE
r-devel-linux-x86_64-fedora-gcc 1.1-21 145.59 NOTE
r-devel-osx-x86_64-clang 1.1-21 162.58 NOTE
r-devel-windows-ix86+x86_64 1.1-21 26.00 136.00 162.00 NOTE
r-patched-linux-x86_64 1.1-21 9.70 69.31 79.01 OK
r-patched-solaris-sparc 1.1-21 949.20 OK
r-patched-solaris-x86 1.1-21 199.60 OK
r-release-linux-x86_64 1.1-21 9.67 69.50 79.17 OK
r-release-osx-x86_64-mavericks 1.1-21 OK
r-release-windows-ix86+x86_64 1.1-21 27.00 148.00 175.00 OK
r-oldrel-windows-ix86+x86_64 1.1-21 39.00 182.00 221.00 OK

Check Details

Version: 1.1-21
Check: R code for possible problems
Result: NOTE
    .single.trip.split: no visible global function definition for
     ‘approxfun’
    cut.one.trip: no visible global function definition for ‘approxfun’
    cut.one.trip: no visible global function definition for ‘tail’
    filter.penSS: no visible global function definition for ‘nlm’
    kdePoints: no visible global function definition for ‘dnorm’
    tripGrid: no visible global function definition for ‘density’
    lines,trip: no visible global function definition for ‘hsv’
    spTransform,Spatial-character: Error while checking: only works for
     closures
    Undefined global functions or variables:
     approxfun density dnorm hsv nlm tail
    Consider adding
     importFrom("grDevices", "hsv")
     importFrom("stats", "approxfun", "density", "dnorm", "nlm")
     importFrom("utils", "tail")
    to your NAMESPACE file.
Flavors: r-devel-linux-x86_64-debian-gcc, r-devel-linux-x86_64-fedora-clang, r-devel-linux-x86_64-fedora-gcc, r-devel-osx-x86_64-clang, r-devel-windows-ix86+x86_64