CRAN Package Check Results for Package trip

Last updated on 2015-02-28 19:51:23.

Flavor Version Tinstall Tcheck Ttotal Status Flags
r-devel-linux-x86_64-debian-clang 1.1-19 5.92 50.04 55.96 NOTE
r-devel-linux-x86_64-debian-gcc 1.1-19 5.54 47.52 53.06 NOTE
r-devel-linux-x86_64-fedora-clang 1.1-19 114.22 NOTE
r-devel-linux-x86_64-fedora-gcc 1.1-19 108.57 NOTE
r-devel-osx-x86_64-clang 1.1-19 102.78 NOTE
r-devel-windows-ix86+x86_64 1.1-19 18.00 72.00 90.00 NOTE
r-patched-linux-x86_64 1.1-19 8.03 65.32 73.35 NOTE
r-patched-solaris-sparc 1.1-19 914.30 NOTE
r-patched-solaris-x86 1.1-19 216.30 NOTE
r-release-linux-ix86 1.1-19 8.78 76.42 85.20 OK
r-release-linux-x86_64 1.1-19 9.45 64.24 73.68 OK
r-release-osx-x86_64-mavericks 1.1-19 NOTE
r-release-osx-x86_64-snowleopard 1.1-19 OK
r-release-windows-ix86+x86_64 1.1-19 15.00 103.00 118.00 OK
r-oldrel-windows-ix86+x86_64 1.1-19 42.00 91.00 133.00 OK

Check Details

Version: 1.1-19
Check: dependencies in R code
Result: NOTE
    'library' or 'require' call to ‘adehabitatLT’ in package code.
     Please use :: or requireNamespace() instead.
     See section 'Suggested packages' in the 'Writing R Extensions' manual.
Flavors: r-devel-linux-x86_64-debian-clang, r-devel-linux-x86_64-debian-gcc, r-devel-linux-x86_64-fedora-clang, r-devel-linux-x86_64-fedora-gcc, r-devel-osx-x86_64-clang, r-devel-windows-ix86+x86_64, r-patched-linux-x86_64, r-patched-solaris-sparc, r-patched-solaris-x86

Version: 1.1-19
Check: package dependencies
Result: NOTE
    Package suggested but not available for checking: ‘rgdal’
Flavor: r-release-osx-x86_64-mavericks

Version: 1.1-19
Check: Rd cross-references
Result: NOTE
    Package unavailable to check Rd xrefs: ‘rgdal’
Flavor: r-release-osx-x86_64-mavericks