CRAN Package Check Results for Package trip

Last updated on 2016-09-25 15:49:07.

Flavor Version Tinstall Tcheck Ttotal Status Flags
r-devel-linux-x86_64-debian-clang 1.1-21 11.65 628.98 640.63 NOTE
r-devel-linux-x86_64-debian-gcc 1.1-21 10.44 58.96 69.39 NOTE
r-devel-linux-x86_64-fedora-clang 1.1-21 107.41 NOTE
r-devel-linux-x86_64-fedora-gcc 1.1-21 139.74 NOTE
r-devel-macos-x86_64-clang 1.1-21 109.56 NOTE
r-devel-windows-ix86+x86_64 1.1-21 21.00 203.00 224.00 NOTE
r-patched-linux-x86_64 1.1-21 10.49 61.55 72.04 NOTE
r-patched-solaris-sparc 1.1-21 895.30 NOTE
r-patched-solaris-x86 1.1-21 193.20 NOTE
r-release-linux-x86_64 1.1-21 10.81 62.40 73.22 NOTE
r-release-osx-x86_64-mavericks 1.1-21 NOTE
r-release-windows-ix86+x86_64 1.1-21 23.00 116.00 139.00 NOTE
r-oldrel-windows-ix86+x86_64 1.1-21 31.00 182.00 213.00 OK

Check Details

Version: 1.1-21
Check: R code for possible problems
Result: NOTE
    .single.trip.split: no visible global function definition for
     ‘approxfun’
    cut.one.trip: no visible global function definition for ‘approxfun’
    cut.one.trip: no visible global function definition for ‘tail’
    filter.penSS: no visible global function definition for ‘nlm’
    kdePoints: no visible global function definition for ‘dnorm’
    tripGrid: no visible global function definition for ‘density’
    lines,trip: no visible global function definition for ‘hsv’
    spTransform,Spatial-character: Error while checking: only works for
     closures
    Undefined global functions or variables:
     approxfun density dnorm hsv nlm tail
    Consider adding
     importFrom("grDevices", "hsv")
     importFrom("stats", "approxfun", "density", "dnorm", "nlm")
     importFrom("utils", "tail")
    to your NAMESPACE file.
Flavors: r-devel-linux-x86_64-debian-clang, r-devel-linux-x86_64-debian-gcc, r-devel-linux-x86_64-fedora-clang, r-devel-linux-x86_64-fedora-gcc, r-devel-macos-x86_64-clang, r-devel-windows-ix86+x86_64, r-patched-linux-x86_64, r-patched-solaris-sparc, r-patched-solaris-x86, r-release-linux-x86_64, r-release-osx-x86_64-mavericks, r-release-windows-ix86+x86_64