CRAN Package Check Results for Package trip

Last updated on 2015-04-26 12:46:44.

Flavor Version Tinstall Tcheck Ttotal Status Flags
r-devel-linux-x86_64-debian-clang 1.1-19 6.08 50.50 56.58 NOTE
r-devel-linux-x86_64-debian-gcc 1.1-19 5.75 49.33 55.08 NOTE
r-devel-linux-x86_64-fedora-clang 1.1-19 118.95 NOTE
r-devel-linux-x86_64-fedora-gcc 1.1-19 111.48 NOTE
r-devel-osx-x86_64-clang 1.1-19 101.48 NOTE
r-devel-windows-ix86+x86_64 1.1-19 16.00 76.00 92.00 NOTE
r-patched-linux-x86_64 1.1-19 5.74 49.91 55.65 NOTE
r-patched-solaris-sparc 1.1-19 704.60 NOTE
r-patched-solaris-x86 1.1-19 155.70 NOTE
r-release-linux-x86_64 1.1-19 5.75 48.65 54.40 NOTE
r-release-osx-x86_64-mavericks 1.1-19 NOTE
r-release-osx-x86_64-snowleopard 1.1-19 NOTE
r-release-windows-ix86+x86_64 1.1-19 14.00 79.00 93.00 NOTE
r-oldrel-windows-ix86+x86_64 1.1-19 17.00 85.00 102.00 NOTE

Check Details

Version: 1.1-19
Check: dependencies in R code
Result: NOTE
    'library' or 'require' call to ‘adehabitatLT’ in package code.
     Please use :: or requireNamespace() instead.
     See section 'Suggested packages' in the 'Writing R Extensions' manual.
Flavors: r-devel-linux-x86_64-fedora-clang, r-devel-linux-x86_64-fedora-gcc, r-devel-osx-x86_64-clang, r-devel-windows-ix86+x86_64, r-patched-solaris-sparc, r-patched-solaris-x86, r-release-osx-x86_64-mavericks, r-release-windows-ix86+x86_64, r-oldrel-windows-ix86+x86_64

Version: 1.1-19
Check: package dependencies
Result: NOTE
    Package suggested but not available for checking: ‘rgdal’
Flavor: r-release-osx-x86_64-mavericks

Version: 1.1-19
Check: Rd cross-references
Result: NOTE
    Package unavailable to check Rd xrefs: ‘rgdal’
Flavor: r-release-osx-x86_64-mavericks