CRAN Package Check Results for Package trip

Last updated on 2016-08-30 16:47:36.

Flavor Version Tinstall Tcheck Ttotal Status Flags
r-devel-linux-x86_64-debian-clang 1.1-21 11.34 354.60 365.94 NOTE
r-devel-linux-x86_64-debian-gcc 1.1-21 11.73 62.27 74.00 NOTE
r-devel-linux-x86_64-fedora-clang 1.1-21 154.84 NOTE
r-devel-linux-x86_64-fedora-gcc 1.1-21 147.44 NOTE
r-devel-osx-x86_64-clang 1.1-21 121.62 NOTE
r-devel-windows-ix86+x86_64 1.1-21 33.00 104.00 137.00 NOTE
r-patched-linux-x86_64 1.1-21 8.92 65.36 74.29 NOTE
r-patched-solaris-sparc 1.1-21 895.30 NOTE
r-patched-solaris-x86 1.1-21 195.60 NOTE
r-release-linux-x86_64 1.1-21 13.07 62.24 75.31 NOTE
r-release-osx-x86_64-mavericks 1.1-21 NOTE
r-release-windows-ix86+x86_64 1.1-21 23.00 96.00 119.00 NOTE
r-oldrel-windows-ix86+x86_64 1.1-21 32.00 158.00 190.00 OK

Check Details

Version: 1.1-21
Check: R code for possible problems
Result: NOTE
    .single.trip.split: no visible global function definition for
     ‘approxfun’
    cut.one.trip: no visible global function definition for ‘approxfun’
    cut.one.trip: no visible global function definition for ‘tail’
    filter.penSS: no visible global function definition for ‘nlm’
    kdePoints: no visible global function definition for ‘dnorm’
    tripGrid: no visible global function definition for ‘density’
    lines,trip: no visible global function definition for ‘hsv’
    spTransform,Spatial-character: Error while checking: only works for
     closures
    Undefined global functions or variables:
     approxfun density dnorm hsv nlm tail
    Consider adding
     importFrom("grDevices", "hsv")
     importFrom("stats", "approxfun", "density", "dnorm", "nlm")
     importFrom("utils", "tail")
    to your NAMESPACE file.
Flavors: r-devel-linux-x86_64-debian-clang, r-devel-linux-x86_64-debian-gcc, r-devel-linux-x86_64-fedora-clang, r-devel-linux-x86_64-fedora-gcc, r-devel-osx-x86_64-clang, r-devel-windows-ix86+x86_64, r-patched-linux-x86_64, r-patched-solaris-sparc, r-patched-solaris-x86, r-release-linux-x86_64, r-release-osx-x86_64-mavericks, r-release-windows-ix86+x86_64