CRAN Package Check Results for Package trip

Last updated on 2017-04-28 23:52:50.

Flavor Version Tinstall Tcheck Ttotal Status Flags
r-devel-linux-x86_64-debian-clang 1.5.0 11.95 715.43 727.38 OK
r-devel-linux-x86_64-debian-gcc 1.5.0 12.15 82.76 94.90 OK
r-devel-linux-x86_64-fedora-clang 1.5.0 214.98 OK --no-stop-on-test-error
r-devel-linux-x86_64-fedora-gcc 1.5.0 197.62 OK --no-stop-on-test-error
r-devel-windows-ix86+x86_64 1.5.0 29.00 200.00 229.00 OK
r-patched-linux-x86_64 1.5.0 11.65 83.38 95.03 OK
r-patched-solaris-sparc 1.5.0 1135.30 OK
r-patched-solaris-x86 1.5.0 259.70 OK
r-release-linux-x86_64 1.5.0 12.15 81.96 94.11 OK
r-release-windows-ix86+x86_64 1.5.0 36.00 219.00 255.00 OK
r-release-osx-x86_64 1.5.0 WARN
r-oldrel-windows-ix86+x86_64 1.5.0 33.00 187.00 220.00 OK
r-oldrel-osx-x86_64 1.5.0 OK

Check Details

Version: 1.5.0
Check: package dependencies
Result: NOTE
    Package suggested but not available for checking: ‘rgdal’
Flavor: r-release-osx-x86_64

Version: 1.5.0
Check: Rd cross-references
Result: NOTE
    Package unavailable to check Rd xrefs: ‘rgdal’
Flavor: r-release-osx-x86_64

Version: 1.5.0
Check: re-building of vignette outputs
Result: WARN
    Error in re-building vignettes:
     ...
    Warning in engine$weave(file, quiet = quiet, encoding = enc) :
     Pandoc (>= 1.12.3) and/or pandoc-citeproc not available. Falling back to R Markdown v1.
    Quitting from lines 62-71 (trip.Rmd)
    Error: processing vignette 'trip.Rmd' failed with diagnostics:
    there is no package called 'rgdal'
    Execution halted
Flavor: r-release-osx-x86_64