CRAN Package Check Results for Package trip

Last updated on 2014-10-24 19:47:54.

Flavor Version Tinstall Tcheck Ttotal Status Flags
r-devel-linux-x86_64-debian-clang 1.1-18 7.12 61.62 68.74 OK
r-devel-linux-x86_64-debian-gcc 1.1-18 7.08 61.54 68.62 OK
r-devel-linux-x86_64-fedora-clang 1.1-18 160.56 OK
r-devel-linux-x86_64-fedora-gcc 1.1-18 152.72 OK
r-devel-osx-x86_64-clang 1.1-18 132.74 OK
r-devel-windows-ix86+x86_64 1.1-18 16.00 90.00 106.00 OK
r-patched-linux-x86_64 1.1-18 7.82 64.67 72.48 OK
r-patched-solaris-sparc 1.1-18 812.80 OK
r-patched-solaris-x86 1.1-18 215.30 OK
r-release-linux-ix86 1.1-18 9.06 78.33 87.40 OK
r-release-linux-x86_64 1.1-18 7.80 63.40 71.20 OK
r-release-osx-x86_64-mavericks 1.1-18 NOTE
r-release-osx-x86_64-snowleopard 1.1-18 OK
r-release-windows-ix86+x86_64 1.1-18 16.00 96.00 112.00 OK
r-oldrel-windows-ix86+x86_64 1.1-18 17.00 91.00 108.00 OK

Check Details

Version: 1.1-18
Check: package dependencies
Result: NOTE
    Package suggested but not available for checking: ‘rgdal’
Flavor: r-release-osx-x86_64-mavericks

Version: 1.1-18
Check: Rd cross-references
Result: NOTE
    Package unavailable to check Rd xrefs: ‘rgdal’
Flavor: r-release-osx-x86_64-mavericks

Version: 1.1-18
Check: re-building of vignette outputs
Result: NOTE
    Error in re-building vignettes:
     ...
    Loading required package: sp
    Error in texi2dvi(file = file, pdf = TRUE, clean = clean, quiet = quiet, :
     Running 'texi2dvi' on 'trip.tex' failed.
    LaTeX errors:
    ! LaTeX Error: File `a4wide.sty' not found.
    
    Type X to quit or <RETURN> to proceed,
    or enter new name. (Default extension: sty)
    
    st/trip/vignettes/trip.tex:3: ==> Fatal error occurred, no output PDF file pro
    duced!
    Calls: buildVignettes -> texi2pdf -> texi2dvi
    Execution halted
Flavor: r-release-osx-x86_64-mavericks