CRAN Package Check Results for Package trip

Last updated on 2016-04-30 06:47:45.

Flavor Version Tinstall Tcheck Ttotal Status Flags
r-devel-linux-x86_64-debian-gcc 1.1-21 8.95 65.00 73.95 NOTE
r-devel-linux-x86_64-fedora-clang 1.1-21 150.18 NOTE
r-devel-linux-x86_64-fedora-gcc 1.1-21 144.26 NOTE
r-devel-osx-x86_64-clang 1.1-21 163.64 NOTE
r-devel-windows-ix86+x86_64 1.1-21 23.00 116.00 139.00 NOTE
r-patched-linux-x86_64 1.1-21 9.33 63.92 73.26 NOTE
r-patched-solaris-sparc 1.1-21 891.70 NOTE
r-patched-solaris-x86 1.1-21 193.60 NOTE
r-release-linux-x86_64 1.1-21 10.29 70.92 81.21 OK
r-release-osx-x86_64-mavericks 1.1-21 OK
r-release-windows-ix86+x86_64 1.1-21 22.00 102.00 124.00 OK
r-oldrel-windows-ix86+x86_64 1.1-21 40.00 145.00 185.00 OK

Check Details

Version: 1.1-21
Check: R code for possible problems
Result: NOTE
    .single.trip.split: no visible global function definition for
     ‘approxfun’
    cut.one.trip: no visible global function definition for ‘approxfun’
    cut.one.trip: no visible global function definition for ‘tail’
    filter.penSS: no visible global function definition for ‘nlm’
    kdePoints: no visible global function definition for ‘dnorm’
    tripGrid: no visible global function definition for ‘density’
    lines,trip: no visible global function definition for ‘hsv’
    spTransform,Spatial-character: Error while checking: only works for
     closures
    Undefined global functions or variables:
     approxfun density dnorm hsv nlm tail
    Consider adding
     importFrom("grDevices", "hsv")
     importFrom("stats", "approxfun", "density", "dnorm", "nlm")
     importFrom("utils", "tail")
    to your NAMESPACE file.
Flavors: r-devel-linux-x86_64-debian-gcc, r-devel-linux-x86_64-fedora-clang, r-devel-linux-x86_64-fedora-gcc, r-devel-osx-x86_64-clang, r-devel-windows-ix86+x86_64, r-patched-linux-x86_64, r-patched-solaris-sparc, r-patched-solaris-x86