CRAN Package Check Results for Package trip

Last updated on 2016-06-26 11:48:30.

Flavor Version Tinstall Tcheck Ttotal Status Flags
r-devel-linux-x86_64-debian-gcc 1.1-21 9.39 66.65 76.03 NOTE
r-devel-linux-x86_64-fedora-clang 1.1-21 152.27 NOTE
r-devel-linux-x86_64-fedora-gcc 1.1-21 152.24 NOTE
r-devel-osx-x86_64-clang 1.1-21 119.63 NOTE
r-devel-windows-ix86+x86_64 1.1-21 28.00 120.00 148.00 NOTE
r-patched-linux-x86_64 1.1-21 9.08 67.23 76.31 NOTE
r-patched-solaris-sparc 1.1-21 895.30 NOTE
r-patched-solaris-x86 1.1-21 195.30 NOTE
r-release-linux-x86_64 1.1-21 9.63 67.03 76.65 NOTE
r-release-osx-x86_64-mavericks 1.1-21 NOTE
r-release-windows-ix86+x86_64 1.1-21 23.00 111.00 134.00 NOTE
r-oldrel-windows-ix86+x86_64 1.1-21 30.00 125.00 155.00 OK

Check Details

Version: 1.1-21
Check: R code for possible problems
Result: NOTE
    .single.trip.split: no visible global function definition for
     ‘approxfun’
    cut.one.trip: no visible global function definition for ‘approxfun’
    cut.one.trip: no visible global function definition for ‘tail’
    filter.penSS: no visible global function definition for ‘nlm’
    kdePoints: no visible global function definition for ‘dnorm’
    tripGrid: no visible global function definition for ‘density’
    lines,trip: no visible global function definition for ‘hsv’
    spTransform,Spatial-character: Error while checking: only works for
     closures
    Undefined global functions or variables:
     approxfun density dnorm hsv nlm tail
    Consider adding
     importFrom("grDevices", "hsv")
     importFrom("stats", "approxfun", "density", "dnorm", "nlm")
     importFrom("utils", "tail")
    to your NAMESPACE file.
Flavors: r-devel-linux-x86_64-debian-gcc, r-devel-linux-x86_64-fedora-clang, r-devel-linux-x86_64-fedora-gcc, r-devel-osx-x86_64-clang, r-devel-windows-ix86+x86_64, r-patched-linux-x86_64, r-patched-solaris-sparc, r-patched-solaris-x86, r-release-linux-x86_64, r-release-osx-x86_64-mavericks, r-release-windows-ix86+x86_64