CRAN Package Check Results for Package trip

Last updated on 2014-12-22 01:47:50.

Flavor Version Tinstall Tcheck Ttotal Status Flags
r-devel-linux-x86_64-debian-clang 1.1-19 7.26 61.59 68.85 OK
r-devel-linux-x86_64-debian-gcc 1.1-19 6.87 58.39 65.26 OK
r-devel-linux-x86_64-fedora-clang 1.1-19 162.99 OK
r-devel-linux-x86_64-fedora-gcc 1.1-19 155.05 OK
r-devel-osx-x86_64-clang 1.1-19 135.44 OK
r-devel-windows-ix86+x86_64 1.1-19 18.00 84.00 102.00 OK
r-patched-linux-x86_64 1.1-19 7.86 62.32 70.18 OK
r-patched-solaris-sparc 1.1-19 808.30 OK
r-patched-solaris-x86 1.1-19 213.40 OK
r-release-linux-ix86 1.1-19 8.62 74.20 82.82 OK
r-release-linux-x86_64 1.1-19 7.80 62.58 70.38 OK
r-release-osx-x86_64-mavericks 1.1-19 NOTE
r-release-osx-x86_64-snowleopard 1.1-19 OK
r-release-windows-ix86+x86_64 1.1-19 18.00 91.00 109.00 OK
r-oldrel-windows-ix86+x86_64 1.1-19 21.00 94.00 115.00 OK

Check Details

Version: 1.1-19
Check: package dependencies
Result: NOTE
    Package suggested but not available for checking: ‘rgdal’
Flavor: r-release-osx-x86_64-mavericks

Version: 1.1-19
Check: Rd cross-references
Result: NOTE
    Package unavailable to check Rd xrefs: ‘rgdal’
Flavor: r-release-osx-x86_64-mavericks

Version: 1.1-19
Check: re-building of vignette outputs
Result: NOTE
    Error in re-building vignettes:
     ...
    Loading required package: sp
    Error in texi2dvi(file = file, pdf = TRUE, clean = clean, quiet = quiet, :
     Running 'texi2dvi' on 'trip.tex' failed.
    LaTeX errors:
    ! LaTeX Error: File `a4wide.sty' not found.
    
    Type X to quit or <RETURN> to proceed,
    or enter new name. (Default extension: sty)
    
    st/trip/vignettes/trip.tex:3: ==> Fatal error occurred, no output PDF file pro
    duced!
    Calls: buildVignettes -> texi2pdf -> texi2dvi
    Execution halted
Flavor: r-release-osx-x86_64-mavericks