CRAN Package Check Results for Package trip

Last updated on 2017-06-25 06:48:04.

Flavor Version Tinstall Tcheck Ttotal Status Flags
r-devel-linux-x86_64-debian-clang 1.5.0 11.67 534.01 545.68 OK
r-devel-linux-x86_64-debian-gcc 1.5.0 12.32 81.26 93.57 OK
r-devel-linux-x86_64-fedora-clang 1.5.0 204.19 OK
r-devel-linux-x86_64-fedora-gcc 1.5.0 201.12 OK
r-devel-windows-ix86+x86_64 1.5.0 36.00 199.00 235.00 OK
r-patched-linux-x86_64 1.5.0 12.05 82.26 94.31 OK
r-patched-solaris-sparc 1.5.0 1167.50 OK
r-patched-solaris-x86 1.5.0 261.90 OK
r-release-linux-x86_64 1.5.0 12.50 83.08 95.58 OK
r-release-windows-ix86+x86_64 1.5.0 36.00 205.00 241.00 OK
r-release-osx-x86_64 1.5.0 WARN
r-oldrel-windows-ix86+x86_64 1.5.0 35.00 188.00 223.00 OK
r-oldrel-osx-x86_64 1.5.0 OK

Check Details

Version: 1.5.0
Check: package dependencies
Result: NOTE
    Package suggested but not available for checking: ‘rgdal’
Flavor: r-release-osx-x86_64

Version: 1.5.0
Check: Rd cross-references
Result: NOTE
    Package unavailable to check Rd xrefs: ‘rgdal’
Flavor: r-release-osx-x86_64

Version: 1.5.0
Check: re-building of vignette outputs
Result: WARN
    Error in re-building vignettes:
     ...
    Warning in engine$weave(file, quiet = quiet, encoding = enc) :
     Pandoc (>= 1.12.3) and/or pandoc-citeproc not available. Falling back to R Markdown v1.
    Quitting from lines 62-71 (trip.Rmd)
    Error: processing vignette 'trip.Rmd' failed with diagnostics:
    there is no package called 'rgdal'
    Execution halted
Flavor: r-release-osx-x86_64