CRAN Package Check Results for Package trip

Last updated on 2015-03-28 11:49:30.

Flavor Version Tinstall Tcheck Ttotal Status Flags
r-devel-linux-x86_64-debian-clang 1.1-19 5.82 48.54 54.36 NOTE
r-devel-linux-x86_64-debian-gcc 1.1-19 5.70 48.70 54.40 NOTE
r-devel-linux-x86_64-fedora-clang 1.1-19 116.28 NOTE
r-devel-linux-x86_64-fedora-gcc 1.1-19 116.06 NOTE
r-devel-osx-x86_64-clang 1.1-19 106.70 NOTE
r-prerel-windows-ix86+x86_64 1.1-19 14.00 73.00 87.00 NOTE
r-prerel-linux-x86_64 1.1-19 5.64 48.33 53.97 NOTE
r-prerel-solaris-sparc 1.1-19 704.60 NOTE
r-prerel-solaris-x86 1.1-19 150.10 NOTE
r-release-linux-x86_64 1.1-19 7.92 63.88 71.80 NOTE
r-release-osx-x86_64-mavericks 1.1-19 NOTE
r-release-osx-x86_64-snowleopard 1.1-19 OK
r-release-windows-ix86+x86_64 1.1-19 16.00 105.00 121.00 NOTE
r-oldrel-windows-ix86+x86_64 1.1-19 18.00 145.00 163.00 OK

Check Details

Version: 1.1-19
Check: dependencies in R code
Result: NOTE
    'library' or 'require' call to ‘adehabitatLT’ in package code.
     Please use :: or requireNamespace() instead.
     See section 'Suggested packages' in the 'Writing R Extensions' manual.
Flavors: r-devel-linux-x86_64-debian-clang, r-devel-linux-x86_64-debian-gcc, r-devel-linux-x86_64-fedora-clang, r-devel-linux-x86_64-fedora-gcc, r-devel-osx-x86_64-clang, r-prerel-windows-ix86+x86_64, r-prerel-linux-x86_64, r-prerel-solaris-sparc, r-prerel-solaris-x86, r-release-linux-x86_64, r-release-windows-ix86+x86_64

Version: 1.1-19
Check: package dependencies
Result: NOTE
    Package suggested but not available for checking: ‘rgdal’
Flavor: r-release-osx-x86_64-mavericks

Version: 1.1-19
Check: Rd cross-references
Result: NOTE
    Package unavailable to check Rd xrefs: ‘rgdal’
Flavor: r-release-osx-x86_64-mavericks