CRAN Package Check Results for Package trip

Last updated on 2015-07-07 03:48:03.

Flavor Version Tinstall Tcheck Ttotal Status Flags
r-devel-linux-x86_64-debian-clang 1.1-21 9.35 67.80 77.15 NOTE
r-devel-linux-x86_64-debian-gcc 1.1-21 10.86 67.26 78.11 NOTE
r-devel-linux-x86_64-fedora-clang 1.1-21 157.71 NOTE
r-devel-linux-x86_64-fedora-gcc 1.1-21 151.69 NOTE
r-devel-osx-x86_64-clang 1.1-21 119.29 NOTE
r-devel-windows-ix86+x86_64 1.1-21 28.00 101.00 129.00 NOTE
r-patched-linux-x86_64 1.1-21 8.92 67.06 75.98 OK
r-patched-solaris-sparc 1.1-21 896.30 OK
r-patched-solaris-x86 1.1-21 216.20 OK
r-release-linux-x86_64 1.1-21 8.80 66.69 75.49 OK
r-release-osx-x86_64-mavericks 1.1-21 OK
r-release-windows-ix86+x86_64 1.1-21 27.00 99.00 126.00 OK
r-oldrel-windows-ix86+x86_64 1.1-21 29.00 134.00 163.00 OK

Check Details

Version: 1.1-21
Check: R code for possible problems
Result: NOTE
    .single.trip.split: no visible global function definition for
     ‘approxfun’
    cut.one.trip: no visible global function definition for ‘approxfun’
    cut.one.trip: no visible global function definition for ‘tail’
    filter.penSS: no visible global function definition for ‘nlm’
    kdePoints: no visible global function definition for ‘dnorm’
    tripGrid: no visible global function definition for ‘density’
    lines,trip: no visible global function definition for ‘hsv’
    spTransform,Spatial-character: Error while checking: only works for
     closures
    Undefined global functions or variables:
     approxfun density dnorm hsv nlm tail
Flavors: r-devel-linux-x86_64-debian-clang, r-devel-linux-x86_64-debian-gcc, r-devel-linux-x86_64-fedora-clang, r-devel-linux-x86_64-fedora-gcc, r-devel-windows-ix86+x86_64

Version: 1.1-21
Check: R code for possible problems
Result: NOTE
    spTransform,Spatial-character: Error while checking: only works for
     closures
Flavor: r-devel-osx-x86_64-clang