CRAN Package Check Results for Package trip

Last updated on 2014-09-19 13:47:03.

Flavor Version Tinstall Tcheck Ttotal Status Flags
r-devel-linux-x86_64-debian-clang 1.1-17 7.19 60.30 67.48 WARN
r-devel-linux-x86_64-debian-gcc 1.1-17 6.94 58.62 65.56 WARN
r-devel-linux-x86_64-fedora-clang 1.1-17 162.75 WARN
r-devel-linux-x86_64-fedora-gcc 1.1-17 150.87 WARN
r-devel-osx-x86_64-clang 1.1-17 127.43 WARN
r-devel-windows-ix86+x86_64 1.1-17 16.00 88.00 104.00 WARN
r-patched-linux-x86_64 1.1-17 7.68 62.73 70.40 OK
r-patched-solaris-sparc 1.1-17 845.40 OK
r-patched-solaris-x86 1.1-17 215.20 OK
r-release-linux-ix86 1.1-17 8.96 77.17 86.13 OK
r-release-linux-x86_64 1.1-17 7.80 63.22 71.02 OK
r-release-osx-x86_64-mavericks 1.1-17 NOTE
r-release-osx-x86_64-snowleopard 1.1-17 OK
r-release-windows-ix86+x86_64 1.1-17 16.00 104.00 120.00 OK
r-oldrel-windows-ix86+x86_64 1.1-17 15.00 86.00 101.00 OK

Check Details

Version: 1.1-17
Check: dependencies in R code
Result: WARN
    'loadNamespace' or 'requireNamespace' call not declared from: ‘rgdal’
    See the information on DESCRIPTION files in the chapter ‘Creating R
    packages’ of the ‘Writing R Extensions’ manual.
Flavors: r-devel-linux-x86_64-debian-clang, r-devel-linux-x86_64-debian-gcc, r-devel-linux-x86_64-fedora-clang, r-devel-linux-x86_64-fedora-gcc, r-devel-osx-x86_64-clang, r-devel-windows-ix86+x86_64

Version: 1.1-17
Check: Rd cross-references
Result: NOTE
    Package unavailable to check Rd xrefs: ‘rgdal’
Flavor: r-release-osx-x86_64-mavericks

Version: 1.1-17
Check: re-building of vignette outputs
Result: NOTE
    Error in re-building vignettes:
     ...
    Loading required package: sp
    Error in texi2dvi(file = file, pdf = TRUE, clean = clean, quiet = quiet, :
     Running 'texi2dvi' on 'trip.tex' failed.
    LaTeX errors:
    ! LaTeX Error: File `a4wide.sty' not found.
    
    Type X to quit or <RETURN> to proceed,
    or enter new name. (Default extension: sty)
    
    st/trip/vignettes/trip.tex:3: ==> Fatal error occurred, no output PDF file pro
    duced!
    Calls: buildVignettes -> texi2pdf -> texi2dvi
    Execution halted
Flavor: r-release-osx-x86_64-mavericks