CRAN Package Check Results for Package trip

Last updated on 2014-04-16 06:48:04.

Flavor Version Tinstall Tcheck Ttotal Status Flags
r-devel-linux-x86_64-debian-clang 1.1-17 8.26 64.20 72.46 OK
r-devel-linux-x86_64-debian-gcc 1.1-17 8.06 63.86 71.92 OK
r-devel-linux-x86_64-fedora-clang 1.1-17 169.55 OK
r-devel-linux-x86_64-fedora-gcc 1.1-17 163.21 OK
r-devel-macosx-x86_64-clang 1.1-17 139.97 OK
r-devel-macosx-x86_64-gcc 1.1-17 ERROR
r-devel-windows-ix86+x86_64 1.1-17 17.00 91.00 108.00 OK
r-patched-linux-x86_64 1.1-17 7.99 63.98 71.97 OK
r-patched-solaris-sparc 1.1-17 945.90 OK
r-patched-solaris-x86 1.1-17 211.70 OK
r-release-linux-ix86 1.1-17 17.00 103.00 120.00 OK
r-release-linux-x86_64 1.1-17 7.93 60.93 68.86 OK
r-release-macosx-x86_64 1.1-17 OK
r-release-windows-ix86+x86_64 1.1-17 17.00 94.00 111.00 OK
r-oldrel-windows-ix86+x86_64 1.1-17 18.00 90.00 108.00 OK

Check Details

Version: 1.1-17
Check: package dependencies
Result: ERROR
    Package required but not available: ‘maptools’
    
    See the information on DESCRIPTION files in the chapter ‘Creating R
    packages’ of the ‘Writing R Extensions’ manual.
Flavor: r-devel-macosx-x86_64-gcc