CRAN Package Check Results for Package trip

Last updated on 2015-08-30 05:48:13.

Flavor Version Tinstall Tcheck Ttotal Status Flags
r-devel-linux-x86_64-debian-clang 1.1-21 8.99 68.13 77.12 NOTE
r-devel-linux-x86_64-debian-gcc 1.1-21 8.76 65.37 74.13 NOTE
r-devel-linux-x86_64-fedora-clang 1.1-21 155.82 NOTE
r-devel-linux-x86_64-fedora-gcc 1.1-21 148.03 NOTE
r-devel-osx-x86_64-clang 1.1-21 128.57 NOTE
r-devel-windows-ix86+x86_64 1.1-21 29.00 114.00 143.00 NOTE
r-patched-linux-x86_64 1.1-21 9.01 67.58 76.59 OK
r-patched-solaris-sparc 1.1-21 973.20 OK
r-patched-solaris-x86 1.1-21 217.50 OK
r-release-linux-x86_64 1.1-21 10.38 68.46 78.83 OK
r-release-osx-x86_64-mavericks 1.1-21 OK
r-release-windows-ix86+x86_64 1.1-21 28.00 116.00 144.00 OK
r-oldrel-windows-ix86+x86_64 1.1-21 40.00 154.00 194.00 OK

Check Details

Version: 1.1-21
Check: R code for possible problems
Result: NOTE
    .single.trip.split: no visible global function definition for
     ‘approxfun’
    cut.one.trip: no visible global function definition for ‘approxfun’
    cut.one.trip: no visible global function definition for ‘tail’
    filter.penSS: no visible global function definition for ‘nlm’
    kdePoints: no visible global function definition for ‘dnorm’
    tripGrid: no visible global function definition for ‘density’
    lines,trip: no visible global function definition for ‘hsv’
    spTransform,Spatial-character: Error while checking: only works for
     closures
    Undefined global functions or variables:
     approxfun density dnorm hsv nlm tail
    Consider adding
     importFrom("grDevices", "hsv")
     importFrom("stats", "approxfun", "density", "dnorm", "nlm")
     importFrom("utils", "tail")
    to your NAMESPACE.
Flavors: r-devel-linux-x86_64-debian-clang, r-devel-linux-x86_64-debian-gcc, r-devel-linux-x86_64-fedora-clang, r-devel-linux-x86_64-fedora-gcc, r-devel-windows-ix86+x86_64

Version: 1.1-21
Check: R code for possible problems
Result: NOTE
    spTransform,Spatial-character: Error while checking: only works for
     closures
Flavor: r-devel-osx-x86_64-clang