CRAN Package Check Results for Package trip

Last updated on 2014-07-25 21:48:01.

Flavor Version Tinstall Tcheck Ttotal Status Flags
r-devel-linux-x86_64-debian-clang 1.1-17 7.81 62.72 70.53 OK
r-devel-linux-x86_64-debian-gcc 1.1-17 7.42 60.86 68.28 OK
r-devel-linux-x86_64-fedora-clang 1.1-17 167.60 OK
r-devel-linux-x86_64-fedora-gcc 1.1-17 156.25 OK
r-devel-osx-x86_64-clang 1.1-17 131.94 OK
r-devel-windows-ix86+x86_64 1.1-17 16.00 85.00 101.00 OK
r-patched-linux-x86_64 1.1-17 7.53 60.64 68.17 OK
r-patched-solaris-sparc 1.1-17 945.90 OK
r-patched-solaris-x86 1.1-17 212.30 OK
r-release-linux-ix86 1.1-17 8.82 76.17 85.00 OK
r-release-linux-x86_64 1.1-17 8.06 62.09 70.15 OK
r-release-osx-x86_64-mavericks 1.1-17 NOTE
r-release-osx-x86_64-snowleopard 1.1-17 OK
r-release-windows-ix86+x86_64 1.1-17 17.00 91.00 108.00 OK
r-oldrel-windows-ix86+x86_64 1.1-17 16.00 90.00 106.00 OK

Check Details

Version: 1.1-17
Check: Rd cross-references
Result: NOTE
    Package unavailable to check Rd xrefs: ‘rgdal’
Flavor: r-release-osx-x86_64-mavericks

Version: 1.1-17
Check: re-building of vignette outputs
Result: NOTE
    Error in re-building vignettes:
     ...
    Loading required package: sp
    Error in texi2dvi(file = file, pdf = TRUE, clean = clean, quiet = quiet, :
     Running 'texi2dvi' on 'trip.tex' failed.
    LaTeX errors:
    ! LaTeX Error: File `a4wide.sty' not found.
    
    Type X to quit or <RETURN> to proceed,
    or enter new name. (Default extension: sty)
    
    st/trip/vignettes/trip.tex:3: ==> Fatal error occurred, no output PDF file pro
    duced!
    Calls: buildVignettes -> texi2pdf -> texi2dvi
    Execution halted
Flavor: r-release-osx-x86_64-mavericks