CRAN Package Check Results for Package trip

Last updated on 2015-05-26 17:47:27.

Flavor Version Tinstall Tcheck Ttotal Status Flags
r-devel-linux-x86_64-debian-clang 1.1-21 9.42 65.17 74.59 OK
r-devel-linux-x86_64-debian-gcc 1.1-21 8.80 62.92 71.72 OK
r-devel-linux-x86_64-fedora-clang 1.1-21 153.26 OK
r-devel-linux-x86_64-fedora-gcc 1.1-21 145.32 OK
r-devel-osx-x86_64-clang 1.1-21 129.37 OK
r-devel-windows-ix86+x86_64 1.1-21 20.00 95.00 115.00 OK
r-patched-linux-x86_64 1.1-21 8.80 62.84 71.64 OK
r-patched-solaris-sparc 1.1-21 896.30 OK
r-patched-solaris-x86 1.1-21 203.10 OK
r-release-linux-x86_64 1.1-21 8.57 63.80 72.37 OK
r-release-osx-x86_64-mavericks 1.1-21 OK
r-release-osx-x86_64-snowleopard 1.1-19 NOTE
r-release-windows-ix86+x86_64 1.1-21 19.00 94.00 113.00 OK
r-oldrel-windows-ix86+x86_64 1.1-21 26.00 122.00 148.00 OK

Check Details

Version: 1.1-19
Check: dependencies in R code
Result: NOTE
    'library' or 'require' call to ‘adehabitatLT’ in package code.
     Please use :: or requireNamespace() instead.
     See section 'Suggested packages' in the 'Writing R Extensions' manual.
Flavor: r-release-osx-x86_64-snowleopard