CRAN Package Check Results for Package trip

Last updated on 2016-05-29 03:48:38.

Flavor Version Tinstall Tcheck Ttotal Status Flags
r-devel-linux-x86_64-debian-gcc 1.1-21 8.96 65.69 74.65 NOTE
r-devel-linux-x86_64-fedora-clang 1.1-21 152.00 NOTE
r-devel-linux-x86_64-fedora-gcc 1.1-21 145.53 NOTE
r-devel-osx-x86_64-clang 1.1-21 163.08 NOTE
r-devel-windows-ix86+x86_64 1.1-21 19.00 118.00 137.00 NOTE
r-patched-linux-x86_64 1.1-21 9.23 65.45 74.68 NOTE
r-patched-solaris-sparc 1.1-21 890.40 NOTE
r-patched-solaris-x86 1.1-21 195.10 NOTE
r-release-linux-x86_64 1.1-21 9.19 65.51 74.71 NOTE
r-release-osx-x86_64-mavericks 1.1-21 NOTE
r-release-windows-ix86+x86_64 1.1-21 29.00 117.00 146.00 NOTE
r-oldrel-windows-ix86+x86_64 1.1-21 21.00 118.00 139.00 OK

Check Details

Version: 1.1-21
Check: R code for possible problems
Result: NOTE
    .single.trip.split: no visible global function definition for
     ‘approxfun’
    cut.one.trip: no visible global function definition for ‘approxfun’
    cut.one.trip: no visible global function definition for ‘tail’
    filter.penSS: no visible global function definition for ‘nlm’
    kdePoints: no visible global function definition for ‘dnorm’
    tripGrid: no visible global function definition for ‘density’
    lines,trip: no visible global function definition for ‘hsv’
    spTransform,Spatial-character: Error while checking: only works for
     closures
    Undefined global functions or variables:
     approxfun density dnorm hsv nlm tail
    Consider adding
     importFrom("grDevices", "hsv")
     importFrom("stats", "approxfun", "density", "dnorm", "nlm")
     importFrom("utils", "tail")
    to your NAMESPACE file.
Flavors: r-devel-linux-x86_64-debian-gcc, r-devel-linux-x86_64-fedora-clang, r-devel-linux-x86_64-fedora-gcc, r-devel-osx-x86_64-clang, r-devel-windows-ix86+x86_64, r-patched-linux-x86_64, r-patched-solaris-sparc, r-patched-solaris-x86, r-release-linux-x86_64, r-release-osx-x86_64-mavericks, r-release-windows-ix86+x86_64