CRAN Package Check Results for Package trip

Last updated on 2017-08-19 12:52:09.

Flavor Version Tinstall Tcheck Ttotal Status Flags
r-devel-linux-x86_64-debian-clang 1.5.0 12.16 786.53 798.69 OK
r-devel-linux-x86_64-debian-gcc 1.5.0 11.58 80.30 91.89 OK
r-devel-linux-x86_64-fedora-clang 1.5.0 198.59 OK
r-devel-linux-x86_64-fedora-gcc 1.5.0 197.17 OK
r-devel-windows-ix86+x86_64 1.5.0 36.00 151.00 187.00 OK
r-patched-linux-x86_64 1.5.0 11.92 82.56 94.49 OK
r-patched-solaris-x86 1.5.0 272.40 OK
r-release-linux-x86_64 1.5.0 11.70 82.64 94.33 OK
r-release-windows-ix86+x86_64 1.5.0 34.00 152.00 186.00 OK
r-release-osx-x86_64 1.5.0 WARN
r-oldrel-windows-ix86+x86_64 1.5.0 28.00 133.00 161.00 OK
r-oldrel-osx-x86_64 1.5.0 OK

Check Details

Version: 1.5.0
Check: package dependencies
Result: NOTE
    Package suggested but not available for checking: ‘rgdal’
Flavor: r-release-osx-x86_64

Version: 1.5.0
Check: Rd cross-references
Result: NOTE
    Package unavailable to check Rd xrefs: ‘rgdal’
Flavor: r-release-osx-x86_64

Version: 1.5.0
Check: re-building of vignette outputs
Result: WARN
    Error in re-building vignettes:
     ...
    Warning in engine$weave(file, quiet = quiet, encoding = enc) :
     Pandoc (>= 1.12.3) and/or pandoc-citeproc not available. Falling back to R Markdown v1.
    Quitting from lines 62-71 (trip.Rmd)
    Error: processing vignette 'trip.Rmd' failed with diagnostics:
    there is no package called 'rgdal'
    Execution halted
Flavor: r-release-osx-x86_64