CRAN Package Check Results for Package trip

Last updated on 2016-07-24 21:50:57.

Flavor Version Tinstall Tcheck Ttotal Status Flags
r-devel-linux-x86_64-debian-clang 1.1-21 10.85 78.00 88.85 NOTE
r-devel-linux-x86_64-debian-gcc 1.1-21 10.17 76.34 86.51 NOTE
r-devel-linux-x86_64-fedora-gcc 1.1-21 150.37 NOTE
r-devel-osx-x86_64-clang 1.1-21 123.13 NOTE
r-devel-windows-ix86+x86_64 1.1-21 22.00 119.00 141.00 NOTE
r-patched-linux-x86_64 1.1-21 12.11 73.61 85.72 NOTE
r-patched-solaris-sparc 1.1-21 895.30 NOTE
r-patched-solaris-x86 1.1-21 194.90 NOTE
r-release-linux-x86_64 1.1-21 10.69 73.29 83.98 NOTE
r-release-osx-x86_64-mavericks 1.1-21 NOTE
r-release-windows-ix86+x86_64 1.1-21 23.00 158.00 181.00 NOTE
r-oldrel-windows-ix86+x86_64 1.1-21 29.00 123.00 152.00 OK

Check Details

Version: 1.1-21
Check: R code for possible problems
Result: NOTE
    .single.trip.split: no visible global function definition for
     ‘approxfun’
    cut.one.trip: no visible global function definition for ‘approxfun’
    cut.one.trip: no visible global function definition for ‘tail’
    filter.penSS: no visible global function definition for ‘nlm’
    kdePoints: no visible global function definition for ‘dnorm’
    tripGrid: no visible global function definition for ‘density’
    lines,trip: no visible global function definition for ‘hsv’
    spTransform,Spatial-character: Error while checking: only works for
     closures
    Undefined global functions or variables:
     approxfun density dnorm hsv nlm tail
    Consider adding
     importFrom("grDevices", "hsv")
     importFrom("stats", "approxfun", "density", "dnorm", "nlm")
     importFrom("utils", "tail")
    to your NAMESPACE file.
Flavors: r-devel-linux-x86_64-debian-clang, r-devel-linux-x86_64-debian-gcc, r-devel-linux-x86_64-fedora-gcc, r-devel-osx-x86_64-clang, r-devel-windows-ix86+x86_64, r-patched-linux-x86_64, r-patched-solaris-sparc, r-patched-solaris-x86, r-release-linux-x86_64, r-release-osx-x86_64-mavericks, r-release-windows-ix86+x86_64