CRAN Package Check Results for Package tripEstimation

Last updated on 2015-09-04 23:56:34.

Flavor Version Tinstall Tcheck Ttotal Status Flags
r-devel-linux-x86_64-debian-clang 0.0-42 4.96 41.14 46.10 NOTE
r-devel-linux-x86_64-debian-gcc 0.0-42 4.27 40.83 45.10 NOTE
r-devel-linux-x86_64-fedora-clang 0.0-42 90.74 NOTE
r-devel-linux-x86_64-fedora-gcc 0.0-42 86.27 NOTE
r-devel-osx-x86_64-clang 0.0-42 68.00 OK
r-devel-windows-ix86+x86_64 0.0-42 9.00 64.00 73.00 NOTE
r-patched-linux-x86_64 0.0-42 4.37 42.04 46.42 OK
r-patched-solaris-sparc 0.0-42 577.10 OK
r-patched-solaris-x86 0.0-42 138.30 OK
r-release-linux-x86_64 0.0-42 4.74 41.42 46.16 OK
r-release-osx-x86_64-mavericks 0.0-42 OK
r-release-windows-ix86+x86_64 0.0-42 14.00 64.00 78.00 OK
r-oldrel-windows-ix86+x86_64 0.0-42 14.00 88.00 102.00 OK

Check Details

Version: 0.0-42
Check: R code for possible problems
Result: NOTE
    bmvnorm.proposal : tune: no visible global function definition for
     ‘cov’
    bmvnorm.proposal : proposal: no visible global function definition for
     ‘rnorm’
    get.sst: no visible global function definition for ‘download.file’
    get.sst: no visible global function definition for ‘unzip’
    get.sst: no visible global function definition for ‘read.table’
    k.prior: no visible global function definition for ‘dnorm’
    light.quantile: no visible global function definition for ‘quantile’
    metropolis: no visible global function definition for ‘runif’
    metropolis0: no visible global function definition for ‘runif’
    mkCalibration: no visible global function definition for ‘gaussian’
    mkCalibration: no visible global function definition for ‘predict’
    mkCalibration: no visible global function definition for ‘approxfun’
    mkNLPosterior : <anonymous>: no visible global function definition for
     ‘dnorm’
    mkNLPosterior : <anonymous>: no visible global function definition for
     ‘dgamma’
    mvnorm.proposal : tune: no visible global function definition for ‘cov’
    mvnorm.proposal : proposal: no visible global function definition for
     ‘rnorm’
    norm.proposal : tune: no visible binding for global variable ‘sd’
    norm.proposal : proposal: no visible global function definition for
     ‘rnorm’
    old.metropolis: no visible global function definition for ‘rnorm’
    old.metropolis: no visible global function definition for ‘runif’
    pick: no visible global function definition for ‘plot’
    pick: no visible global function definition for ‘locator’
    position.logp: no visible global function definition for ‘quantile’
    satellite.model : transf: no visible global function definition for
     ‘capture.output’
    satellite.model : logp.position: no visible global function definition
     for ‘dnorm’
    satellite.model : logp.behavioural: no visible global function
     definition for ‘dgamma’
    satellite.model : logp.behavioural: no visible global function
     definition for ‘dnorm’
    show.segment: no visible global function definition for ‘plot’
    show.segment: no visible global function definition for ‘text’
    show.segment: no visible global function definition for ‘matlines’
    solar.model : transf: no visible global function definition for
     ‘capture.output’
    solar.model : logp.position: no visible global function definition for
     ‘dnorm’
    solar.model : logp.behavioural: no visible global function definition
     for ‘dgamma’
    solar.model : logp.behavioural: no visible global function definition
     for ‘dnorm’
    Undefined global functions or variables:
     approxfun capture.output cov dgamma dnorm download.file gaussian
     locator matlines plot predict quantile read.table rnorm runif sd text
     unzip
    Consider adding
     importFrom("graphics", "locator", "matlines", "plot", "text")
     importFrom("stats", "approxfun", "cov", "dgamma", "dnorm", "gaussian",
     "predict", "quantile", "rnorm", "runif", "sd")
     importFrom("utils", "capture.output", "download.file", "read.table",
     "unzip")
    to your NAMESPACE.
Flavors: r-devel-linux-x86_64-debian-clang, r-devel-linux-x86_64-debian-gcc, r-devel-linux-x86_64-fedora-clang, r-devel-linux-x86_64-fedora-gcc, r-devel-windows-ix86+x86_64