CRAN Package Check Results for Package tripEstimation

Last updated on 2014-10-21 14:48:32.

Flavor Version Tinstall Tcheck Ttotal Status Flags
r-devel-linux-x86_64-debian-clang 0.0-41 5.39 49.97 55.36 OK
r-devel-linux-x86_64-debian-gcc 0.0-41 5.26 47.64 52.90 OK
r-devel-linux-x86_64-fedora-clang 0.0-41 129.83 OK
r-devel-linux-x86_64-fedora-gcc 0.0-41 121.45 OK
r-devel-osx-x86_64-clang 0.0-41 103.10 OK
r-devel-windows-ix86+x86_64 0.0-41 12.00 63.00 75.00 OK
r-patched-linux-x86_64 0.0-41 5.66 49.47 55.13 OK
r-patched-solaris-sparc 0.0-41 695.10 OK
r-patched-solaris-x86 0.0-41 185.10 OK
r-release-linux-ix86 0.0-41 6.61 61.29 67.90 OK
r-release-linux-x86_64 0.0-41 5.91 50.52 56.43 OK
r-release-osx-x86_64-mavericks 0.0-41 ERROR
r-release-osx-x86_64-snowleopard 0.0-41 OK
r-release-windows-ix86+x86_64 0.0-41 13.00 66.00 79.00 OK
r-oldrel-windows-ix86+x86_64 0.0-41 13.00 70.00 83.00 OK

Check Details

Version: 0.0-41
Check: package dependencies
Result: ERROR
    Package required but not available: ‘rgdal’
    
    See the information on DESCRIPTION files in the chapter ‘Creating R
    packages’ of the ‘Writing R Extensions’ manual.
Flavor: r-release-osx-x86_64-mavericks