CRAN Package Check Results for Package tripEstimation

Last updated on 2014-08-22 07:50:45.

Flavor Version Tinstall Tcheck Ttotal Status Flags
r-devel-linux-x86_64-debian-clang 0.0-41 5.46 48.18 53.65 OK
r-devel-linux-x86_64-debian-gcc 0.0-41 5.31 47.94 53.25 OK
r-devel-linux-x86_64-fedora-clang 0.0-41 128.57 OK
r-devel-linux-x86_64-fedora-gcc 0.0-41 122.40 OK
r-devel-osx-x86_64-clang 0.0-41 97.43 OK
r-devel-windows-ix86+x86_64 0.0-41 13.00 66.00 79.00 OK
r-patched-linux-x86_64 0.0-41 5.62 49.38 55.01 OK
r-patched-solaris-sparc 0.0-41 695.10 OK
r-patched-solaris-x86 0.0-41 180.20 OK
r-release-linux-ix86 0.0-41 6.69 61.05 67.74 OK
r-release-linux-x86_64 0.0-41 5.68 50.06 55.74 OK
r-release-osx-x86_64-mavericks 0.0-41 ERROR
r-release-osx-x86_64-snowleopard 0.0-41 OK
r-release-windows-ix86+x86_64 0.0-41 12.00 70.00 82.00 OK
r-oldrel-windows-ix86+x86_64 0.0-41 15.00 67.00 82.00 OK

Check Details

Version: 0.0-41
Check: package dependencies
Result: ERROR
    Package required but not available: ‘rgdal’
    
    See the information on DESCRIPTION files in the chapter ‘Creating R
    packages’ of the ‘Writing R Extensions’ manual.
Flavor: r-release-osx-x86_64-mavericks