CRAN Package Check Results for Package tripEstimation

Last updated on 2014-12-22 13:48:09.

Flavor Version Tinstall Tcheck Ttotal Status Flags
r-devel-linux-x86_64-debian-clang 0.0-41 5.40 48.67 54.06 OK
r-devel-linux-x86_64-debian-gcc 0.0-41 5.02 46.71 51.74 OK
r-devel-linux-x86_64-fedora-clang 0.0-41 128.44 OK
r-devel-linux-x86_64-fedora-gcc 0.0-41 120.10 OK
r-devel-osx-x86_64-clang 0.0-41 108.26 OK
r-devel-windows-ix86+x86_64 0.0-41 14.00 72.00 86.00 OK
r-patched-linux-x86_64 0.0-41 5.59 50.26 55.86 OK
r-patched-solaris-sparc 0.0-41 684.50 OK
r-patched-solaris-x86 0.0-41 173.50 OK
r-release-linux-ix86 0.0-41 6.28 58.42 64.70 OK
r-release-linux-x86_64 0.0-41 5.62 49.47 55.09 OK
r-release-osx-x86_64-mavericks 0.0-41 ERROR
r-release-osx-x86_64-snowleopard 0.0-41 OK
r-release-windows-ix86+x86_64 0.0-41 13.00 77.00 90.00 OK
r-oldrel-windows-ix86+x86_64 0.0-41 12.00 67.00 79.00 OK

Check Details

Version: 0.0-41
Check: package dependencies
Result: ERROR
    Package required but not available: ‘rgdal’
    
    See the information on DESCRIPTION files in the chapter ‘Creating R
    packages’ of the ‘Writing R Extensions’ manual.
Flavor: r-release-osx-x86_64-mavericks