CRAN Package Check Results for Package tripEstimation

Last updated on 2014-11-01 07:49:03.

Flavor Version Tinstall Tcheck Ttotal Status Flags
r-devel-linux-x86_64-debian-clang 0.0-41 5.35 48.02 53.36 OK
r-devel-linux-x86_64-debian-gcc 0.0-41 5.30 47.78 53.08 OK
r-devel-linux-x86_64-fedora-clang 0.0-41 128.01 OK
r-devel-linux-x86_64-fedora-gcc 0.0-41 122.33 OK
r-devel-osx-x86_64-clang 0.0-41 103.09 OK
r-devel-windows-ix86+x86_64 0.0-41 13.00 69.00 82.00 OK
r-patched-linux-x86_64 0.0-41 5.65 49.35 55.00 OK
r-patched-solaris-sparc 0.0-41 695.10 OK
r-patched-solaris-x86 0.0-41 182.70 OK
r-release-linux-ix86 0.0-41 6.61 61.29 67.90 OK
r-release-linux-x86_64 0.0-41 5.91 50.52 56.43 OK
r-release-osx-x86_64-mavericks 0.0-41 ERROR
r-release-osx-x86_64-snowleopard 0.0-41 OK
r-release-windows-ix86+x86_64 0.0-41 13.00 71.00 84.00 OK
r-oldrel-windows-ix86+x86_64 0.0-41 13.00 70.00 83.00 OK

Check Details

Version: 0.0-41
Check: package dependencies
Result: ERROR
    Package required but not available: ‘rgdal’
    
    See the information on DESCRIPTION files in the chapter ‘Creating R
    packages’ of the ‘Writing R Extensions’ manual.
Flavor: r-release-osx-x86_64-mavericks