CRAN Package Check Results for Package tripEstimation

Last updated on 2014-04-23 07:55:11.

Flavor Version Tinstall Tcheck Ttotal Status Flags
r-devel-linux-x86_64-debian-clang 0.0-41 5.90 51.32 57.22 OK
r-devel-linux-x86_64-debian-gcc 0.0-41 6.48 51.18 57.66 OK
r-devel-linux-x86_64-fedora-clang 0.0-41 132.90 OK
r-devel-linux-x86_64-fedora-gcc 0.0-41 128.01 OK
r-devel-osx-x86_64-clang 0.0-41 104.26 OK
r-devel-osx-x86_64-gcc 0.0-41 ERROR
r-devel-windows-ix86+x86_64 0.0-41 16.00 79.00 95.00 OK
r-patched-linux-x86_64 0.0-41 6.00 50.96 56.96 OK
r-patched-solaris-sparc 0.0-41 781.20 OK
r-patched-solaris-x86 0.0-41 175.00 OK
r-release-linux-ix86 0.0-41 9.00 81.00 90.00 OK
r-release-linux-x86_64 0.0-41 6.01 51.42 57.43 OK
r-release-osx-x86_64-mavericks 0.0-41 ERROR
r-release-osx-x86_64-snowleopard 0.0-41 OK
r-release-windows-ix86+x86_64 0.0-41 13.00 78.00 91.00 OK
r-oldrel-windows-ix86+x86_64 0.0-41 12.00 68.00 80.00 OK

Check Details

Version: 0.0-41
Check: package dependencies
Result: ERROR
    Package required but not available: ‘zoo’
    
    See the information on DESCRIPTION files in the chapter ‘Creating R
    packages’ of the ‘Writing R Extensions’ manual.
Flavor: r-devel-osx-x86_64-gcc

Version: 0.0-41
Check: package dependencies
Result: ERROR
    Package required but not available: ‘rgdal’
    
    See the information on DESCRIPTION files in the chapter ‘Creating R
    packages’ of the ‘Writing R Extensions’ manual.
Flavor: r-release-osx-x86_64-mavericks