CRAN Package Check Results for Package tripEstimation

Last updated on 2015-04-19 03:49:56.

Flavor Version Tinstall Tcheck Ttotal Status Flags
r-devel-linux-x86_64-debian-clang 0.0-42 4.43 41.74 46.16 OK
r-devel-linux-x86_64-debian-gcc 0.0-42 4.36 40.74 45.10 OK
r-devel-linux-x86_64-fedora-clang 0.0-42 96.61 OK
r-devel-linux-x86_64-fedora-gcc 0.0-42 91.47 OK
r-devel-osx-x86_64-clang 0.0-42 79.62 OK
r-patched-linux-x86_64 0.0-42 4.36 40.63 45.00 OK
r-patched-solaris-sparc 0.0-42 581.40 OK
r-patched-solaris-x86 0.0-42 134.50 OK
r-release-linux-x86_64 0.0-42 4.41 37.78 42.20 OK
r-release-osx-x86_64-mavericks 0.0-42 ERROR
r-release-osx-x86_64-snowleopard 0.0-42 ERROR
r-release-windows-ix86+x86_64 0.0-42 13.00 74.00 87.00 OK
r-oldrel-windows-ix86+x86_64 0.0-42 17.00 105.00 122.00 OK

Check Details

Version: 0.0-42
Check: package dependencies
Result: ERROR
    Package required but not available: ‘rgdal’
    
    See section ‘The DESCRIPTION file’ in the ‘Writing R Extensions’
    manual.
Flavor: r-release-osx-x86_64-mavericks

Version: 0.0-42
Check: package dependencies
Result: ERROR
    Package required but not available: ‘zoo’
    
    See section ‘The DESCRIPTION file’ in the ‘Writing R Extensions’
    manual.
Flavor: r-release-osx-x86_64-snowleopard