CRAN Package Check Results for Package tripEstimation

Last updated on 2015-05-22 11:48:15.

Flavor Version Tinstall Tcheck Ttotal Status Flags
r-devel-linux-x86_64-debian-clang 0.0-42 4.52 42.87 47.39 OK
r-devel-linux-x86_64-debian-gcc 0.0-42 4.78 41.26 46.04 OK
r-devel-linux-x86_64-fedora-clang 0.0-42 94.18 OK
r-devel-linux-x86_64-fedora-gcc 0.0-42 90.01 OK
r-devel-osx-x86_64-clang 0.0-42 79.31 OK
r-devel-windows-ix86+x86_64 0.0-42 14.00 60.00 74.00 OK
r-patched-linux-x86_64 0.0-42 4.46 40.47 44.93 OK
r-patched-solaris-sparc 0.0-42 581.40 OK
r-patched-solaris-x86 0.0-42 139.60 OK
r-release-linux-x86_64 0.0-42 4.28 40.97 45.25 OK
r-release-osx-x86_64-mavericks 0.0-42 OK
r-release-osx-x86_64-snowleopard 0.0-42 ERROR
r-release-windows-ix86+x86_64 0.0-42 11.00 61.00 72.00 OK
r-oldrel-windows-ix86+x86_64 0.0-42 15.00 73.00 88.00 OK

Check Details

Version: 0.0-42
Check: package dependencies
Result: ERROR
    Package required but not available: ‘zoo’
    
    See section ‘The DESCRIPTION file’ in the ‘Writing R Extensions’
    manual.
Flavor: r-release-osx-x86_64-snowleopard