CRAN Package Check Results for Package tripEstimation

Last updated on 2014-07-24 17:49:10.

Flavor Version Tinstall Tcheck Ttotal Status Flags
r-devel-linux-x86_64-debian-clang 0.0-41 5.73 49.88 55.61 OK
r-devel-linux-x86_64-debian-gcc 0.0-41 5.52 48.88 54.39 OK
r-devel-linux-x86_64-fedora-clang 0.0-41 131.43 OK
r-devel-linux-x86_64-fedora-gcc 0.0-41 124.71 OK
r-devel-osx-x86_64-clang 0.0-41 101.63 OK
r-devel-windows-ix86+x86_64 0.0-41 14.00 70.00 84.00 OK
r-patched-linux-x86_64 0.0-41 5.62 49.65 55.27 OK
r-patched-solaris-sparc 0.0-41 781.20 OK
r-patched-solaris-x86 0.0-41 181.70 OK
r-release-linux-ix86 0.0-41 6.55 61.36 67.91 OK
r-release-linux-x86_64 0.0-41 5.98 50.58 56.55 OK
r-release-osx-x86_64-mavericks 0.0-41 ERROR
r-release-osx-x86_64-snowleopard 0.0-41 OK
r-release-windows-ix86+x86_64 0.0-41 13.00 68.00 81.00 OK
r-oldrel-windows-ix86+x86_64 0.0-41 13.00 68.00 81.00 OK

Check Details

Version: 0.0-41
Check: package dependencies
Result: ERROR
    Package required but not available: ‘rgdal’
    
    See the information on DESCRIPTION files in the chapter ‘Creating R
    packages’ of the ‘Writing R Extensions’ manual.
Flavor: r-release-osx-x86_64-mavericks