CRAN Package Check Results for Package tripEstimation

Last updated on 2015-03-01 03:48:51.

Flavor Version Tinstall Tcheck Ttotal Status Flags
r-devel-linux-x86_64-debian-clang 0.0-42 4.46 41.78 46.24 OK
r-devel-linux-x86_64-debian-gcc 0.0-42 4.45 40.45 44.90 OK
r-devel-linux-x86_64-fedora-clang 0.0-42 93.68 OK
r-devel-linux-x86_64-fedora-gcc 0.0-42 88.24 OK
r-devel-osx-x86_64-clang 0.0-42 81.25 OK
r-devel-windows-ix86+x86_64 0.0-42 15.00 57.00 72.00 OK
r-patched-linux-x86_64 0.0-42 7.07 50.83 57.90 OK
r-patched-solaris-sparc 0.0-42 71.40 OK
r-patched-solaris-x86 0.0-42 177.20 OK
r-release-linux-ix86 0.0-42 6.48 59.58 66.06 OK
r-release-linux-x86_64 0.0-42 5.74 51.68 57.42 OK
r-release-osx-x86_64-mavericks 0.0-42 ERROR
r-release-osx-x86_64-snowleopard 0.0-42 OK
r-release-windows-ix86+x86_64 0.0-42 13.00 71.00 84.00 OK
r-oldrel-windows-ix86+x86_64 0.0-42 13.00 65.00 78.00 OK

Check Details

Version: 0.0-42
Check: package dependencies
Result: ERROR
    Package required but not available: ‘rgdal’
    
    See section ‘The DESCRIPTION file’ in the ‘Writing R Extensions’
    manual.
Flavor: r-release-osx-x86_64-mavericks