CRAN Package Check Results for Package tripEstimation

Last updated on 2015-01-29 12:48:19.

Flavor Version Tinstall Tcheck Ttotal Status Flags
r-devel-linux-x86_64-debian-clang 0.0-41 5.35 45.03 50.38 OK
r-devel-linux-x86_64-debian-gcc 0.0-41 4.74 44.55 49.29 OK
r-devel-linux-x86_64-fedora-clang 0.0-41 137.98 OK
r-devel-linux-x86_64-fedora-gcc 0.0-41 118.20 OK
r-devel-osx-x86_64-clang 0.0-41 109.35 OK
r-devel-windows-ix86+x86_64 0.0-41 16.00 60.00 76.00 OK
r-patched-linux-x86_64 0.0-41 5.56 50.04 55.60 OK
r-patched-solaris-sparc 0.0-41 684.50 OK
r-patched-solaris-x86 0.0-41 177.90 OK
r-release-linux-ix86 0.0-41 7.27 58.94 66.20 OK
r-release-linux-x86_64 0.0-41 5.60 50.83 56.42 OK
r-release-osx-x86_64-mavericks 0.0-41 ERROR
r-release-osx-x86_64-snowleopard 0.0-41 OK
r-release-windows-ix86+x86_64 0.0-41 14.00 73.00 87.00 OK
r-oldrel-windows-ix86+x86_64 0.0-41 14.00 69.00 83.00 OK

Check Details

Version: 0.0-41
Check: package dependencies
Result: ERROR
    Package required but not available: ‘rgdal’
    
    See the information on DESCRIPTION files in the chapter ‘Creating R
    packages’ of the ‘Writing R Extensions’ manual.
Flavor: r-release-osx-x86_64-mavericks