CRAN Package Check Results for Package tripEstimation

Last updated on 2014-09-16 14:47:45.

Flavor Version Tinstall Tcheck Ttotal Status Flags
r-devel-linux-x86_64-debian-clang 0.0-41 5.28 47.78 53.06 OK
r-devel-linux-x86_64-debian-gcc 0.0-41 5.20 47.28 52.48 OK
r-devel-linux-x86_64-fedora-clang 0.0-41 126.63 OK
r-devel-linux-x86_64-fedora-gcc 0.0-41 120.67 OK
r-devel-osx-x86_64-clang 0.0-41 101.01 OK
r-devel-windows-ix86+x86_64 0.0-41 11.00 65.00 76.00 OK
r-patched-linux-x86_64 0.0-41 5.63 49.46 55.09 OK
r-patched-solaris-sparc 0.0-41 695.10 OK
r-patched-solaris-x86 0.0-41 178.50 OK
r-release-linux-ix86 0.0-41 6.64 60.80 67.44 OK
r-release-linux-x86_64 0.0-41 5.58 50.65 56.22 OK
r-release-osx-x86_64-mavericks 0.0-41 ERROR
r-release-osx-x86_64-snowleopard 0.0-41 OK
r-release-windows-ix86+x86_64 0.0-41 15.00 74.00 89.00 OK
r-oldrel-windows-ix86+x86_64 0.0-41 14.00 68.00 82.00 OK

Check Details

Version: 0.0-41
Check: package dependencies
Result: ERROR
    Package required but not available: ‘rgdal’
    
    See the information on DESCRIPTION files in the chapter ‘Creating R
    packages’ of the ‘Writing R Extensions’ manual.
Flavor: r-release-osx-x86_64-mavericks