CRAN Package Check Results for Package tripack

Last updated on 2019-10-23 17:50:14 CEST.

Flavor Version Tinstall Tcheck Ttotal Status Flags
r-devel-linux-x86_64-debian-clang 1.3-8 6.82 28.25 35.07 OK
r-devel-linux-x86_64-debian-gcc 1.3-8 5.32 22.51 27.83 OK
r-devel-linux-x86_64-fedora-clang 1.3-8 44.54 NOTE
r-devel-linux-x86_64-fedora-gcc 1.3-8 42.86 NOTE
r-devel-windows-ix86+x86_64 1.3-8 28.00 73.00 101.00 OK
r-patched-linux-x86_64 1.3-8 5.95 28.37 34.32 OK
r-patched-solaris-x86 1.3-8 59.60 OK
r-release-linux-x86_64 1.3-8 6.07 28.65 34.72 OK
r-release-windows-ix86+x86_64 1.3-8 22.00 67.00 89.00 OK
r-release-osx-x86_64 1.3-8 OK
r-oldrel-windows-ix86+x86_64 1.3-8 20.00 44.00 64.00 OK
r-oldrel-osx-x86_64 1.3-8 OK

Additional issues

LTO

Check Details

Version: 1.3-8
Check: compiled code
Result: NOTE
    File ‘tripack/libs/tripack.so’:
     Found no call to: ‘R_useDynamicSymbols’
    
    It is good practice to register native routines and to disable symbol
    search.
    
    See ‘Writing portable packages’ in the ‘Writing R Extensions’ manual.
Flavors: r-devel-linux-x86_64-fedora-clang, r-devel-linux-x86_64-fedora-gcc