CRAN Package Check Results for Package tripack

Last updated on 2017-03-27 18:50:21.

Flavor Version Tinstall Tcheck Ttotal Status Flags
r-devel-linux-x86_64-debian-clang 1.3-8 3.80 18.54 22.34 NOTE
r-devel-linux-x86_64-debian-gcc 1.3-8 3.77 17.81 21.58 NOTE
r-devel-linux-x86_64-fedora-clang 1.3-8 35.60 NOTE --no-stop-on-test-error
r-devel-linux-x86_64-fedora-gcc 1.3-8 34.25 NOTE --no-stop-on-test-error
r-devel-macos-x86_64-clang 1.3-8 32.32 NOTE --no-stop-on-test-error
r-devel-windows-ix86+x86_64 1.3-8 19.00 58.00 77.00 OK
r-patched-linux-x86_64 1.3-8 3.62 18.11 21.73 NOTE
r-patched-solaris-sparc 1.3-8 219.40 OK
r-patched-solaris-x86 1.3-8 51.40 OK
r-release-linux-x86_64 1.3-8 3.30 15.88 19.17 OK
r-release-osx-x86_64-mavericks 1.3-8 OK
r-release-windows-ix86+x86_64 1.3-8 21.00 53.00 74.00 OK
r-oldrel-windows-ix86+x86_64 1.3-8 26.00 66.00 92.00 OK

Check Details

Version: 1.3-8
Check: compiled code
Result: NOTE
    File ‘tripack/libs/tripack.so’:
     Found no call to: ‘R_useDynamicSymbols’
    
    It is good practice to register native routines and to disable symbol
    search.
    
    See ‘Writing portable packages’ in the ‘Writing R Extensions’ manual.
Flavors: r-devel-linux-x86_64-debian-clang, r-devel-linux-x86_64-debian-gcc, r-patched-linux-x86_64

Version: 1.3-8
Flags: --no-stop-on-test-error
Check: compiled code
Result: NOTE
    File ‘tripack/libs/tripack.so’:
     Found no call to: ‘R_useDynamicSymbols’
    
    It is good practice to register native routines and to disable symbol
    search.
    
    See ‘Writing portable packages’ in the ‘Writing R Extensions’ manual.
Flavors: r-devel-linux-x86_64-fedora-clang, r-devel-linux-x86_64-fedora-gcc, r-devel-macos-x86_64-clang