CRAN Package Check Results for Package tripack

Last updated on 2015-01-26 19:48:37.

Flavor Version Tinstall Tcheck Ttotal Status Flags
r-devel-linux-x86_64-debian-clang 1.3-6 4.11 14.94 19.04 OK
r-devel-linux-x86_64-debian-gcc 1.3-6 3.74 14.19 17.94 OK
r-devel-linux-x86_64-fedora-clang 1.3-6 36.70 NOTE
r-devel-linux-x86_64-fedora-gcc 1.3-6 35.09 NOTE
r-devel-osx-x86_64-clang 1.3-6 39.15 NOTE
r-devel-windows-ix86+x86_64 1.3-6 19.00 33.00 52.00 OK
r-patched-linux-x86_64 1.3-6 3.75 15.54 19.28 OK
r-patched-solaris-sparc 1.3-6 208.70 OK
r-patched-solaris-x86 1.3-6 49.30 OK
r-release-linux-ix86 1.3-6 5.39 21.38 26.77 OK
r-release-linux-x86_64 1.3-6 3.81 15.51 19.32 OK
r-release-osx-x86_64-mavericks 1.3-6 OK
r-release-windows-ix86+x86_64 1.3-6 19.00 41.00 60.00 OK
r-oldrel-windows-ix86+x86_64 1.3-6 18.00 33.00 51.00 OK

Check Details

Version: 1.3-6
Check: S3 generic/method consistency
Result: NOTE
    Found the following apparent S3 methods exported but not registered:
     print.summary.tri print.summary.voronoi identify.tri
     plot.voronoi.polygons
    See section ‘Registering S3 methods’ in the ‘Writing R Extensions’
    manual.
Flavors: r-devel-linux-x86_64-fedora-clang, r-devel-linux-x86_64-fedora-gcc, r-devel-osx-x86_64-clang