CRAN Package Check Results for Package tripack

Last updated on 2017-06-23 03:49:21.

Flavor Version Tinstall Tcheck Ttotal Status Flags
r-devel-linux-x86_64-debian-clang 1.3-8 3.80 398.12 401.92 NOTE
r-devel-linux-x86_64-debian-gcc 1.3-8 3.76 18.13 21.89 NOTE
r-devel-linux-x86_64-fedora-clang 1.3-8 36.97 NOTE
r-devel-linux-x86_64-fedora-gcc 1.3-8 35.30 NOTE
r-devel-windows-ix86+x86_64 1.3-8 21.00 63.00 84.00 OK
r-patched-linux-x86_64 1.3-8 3.66 18.26 21.92 NOTE
r-patched-solaris-sparc 1.3-8 219.40 OK
r-patched-solaris-x86 1.3-8 47.10 OK
r-release-linux-x86_64 1.3-8 3.54 18.41 21.94 NOTE
r-release-windows-ix86+x86_64 1.3-8 19.00 43.00 62.00 OK
r-release-osx-x86_64 1.3-8 OK
r-oldrel-windows-ix86+x86_64 1.3-8 21.00 53.00 74.00 OK
r-oldrel-osx-x86_64 1.3-8 OK

Check Details

Version: 1.3-8
Check: compiled code
Result: NOTE
    File ‘tripack/libs/tripack.so’:
     Found no call to: ‘R_useDynamicSymbols’
    
    It is good practice to register native routines and to disable symbol
    search.
    
    See ‘Writing portable packages’ in the ‘Writing R Extensions’ manual.
Flavors: r-devel-linux-x86_64-debian-clang, r-devel-linux-x86_64-debian-gcc, r-devel-linux-x86_64-fedora-clang, r-devel-linux-x86_64-fedora-gcc, r-patched-linux-x86_64, r-release-linux-x86_64