CRAN Package Check Results for Package tripack

Last updated on 2015-04-28 03:47:38.

Flavor Version Tinstall Tcheck Ttotal Status Flags
r-devel-linux-x86_64-debian-clang 1.3-6 3.88 14.29 18.17 NOTE
r-devel-linux-x86_64-debian-gcc 1.3-6 3.74 14.24 17.98 NOTE
r-devel-linux-x86_64-fedora-clang 1.3-6 33.81 NOTE
r-devel-linux-x86_64-fedora-gcc 1.3-6 31.81 NOTE
r-devel-osx-x86_64-clang 1.3-6 35.87 NOTE
r-devel-windows-ix86+x86_64 1.3-6 19.00 30.00 49.00 NOTE
r-patched-linux-x86_64 1.3-6 3.76 14.91 18.67 NOTE
r-patched-solaris-sparc 1.3-6 211.70 NOTE
r-patched-solaris-x86 1.3-6 44.70 NOTE
r-release-linux-x86_64 1.3-6 3.95 14.53 18.48 NOTE
r-release-osx-x86_64-mavericks 1.3-6 NOTE
r-release-osx-x86_64-snowleopard 1.3-6 NOTE
r-release-windows-ix86+x86_64 1.3-6 17.00 34.00 51.00 NOTE
r-oldrel-windows-ix86+x86_64 1.3-6 25.00 37.00 62.00 OK

Check Details

Version: 1.3-6
Check: DESCRIPTION meta-information
Result: NOTE
    Malformed Description field: should contain one or more complete sentences.
Flavors: r-devel-linux-x86_64-debian-clang, r-devel-linux-x86_64-debian-gcc, r-devel-linux-x86_64-fedora-clang, r-devel-linux-x86_64-fedora-gcc, r-devel-osx-x86_64-clang, r-devel-windows-ix86+x86_64, r-patched-solaris-sparc, r-patched-solaris-x86, r-release-linux-x86_64, r-release-osx-x86_64-mavericks, r-release-osx-x86_64-snowleopard, r-release-windows-ix86+x86_64

Version: 1.3-6
Check: S3 generic/method consistency
Result: NOTE
    Found the following apparent S3 methods exported but not registered:
     identify.tri plot.voronoi.polygons print.summary.tri
     print.summary.voronoi
    See section ‘Registering S3 methods’ in the ‘Writing R Extensions’
    manual.
Flavors: r-devel-linux-x86_64-debian-clang, r-devel-linux-x86_64-debian-gcc, r-devel-linux-x86_64-fedora-clang, r-devel-linux-x86_64-fedora-gcc, r-devel-osx-x86_64-clang, r-patched-solaris-x86, r-release-linux-x86_64