CRAN Package Check Results for Package tripack

Last updated on 2017-01-16 22:55:34.

Flavor Version Tinstall Tcheck Ttotal Status Flags
r-devel-linux-x86_64-debian-clang 1.3-8 3.83 40.59 44.42 OK
r-devel-linux-x86_64-debian-gcc 1.3-8 3.64 17.61 21.24 OK
r-devel-linux-x86_64-fedora-clang 1.3-8 36.07 OK --no-stop-on-test-error
r-devel-linux-x86_64-fedora-gcc 1.3-8 35.26 NOTE --no-stop-on-test-error
r-devel-macos-x86_64-clang 1.3-8 32.49 OK --no-stop-on-test-error
r-devel-windows-ix86+x86_64 1.3-8 22.00 68.00 90.00 OK
r-patched-linux-x86_64 1.3-8 3.39 14.96 18.35 OK
r-patched-solaris-sparc 1.3-8 199.80 OK
r-patched-solaris-x86 1.3-8 41.60 OK
r-release-linux-x86_64 1.3-8 3.45 15.38 18.83 OK
r-release-osx-x86_64-mavericks 1.3-8 OK
r-release-windows-ix86+x86_64 1.3-8 21.00 53.00 74.00 OK
r-oldrel-windows-ix86+x86_64 1.3-8 26.00 66.00 92.00 OK

Check Details

Version: 1.3-8
Flags: --no-stop-on-test-error
Check: compiled code
Result: NOTE
    File ‘tripack/libs/tripack.so’:
     Found no call to: ‘R_useDynamicSymbols’
    
    It is good practice to use registered native symbols and disable symbol
    search.
    
    See ‘Writing portable packages’ in the ‘Writing R Extensions’ manual.
Flavor: r-devel-linux-x86_64-fedora-gcc