CRAN Package Check Results for Package tripack

Last updated on 2017-10-16 23:47:54.

Flavor Version Tinstall Tcheck Ttotal Status Flags
r-devel-linux-x86_64-debian-clang 1.3-8 3.34 19.22 22.56 NOTE
r-devel-linux-x86_64-debian-gcc 1.3-8 8.79 21.02 29.80 NOTE
r-devel-linux-x86_64-fedora-clang 1.3-8 38.08 NOTE
r-devel-linux-x86_64-fedora-gcc 1.3-8 36.77 NOTE
r-devel-windows-ix86+x86_64 1.3-8 22.00 67.00 89.00 OK
r-patched-linux-x86_64 1.3-8 3.12 18.67 21.78 NOTE
r-patched-solaris-x86 1.3-8 46.50 OK
r-release-linux-x86_64 1.3-8 3.32 18.29 21.61 NOTE
r-release-windows-ix86+x86_64 1.3-8 20.00 47.00 67.00 OK
r-release-osx-x86_64 1.3-8 OK
r-oldrel-windows-ix86+x86_64 1.3-8 21.00 53.00 74.00 OK
r-oldrel-osx-x86_64 1.3-8 OK

Check Details

Version: 1.3-8
Check: compiled code
Result: NOTE
    File ‘tripack/libs/tripack.so’:
     Found no call to: ‘R_useDynamicSymbols’
    
    It is good practice to register native routines and to disable symbol
    search.
    
    See ‘Writing portable packages’ in the ‘Writing R Extensions’ manual.
Flavors: r-devel-linux-x86_64-debian-clang, r-devel-linux-x86_64-debian-gcc, r-devel-linux-x86_64-fedora-clang, r-devel-linux-x86_64-fedora-gcc, r-patched-linux-x86_64, r-release-linux-x86_64