CRAN Package Check Results for Package trueskill

Last updated on 2015-05-23 03:48:59.

Flavor Version Tinstall Tcheck Ttotal Status Flags
r-devel-linux-x86_64-debian-clang 0.1 1.10 12.45 13.55 NOTE
r-devel-linux-x86_64-debian-gcc 0.1 0.94 12.98 13.91 NOTE
r-devel-linux-x86_64-fedora-clang 0.1 25.24 NOTE
r-devel-linux-x86_64-fedora-gcc 0.1 24.04 NOTE
r-devel-osx-x86_64-clang 0.1 27.89 NOTE
r-devel-windows-ix86+x86_64 0.1 5.00 21.00 26.00 NOTE
r-patched-linux-x86_64 0.1 0.94 12.11 13.05 NOTE
r-patched-solaris-sparc 0.1 159.70 NOTE
r-patched-solaris-x86 0.1 35.30 NOTE
r-release-linux-x86_64 0.1 0.94 12.40 13.35 NOTE
r-release-osx-x86_64-mavericks 0.1 NOTE
r-release-osx-x86_64-snowleopard 0.1 NOTE
r-release-windows-ix86+x86_64 0.1 3.00 23.00 26.00 NOTE
r-oldrel-windows-ix86+x86_64 0.1 5.00 22.00 27.00 NOTE

Check Details

Version: 0.1
Check: dependencies in R code
Result: NOTE
    Namespace in Imports field not imported from: ‘methods’
     All declared Imports should be used.
Flavors: r-devel-linux-x86_64-debian-clang, r-devel-linux-x86_64-debian-gcc, r-devel-linux-x86_64-fedora-clang, r-devel-linux-x86_64-fedora-gcc, r-devel-osx-x86_64-clang, r-devel-windows-ix86+x86_64, r-patched-linux-x86_64, r-patched-solaris-sparc, r-patched-solaris-x86, r-release-linux-x86_64, r-release-osx-x86_64-mavericks, r-release-osx-x86_64-snowleopard, r-release-windows-ix86+x86_64, r-oldrel-windows-ix86+x86_64