CRAN Package Check Results for Package trueskill

Last updated on 2014-07-22 11:51:27.

Flavor Version Tinstall Tcheck Ttotal Status Flags
r-devel-linux-x86_64-debian-clang 0.1 1.12 12.70 13.82 NOTE
r-devel-linux-x86_64-debian-gcc 0.1 1.09 12.53 13.62 NOTE
r-devel-linux-x86_64-fedora-clang 0.1 29.26 NOTE
r-devel-linux-x86_64-fedora-gcc 0.1 26.95 NOTE
r-devel-osx-x86_64-clang 0.1 29.55 NOTE
r-devel-windows-ix86+x86_64 0.1 3.00 20.00 23.00 NOTE
r-patched-linux-x86_64 0.1 1.11 12.94 14.04 NOTE
r-patched-solaris-sparc 0.1 216.80 NOTE
r-patched-solaris-x86 0.1 40.40 NOTE
r-release-linux-ix86 0.1 1.44 21.55 22.99 NOTE
r-release-linux-x86_64 0.1 1.13 13.27 14.40 NOTE
r-release-osx-x86_64-mavericks 0.1 NOTE
r-release-windows-ix86+x86_64 0.1 5.00 29.00 34.00 NOTE
r-oldrel-windows-ix86+x86_64 0.1 4.00 25.00 29.00 NOTE

Check Details

Version: 0.1
Check: dependencies in R code
Result: NOTE
    Namespace in Imports field not imported from: ‘methods’
     All declared Imports should be used.
    See the information on DESCRIPTION files in the chapter ‘Creating R
    packages’ of the ‘Writing R Extensions’ manual.
Flavors: r-devel-linux-x86_64-debian-clang, r-devel-linux-x86_64-debian-gcc, r-devel-linux-x86_64-fedora-clang, r-devel-linux-x86_64-fedora-gcc, r-devel-osx-x86_64-clang, r-devel-windows-ix86+x86_64, r-patched-linux-x86_64, r-patched-solaris-sparc, r-patched-solaris-x86, r-release-linux-ix86, r-release-linux-x86_64, r-release-osx-x86_64-mavericks, r-release-windows-ix86+x86_64, r-oldrel-windows-ix86+x86_64