CRAN Package Check Results for Package trueskill

Last updated on 2015-03-29 17:51:51.

Flavor Version Tinstall Tcheck Ttotal Status Flags
r-devel-linux-x86_64-debian-clang 0.1 0.96 12.30 13.26 NOTE
r-devel-linux-x86_64-debian-gcc 0.1 0.94 12.11 13.05 NOTE
r-devel-linux-x86_64-fedora-clang 0.1 25.51 NOTE
r-devel-linux-x86_64-fedora-gcc 0.1 23.16 NOTE
r-devel-osx-x86_64-clang 0.1 30.70 NOTE
r-prerel-windows-ix86+x86_64 0.1 5.00 20.00 25.00 NOTE
r-prerel-linux-x86_64 0.1 0.95 12.23 13.18 NOTE
r-prerel-solaris-sparc 0.1 162.80 NOTE
r-prerel-solaris-x86 0.1 34.30 NOTE
r-release-linux-x86_64 0.1 1.15 13.33 14.48 NOTE
r-release-osx-x86_64-mavericks 0.1 NOTE
r-release-windows-ix86+x86_64 0.1 5.00 22.00 27.00 NOTE
r-oldrel-windows-ix86+x86_64 0.1 4.00 25.00 29.00 NOTE

Check Details

Version: 0.1
Check: dependencies in R code
Result: NOTE
    Namespace in Imports field not imported from: ‘methods’
     All declared Imports should be used.
Flavors: r-devel-linux-x86_64-debian-clang, r-devel-linux-x86_64-debian-gcc, r-devel-linux-x86_64-fedora-clang, r-devel-linux-x86_64-fedora-gcc, r-devel-osx-x86_64-clang, r-prerel-windows-ix86+x86_64, r-prerel-linux-x86_64, r-prerel-solaris-sparc, r-prerel-solaris-x86, r-release-linux-x86_64, r-release-windows-ix86+x86_64

Version: 0.1
Check: dependencies in R code
Result: NOTE
    Namespace in Imports field not imported from: ‘methods’
     All declared Imports should be used.
    See the information on DESCRIPTION files in the chapter ‘Creating R
    packages’ of the ‘Writing R Extensions’ manual.
Flavors: r-release-osx-x86_64-mavericks, r-oldrel-windows-ix86+x86_64