CRAN Package Check Results for Package trueskill

Last updated on 2015-02-27 05:48:19.

Flavor Version Tinstall Tcheck Ttotal Status Flags
r-devel-linux-x86_64-debian-clang 0.1 0.97 12.60 13.56 NOTE
r-devel-linux-x86_64-debian-gcc 0.1 1.34 12.72 14.06 NOTE
r-devel-linux-x86_64-fedora-clang 0.1 25.91 NOTE
r-devel-linux-x86_64-fedora-gcc 0.1 23.94 NOTE
r-devel-osx-x86_64-clang 0.1 28.15 NOTE
r-devel-windows-ix86+x86_64 0.1 4.00 19.00 23.00 NOTE
r-patched-linux-x86_64 0.1 1.09 13.14 14.23 NOTE
r-patched-solaris-sparc 0.1 164.60 NOTE
r-patched-solaris-x86 0.1 40.40 NOTE
r-release-linux-ix86 0.1 1.57 19.95 21.52 NOTE
r-release-linux-x86_64 0.1 1.10 0.25 1.35 OK
r-release-osx-x86_64-mavericks 0.1 NOTE
r-release-windows-ix86+x86_64 0.1 3.00 28.00 31.00 NOTE
r-oldrel-windows-ix86+x86_64 0.1 4.00 25.00 29.00 NOTE

Check Details

Version: 0.1
Check: dependencies in R code
Result: NOTE
    Namespace in Imports field not imported from: ‘methods’
     All declared Imports should be used.
Flavors: r-devel-linux-x86_64-debian-clang, r-devel-linux-x86_64-debian-gcc, r-devel-linux-x86_64-fedora-clang, r-devel-linux-x86_64-fedora-gcc, r-devel-osx-x86_64-clang, r-devel-windows-ix86+x86_64, r-patched-linux-x86_64, r-patched-solaris-x86

Version: 0.1
Check: dependencies in R code
Result: NOTE
    Namespace in Imports field not imported from: ‘methods’
     All declared Imports should be used.
    See the information on DESCRIPTION files in the chapter ‘Creating R
    packages’ of the ‘Writing R Extensions’ manual.
Flavors: r-patched-solaris-sparc, r-release-linux-ix86, r-release-osx-x86_64-mavericks, r-release-windows-ix86+x86_64, r-oldrel-windows-ix86+x86_64