CRAN Package Check Results for Package trueskill

Last updated on 2015-09-04 23:56:34.

Flavor Version Tinstall Tcheck Ttotal Status Flags
r-devel-linux-x86_64-debian-clang 0.1 0.91 12.45 13.36 NOTE
r-devel-linux-x86_64-debian-gcc 0.1 0.89 11.74 12.63 NOTE
r-devel-linux-x86_64-fedora-clang 0.1 23.84 NOTE
r-devel-linux-x86_64-fedora-gcc 0.1 22.15 NOTE
r-devel-osx-x86_64-clang 0.1 22.25 NOTE
r-devel-windows-ix86+x86_64 0.1 3.00 25.00 28.00 NOTE
r-patched-linux-x86_64 0.1 0.95 12.26 13.20 NOTE
r-patched-solaris-sparc 0.1 164.70 NOTE
r-patched-solaris-x86 0.1 36.10 NOTE
r-release-linux-x86_64 0.1 0.96 12.33 13.28 NOTE
r-release-osx-x86_64-mavericks 0.1 NOTE
r-release-windows-ix86+x86_64 0.1 6.00 22.00 28.00 NOTE
r-oldrel-windows-ix86+x86_64 0.1 5.00 22.00 27.00 NOTE

Check Details

Version: 0.1
Check: R code for possible problems
Result: NOTE
    DrawMargin: no visible global function definition for ‘qnorm’
    DrawProbability: no visible global function definition for ‘pnorm’
    Factor: no visible global function definition for ‘new’
    Gaussian: no visible global function definition for ‘new’
    LikelihoodFactor: no visible global function definition for ‘new’
    Parameters: no visible global function definition for ‘new’
    Player: no visible global function definition for ‘new’
    PriorFactor: no visible global function definition for ‘new’
    SumFactor: no visible global function definition for ‘new’
    TruncateFactor: no visible global function definition for ‘new’
    Variable: no visible global function definition for ‘new’
    Vdraw: no visible global function definition for ‘dnorm’
    Vdraw: no visible global function definition for ‘pnorm’
    Vwin: no visible global function definition for ‘dnorm’
    Vwin: no visible global function definition for ‘pnorm’
    Wdraw: no visible global function definition for ‘dnorm’
    Wdraw: no visible global function definition for ‘pnorm’
    Undefined global functions or variables:
     dnorm new pnorm qnorm
    Consider adding
     importFrom("methods", "new")
     importFrom("stats", "dnorm", "pnorm", "qnorm")
    to your NAMESPACE (and ensure that your DESCRIPTION Imports field
    contains 'methods').
Flavors: r-devel-linux-x86_64-debian-clang, r-devel-linux-x86_64-debian-gcc, r-devel-linux-x86_64-fedora-clang, r-devel-linux-x86_64-fedora-gcc, r-devel-windows-ix86+x86_64

Version: 0.1
Check: dependencies in R code
Result: NOTE
    Namespace in Imports field not imported from: ‘methods’
     All declared Imports should be used.
Flavors: r-devel-linux-x86_64-fedora-clang, r-devel-linux-x86_64-fedora-gcc, r-devel-osx-x86_64-clang, r-patched-linux-x86_64, r-patched-solaris-sparc, r-patched-solaris-x86, r-release-linux-x86_64, r-release-osx-x86_64-mavericks, r-release-windows-ix86+x86_64, r-oldrel-windows-ix86+x86_64