CRAN Package Check Results for Package trueskill

Last updated on 2014-04-24 07:52:39.

Flavor Version Tinstall Tcheck Ttotal Status Flags
r-devel-linux-x86_64-debian-clang 0.1 1.19 13.58 14.77 NOTE
r-devel-linux-x86_64-debian-gcc 0.1 1.17 13.66 14.83 NOTE
r-devel-linux-x86_64-fedora-clang 0.1 29.29 NOTE
r-devel-linux-x86_64-fedora-gcc 0.1 27.49 NOTE
r-devel-osx-x86_64-clang 0.1 30.39 NOTE
r-devel-osx-x86_64-gcc 0.1 NOTE
r-devel-windows-ix86+x86_64 0.1 3.00 21.00 24.00 NOTE
r-patched-linux-x86_64 0.1 1.18 13.41 14.59 NOTE
r-patched-solaris-sparc 0.1 216.80 NOTE
r-patched-solaris-x86 0.1 39.90 NOTE
r-release-linux-ix86 0.1 2.00 27.00 29.00 NOTE
r-release-linux-x86_64 0.1 1.17 13.26 14.43 NOTE
r-release-osx-x86_64-mavericks 0.1 WARN
r-release-windows-ix86+x86_64 0.1 6.00 22.00 28.00 NOTE
r-oldrel-windows-ix86+x86_64 0.1 4.00 25.00 29.00 NOTE

Check Details

Version: 0.1
Check: dependencies in R code
Result: NOTE
    Namespace in Imports field not imported from: ‘methods’
     All declared Imports should be used.
    See the information on DESCRIPTION files in the chapter ‘Creating R
    packages’ of the ‘Writing R Extensions’ manual.
Flavors: r-devel-linux-x86_64-debian-clang, r-devel-linux-x86_64-debian-gcc, r-devel-linux-x86_64-fedora-clang, r-devel-linux-x86_64-fedora-gcc, r-devel-osx-x86_64-clang, r-devel-osx-x86_64-gcc, r-devel-windows-ix86+x86_64, r-patched-linux-x86_64, r-patched-solaris-sparc, r-patched-solaris-x86, r-release-linux-ix86, r-release-linux-x86_64, r-release-osx-x86_64-mavericks, r-release-windows-ix86+x86_64, r-oldrel-windows-ix86+x86_64

Version: 0.1
Check: PDF version of manual
Result: WARNING
    LaTeX errors when creating PDF version.
    This typically indicates Rd problems.
    LaTeX errors found:
    ! LaTeX Error: File `upquote.sty' not found.
    
    Type X to quit or <RETURN> to proceed,
    or enter new name. (Default extension: sty)
    
    42479169/Rd2.tex:8: ==> Fatal error occurred, no output PDF file produced!
Flavor: r-release-osx-x86_64-mavericks