CRAN Package Check Results for Package trueskill

Last updated on 2014-11-20 19:48:33.

Flavor Version Tinstall Tcheck Ttotal Status Flags
r-devel-linux-x86_64-debian-clang 0.1 1.06 13.50 14.57 NOTE
r-devel-linux-x86_64-debian-gcc 0.1 1.10 12.62 13.72 NOTE
r-devel-linux-x86_64-fedora-clang 0.1 28.67 NOTE
r-devel-linux-x86_64-fedora-gcc 0.1 26.61 NOTE
r-devel-osx-x86_64-clang 0.1 30.94 NOTE
r-devel-windows-ix86+x86_64 0.1 3.00 21.00 24.00 NOTE
r-patched-linux-x86_64 0.1 1.10 14.11 15.21 NOTE
r-patched-solaris-sparc 0.1 167.00 NOTE
r-patched-solaris-x86 0.1 43.30 NOTE
r-release-linux-ix86 0.1 1.41 18.80 20.21 NOTE
r-release-linux-x86_64 0.1 1.32 13.17 14.48 NOTE
r-release-osx-x86_64-mavericks 0.1 NOTE
r-release-windows-ix86+x86_64 0.1 3.00 28.00 31.00 NOTE
r-oldrel-windows-ix86+x86_64 0.1 4.00 25.00 29.00 NOTE

Check Details

Version: 0.1
Check: dependencies in R code
Result: NOTE
    Namespace in Imports field not imported from: ‘methods’
     All declared Imports should be used.
    See the information on DESCRIPTION files in the chapter ‘Creating R
    packages’ of the ‘Writing R Extensions’ manual.
Flavors: r-devel-linux-x86_64-debian-clang, r-devel-linux-x86_64-debian-gcc, r-devel-linux-x86_64-fedora-clang, r-devel-linux-x86_64-fedora-gcc, r-devel-osx-x86_64-clang, r-devel-windows-ix86+x86_64, r-patched-linux-x86_64, r-patched-solaris-sparc, r-patched-solaris-x86, r-release-linux-ix86, r-release-linux-x86_64, r-release-osx-x86_64-mavericks, r-release-windows-ix86+x86_64, r-oldrel-windows-ix86+x86_64