CRAN Package Check Results for Package trueskill

Last updated on 2016-07-25 00:47:03.

Flavor Version Tinstall Tcheck Ttotal Status Flags
r-devel-linux-x86_64-debian-clang 0.1 1.07 15.54 16.61 NOTE
r-devel-linux-x86_64-debian-gcc 0.1 1.22 15.93 17.16 NOTE
r-devel-linux-x86_64-fedora-clang 0.1 23.13 NOTE
r-devel-linux-x86_64-fedora-gcc 0.1 21.50 NOTE
r-devel-osx-x86_64-clang 0.1 20.73 NOTE
r-devel-windows-ix86+x86_64 0.1 3.00 29.00 32.00 NOTE
r-patched-linux-x86_64 0.1 1.40 15.26 16.65 NOTE
r-patched-solaris-sparc 0.1 148.40 NOTE
r-patched-solaris-x86 0.1 32.00 NOTE
r-release-linux-x86_64 0.1 1.18 15.15 16.33 NOTE
r-release-osx-x86_64-mavericks 0.1 NOTE
r-release-windows-ix86+x86_64 0.1 4.00 37.00 41.00 NOTE
r-oldrel-windows-ix86+x86_64 0.1 4.00 29.00 33.00 NOTE

Check Details

Version: 0.1
Check: R code for possible problems
Result: NOTE
    DrawMargin: no visible global function definition for ‘qnorm’
    DrawProbability: no visible global function definition for ‘pnorm’
    Factor: no visible global function definition for ‘new’
    Gaussian: no visible global function definition for ‘new’
    LikelihoodFactor: no visible global function definition for ‘new’
    Parameters: no visible global function definition for ‘new’
    Player: no visible global function definition for ‘new’
    PriorFactor: no visible global function definition for ‘new’
    SumFactor: no visible global function definition for ‘new’
    TruncateFactor: no visible global function definition for ‘new’
    Variable: no visible global function definition for ‘new’
    Vdraw: no visible global function definition for ‘dnorm’
    Vdraw: no visible global function definition for ‘pnorm’
    Vwin: no visible global function definition for ‘dnorm’
    Vwin: no visible global function definition for ‘pnorm’
    Wdraw: no visible global function definition for ‘dnorm’
    Wdraw: no visible global function definition for ‘pnorm’
    Undefined global functions or variables:
     dnorm new pnorm qnorm
    Consider adding
     importFrom("methods", "new")
     importFrom("stats", "dnorm", "pnorm", "qnorm")
    to your NAMESPACE file (and ensure that your DESCRIPTION Imports field
    contains 'methods').
Flavors: r-devel-linux-x86_64-debian-clang, r-devel-linux-x86_64-debian-gcc, r-devel-linux-x86_64-fedora-clang, r-devel-linux-x86_64-fedora-gcc, r-devel-osx-x86_64-clang, r-devel-windows-ix86+x86_64, r-patched-linux-x86_64, r-patched-solaris-sparc, r-patched-solaris-x86, r-release-linux-x86_64, r-release-osx-x86_64-mavericks, r-release-windows-ix86+x86_64

Version: 0.1
Check: dependencies in R code
Result: NOTE
    Namespace in Imports field not imported from: ‘methods’
     All declared Imports should be used.
Flavors: r-devel-linux-x86_64-fedora-clang, r-devel-linux-x86_64-fedora-gcc, r-devel-osx-x86_64-clang, r-patched-solaris-sparc, r-patched-solaris-x86, r-release-osx-x86_64-mavericks, r-oldrel-windows-ix86+x86_64