CRAN Package Check Results for Package truncSP

Last updated on 2017-11-21 08:57:56 CET.

Flavor Version Tinstall Tcheck Ttotal Status Flags
r-devel-linux-x86_64-debian-clang 1.2.2 1.41 25.33 26.74 NOTE
r-devel-linux-x86_64-debian-gcc 1.2.2 1.37 55.20 56.58 NOTE
r-devel-linux-x86_64-fedora-clang 1.2.2 44.55 NOTE
r-devel-linux-x86_64-fedora-gcc 1.2.2 79.77 NOTE
r-devel-windows-ix86+x86_64 1.2.2 7.00 56.00 63.00 NOTE
r-patched-linux-x86_64 1.2.2 1.47 27.00 28.47 NOTE
r-patched-solaris-x86 1.2.2 75.00 NOTE
r-release-linux-x86_64 1.2.2 1.38 27.77 29.15 NOTE
r-release-windows-ix86+x86_64 1.2.2 4.00 83.00 87.00 NOTE
r-release-osx-x86_64 1.2.2 NOTE
r-oldrel-windows-ix86+x86_64 1.2.2 4.00 58.00 62.00 NOTE
r-oldrel-osx-x86_64 1.2.2 NOTE

Check Details

Version: 1.2.2
Check: DESCRIPTION meta-information
Result: NOTE
    Malformed Description field: should contain one or more complete sentences.
Flavors: r-devel-linux-x86_64-debian-clang, r-devel-linux-x86_64-debian-gcc, r-devel-linux-x86_64-fedora-clang, r-devel-linux-x86_64-fedora-gcc, r-devel-windows-ix86+x86_64, r-patched-linux-x86_64, r-patched-solaris-x86, r-release-linux-x86_64, r-release-windows-ix86+x86_64, r-release-osx-x86_64, r-oldrel-windows-ix86+x86_64, r-oldrel-osx-x86_64