CRAN Package Check Results for Package truncSP

Last updated on 2017-09-20 13:01:14.

Flavor Version Tinstall Tcheck Ttotal Status Flags
r-devel-linux-x86_64-debian-clang 1.2.2 1.37 28.45 29.82 NOTE
r-devel-linux-x86_64-debian-gcc 1.2.2 1.40 27.70 29.09 NOTE
r-devel-linux-x86_64-fedora-clang 1.2.2 59.98 NOTE
r-devel-linux-x86_64-fedora-gcc 1.2.2 50.68 NOTE
r-devel-windows-ix86+x86_64 1.2.2 4.00 77.00 81.00 NOTE
r-patched-linux-x86_64 1.2.2 1.35 26.68 28.03 NOTE
r-patched-solaris-x86 1.2.2 75.30 NOTE
r-release-linux-x86_64 1.2.2 1.38 27.18 28.56 NOTE
r-release-windows-ix86+x86_64 1.2.2 5.00 56.00 61.00 NOTE
r-release-osx-x86_64 1.2.2 NOTE
r-oldrel-windows-ix86+x86_64 1.2.2 4.00 47.00 51.00 NOTE
r-oldrel-osx-x86_64 1.2.2 NOTE

Check Details

Version: 1.2.2
Check: DESCRIPTION meta-information
Result: NOTE
    Malformed Description field: should contain one or more complete sentences.
Flavors: r-devel-linux-x86_64-debian-clang, r-devel-linux-x86_64-debian-gcc, r-devel-linux-x86_64-fedora-clang, r-devel-linux-x86_64-fedora-gcc, r-devel-windows-ix86+x86_64, r-patched-linux-x86_64, r-patched-solaris-x86, r-release-linux-x86_64, r-release-windows-ix86+x86_64, r-release-osx-x86_64, r-oldrel-windows-ix86+x86_64, r-oldrel-osx-x86_64