CRAN Package Check Results for Package truncSP

Last updated on 2017-07-27 19:49:40.

Flavor Version Tinstall Tcheck Ttotal Status Flags
r-devel-linux-x86_64-debian-clang 1.2.2 1.48 36.39 37.87 NOTE
r-devel-linux-x86_64-debian-gcc 1.2.2 1.32 34.64 35.95 NOTE
r-devel-linux-x86_64-fedora-clang 1.2.2 51.57 NOTE
r-devel-linux-x86_64-fedora-gcc 1.2.2 50.77 NOTE
r-devel-windows-ix86+x86_64 1.2.2 4.00 48.00 52.00 NOTE
r-patched-linux-x86_64 1.2.2 1.47 34.02 35.49 NOTE
r-patched-solaris-x86 1.2.2 71.90 NOTE
r-release-linux-x86_64 1.2.2 1.42 34.66 36.08 NOTE
r-release-windows-ix86+x86_64 1.2.2 7.00 66.00 73.00 NOTE
r-release-osx-x86_64 1.2.2 NOTE
r-oldrel-windows-ix86+x86_64 1.2.2 4.00 52.00 56.00 NOTE
r-oldrel-osx-x86_64 1.2.2 NOTE

Check Details

Version: 1.2.2
Check: DESCRIPTION meta-information
Result: NOTE
    Malformed Description field: should contain one or more complete sentences.
Flavors: r-devel-linux-x86_64-debian-clang, r-devel-linux-x86_64-debian-gcc, r-devel-linux-x86_64-fedora-clang, r-devel-linux-x86_64-fedora-gcc, r-devel-windows-ix86+x86_64, r-patched-linux-x86_64, r-patched-solaris-x86, r-release-linux-x86_64, r-release-windows-ix86+x86_64, r-release-osx-x86_64, r-oldrel-windows-ix86+x86_64, r-oldrel-osx-x86_64