CRAN Package Check Results for Package truncSP

Last updated on 2019-04-23 10:48:31 CEST.

Flavor Version Tinstall Tcheck Ttotal Status Flags
r-devel-linux-x86_64-debian-clang 1.2.2 3.68 38.37 42.05 NOTE
r-devel-linux-x86_64-debian-gcc 1.2.2 3.41 30.03 33.44 NOTE
r-devel-linux-x86_64-fedora-clang 1.2.2 50.59 NOTE
r-devel-linux-x86_64-fedora-gcc 1.2.2 48.77 NOTE
r-devel-windows-ix86+x86_64 1.2.2 10.00 53.00 63.00 NOTE
r-patched-linux-x86_64 1.2.2 4.47 37.58 42.05 NOTE
r-patched-solaris-x86 1.2.2 80.70 NOTE
r-release-linux-x86_64 1.2.2 2.94 37.02 39.96 NOTE
r-release-windows-ix86+x86_64 1.2.2 5.00 70.00 75.00 NOTE
r-release-osx-x86_64 1.2.2 NOTE
r-oldrel-windows-ix86+x86_64 1.2.2 4.00 74.00 78.00 NOTE
r-oldrel-osx-x86_64 1.2.2 NOTE

Check Details

Version: 1.2.2
Check: DESCRIPTION meta-information
Result: NOTE
    Malformed Description field: should contain one or more complete sentences.
Flavors: r-devel-linux-x86_64-debian-clang, r-devel-linux-x86_64-debian-gcc, r-devel-linux-x86_64-fedora-clang, r-devel-linux-x86_64-fedora-gcc, r-devel-windows-ix86+x86_64, r-patched-linux-x86_64, r-patched-solaris-x86, r-release-linux-x86_64, r-release-windows-ix86+x86_64, r-release-osx-x86_64, r-oldrel-windows-ix86+x86_64, r-oldrel-osx-x86_64