CRAN Package Check Results for Package truncSP

Last updated on 2015-09-03 12:50:03.

Flavor Version Tinstall Tcheck Ttotal Status Flags
r-devel-linux-x86_64-debian-clang 1.2.2 1.02 21.90 22.92 NOTE
r-devel-linux-x86_64-debian-gcc 1.2.2 1.09 21.11 22.20 NOTE
r-devel-linux-x86_64-fedora-clang 1.2.2 43.54 NOTE
r-devel-linux-x86_64-fedora-gcc 1.2.2 41.66 NOTE
r-devel-osx-x86_64-clang 1.2.2 36.55 NOTE
r-devel-windows-ix86+x86_64 1.2.2 5.00 41.00 46.00 NOTE
r-patched-linux-x86_64 1.2.2 1.14 25.24 26.38 NOTE
r-patched-solaris-sparc 1.2.2 311.40 NOTE
r-patched-solaris-x86 1.2.2 70.20 NOTE
r-release-linux-x86_64 1.2.2 1.28 25.34 26.62 NOTE
r-release-osx-x86_64-mavericks 1.2.2 NOTE
r-release-windows-ix86+x86_64 1.2.2 6.00 43.00 49.00 NOTE
r-oldrel-windows-ix86+x86_64 1.2.2 8.00 59.00 67.00 OK

Check Details

Version: 1.2.2
Check: DESCRIPTION meta-information
Result: NOTE
    Malformed Description field: should contain one or more complete sentences.
Flavors: r-devel-linux-x86_64-debian-clang, r-devel-linux-x86_64-debian-gcc, r-devel-linux-x86_64-fedora-clang, r-devel-linux-x86_64-fedora-gcc, r-devel-osx-x86_64-clang, r-devel-windows-ix86+x86_64, r-patched-linux-x86_64, r-patched-solaris-sparc, r-patched-solaris-x86, r-release-linux-x86_64, r-release-osx-x86_64-mavericks, r-release-windows-ix86+x86_64