CRAN Package Check Results for Package truncSP

Last updated on 2015-07-07 21:46:59.

Flavor Version Tinstall Tcheck Ttotal Status Flags
r-devel-linux-x86_64-debian-clang 1.2.2 1.12 24.66 25.78 NOTE
r-devel-linux-x86_64-debian-gcc 1.2.2 1.09 24.41 25.50 NOTE
r-devel-linux-x86_64-fedora-clang 1.2.2 50.42 NOTE
r-devel-linux-x86_64-fedora-gcc 1.2.2 47.89 NOTE
r-devel-osx-x86_64-clang 1.2.2 40.25 NOTE
r-devel-windows-ix86+x86_64 1.2.2 7.00 62.00 69.00 NOTE
r-patched-linux-x86_64 1.2.2 1.11 24.50 25.60 NOTE
r-patched-solaris-sparc 1.2.2 298.90 NOTE
r-patched-solaris-x86 1.2.2 67.30 NOTE
r-release-linux-x86_64 1.2.2 1.12 24.52 25.64 NOTE
r-release-osx-x86_64-mavericks 1.2.2 NOTE
r-release-windows-ix86+x86_64 1.2.2 6.00 38.00 44.00 NOTE
r-oldrel-windows-ix86+x86_64 1.2.2 6.00 51.00 57.00 OK

Check Details

Version: 1.2.2
Check: DESCRIPTION meta-information
Result: NOTE
    Malformed Description field: should contain one or more complete sentences.
Flavors: r-devel-linux-x86_64-debian-clang, r-devel-linux-x86_64-debian-gcc, r-devel-linux-x86_64-fedora-clang, r-devel-linux-x86_64-fedora-gcc, r-devel-osx-x86_64-clang, r-devel-windows-ix86+x86_64, r-patched-linux-x86_64, r-patched-solaris-sparc, r-patched-solaris-x86, r-release-linux-x86_64, r-release-osx-x86_64-mavericks, r-release-windows-ix86+x86_64