CRAN Package Check Results for Package truncSP

Last updated on 2015-03-29 06:50:05.

Flavor Version Tinstall Tcheck Ttotal Status Flags
r-devel-linux-x86_64-debian-clang 1.2.2 1.26 26.14 27.40 NOTE
r-devel-linux-x86_64-debian-gcc 1.2.2 1.12 24.07 25.19 NOTE
r-devel-linux-x86_64-fedora-clang 1.2.2 51.00 NOTE
r-devel-linux-x86_64-fedora-gcc 1.2.2 47.69 NOTE
r-devel-osx-x86_64-clang 1.2.2 50.76 NOTE
r-prerel-windows-ix86+x86_64 1.2.2 5.00 38.00 43.00 NOTE
r-prerel-linux-x86_64 1.2.2 1.12 24.51 25.63 NOTE
r-prerel-solaris-sparc 1.2.2 303.10 NOTE
r-prerel-solaris-x86 1.2.2 67.50 NOTE
r-release-linux-x86_64 1.2.2 1.50 31.53 33.03 OK
r-release-osx-x86_64-mavericks 1.2.2 OK
r-release-osx-x86_64-snowleopard 1.2.2 OK
r-release-windows-ix86+x86_64 1.2.2 5.00 50.00 55.00 OK
r-oldrel-windows-ix86+x86_64 1.2.2 5.00 47.00 52.00 OK

Check Details

Version: 1.2.2
Check: DESCRIPTION meta-information
Result: NOTE
    Malformed Description field: should contain one or more complete sentences.
Flavors: r-devel-linux-x86_64-debian-clang, r-devel-linux-x86_64-debian-gcc, r-devel-linux-x86_64-fedora-clang, r-devel-linux-x86_64-fedora-gcc, r-devel-osx-x86_64-clang, r-prerel-windows-ix86+x86_64, r-prerel-linux-x86_64, r-prerel-solaris-sparc, r-prerel-solaris-x86