CRAN Package Check Results for Package truncSP

Last updated on 2019-08-24 22:46:40 CEST.

Flavor Version Tinstall Tcheck Ttotal Status Flags
r-devel-linux-x86_64-debian-clang 1.2.2 4.28 38.07 42.35 NOTE
r-devel-linux-x86_64-debian-gcc 1.2.2 3.68 30.31 33.99 NOTE
r-devel-linux-x86_64-fedora-clang 1.2.2 51.01 NOTE
r-devel-linux-x86_64-fedora-gcc 1.2.2 50.70 NOTE
r-devel-windows-ix86+x86_64 1.2.2 9.00 54.00 63.00 NOTE
r-patched-linux-x86_64 1.2.2 3.05 37.69 40.74 NOTE
r-patched-solaris-x86 1.2.2 83.70 NOTE
r-release-linux-x86_64 1.2.2 3.95 38.84 42.79 NOTE
r-release-windows-ix86+x86_64 1.2.2 11.00 75.00 86.00 NOTE
r-release-osx-x86_64 1.2.2 NOTE
r-oldrel-windows-ix86+x86_64 1.2.2 7.00 71.00 78.00 NOTE
r-oldrel-osx-x86_64 1.2.2 NOTE

Check Details

Version: 1.2.2
Check: DESCRIPTION meta-information
Result: NOTE
    Malformed Description field: should contain one or more complete sentences.
Flavors: r-devel-linux-x86_64-debian-clang, r-devel-linux-x86_64-debian-gcc, r-devel-linux-x86_64-fedora-clang, r-devel-linux-x86_64-fedora-gcc, r-devel-windows-ix86+x86_64, r-patched-linux-x86_64, r-patched-solaris-x86, r-release-linux-x86_64, r-release-windows-ix86+x86_64, r-release-osx-x86_64, r-oldrel-windows-ix86+x86_64, r-oldrel-osx-x86_64