CRAN Package Check Results for Package truncSP

Last updated on 2017-03-31 01:49:34.

Flavor Version Tinstall Tcheck Ttotal Status Flags
r-devel-linux-x86_64-debian-clang 1.2.2 1.34 27.88 29.22 NOTE
r-devel-linux-x86_64-debian-gcc 1.2.2 1.34 26.73 28.07 NOTE
r-devel-linux-x86_64-fedora-clang 1.2.2 50.34 NOTE --no-stop-on-test-error
r-devel-linux-x86_64-fedora-gcc 1.2.2 47.80 NOTE --no-stop-on-test-error
r-devel-macos-x86_64-clang 1.2.2 40.81 NOTE --no-stop-on-test-error
r-devel-windows-ix86+x86_64 1.2.2 4.00 67.00 71.00 NOTE
r-patched-linux-x86_64 1.2.2 1.47 26.98 28.44 NOTE
r-patched-solaris-sparc 1.2.2 322.00 NOTE
r-patched-solaris-x86 1.2.2 70.30 NOTE
r-release-linux-x86_64 1.2.2 1.12 23.60 24.72 NOTE
r-release-osx-x86_64-mavericks 1.2.2 NOTE
r-release-windows-ix86+x86_64 1.2.2 6.00 98.00 104.00 NOTE
r-oldrel-windows-ix86+x86_64 1.2.2 5.00 67.00 72.00 NOTE

Check Details

Version: 1.2.2
Check: DESCRIPTION meta-information
Result: NOTE
    Malformed Description field: should contain one or more complete sentences.
Flavors: r-devel-linux-x86_64-debian-clang, r-devel-linux-x86_64-debian-gcc, r-devel-windows-ix86+x86_64, r-patched-linux-x86_64, r-patched-solaris-sparc, r-patched-solaris-x86, r-release-linux-x86_64, r-release-osx-x86_64-mavericks, r-release-windows-ix86+x86_64, r-oldrel-windows-ix86+x86_64

Version: 1.2.2
Flags: --no-stop-on-test-error
Check: DESCRIPTION meta-information
Result: NOTE
    Malformed Description field: should contain one or more complete sentences.
Flavors: r-devel-linux-x86_64-fedora-clang, r-devel-linux-x86_64-fedora-gcc, r-devel-macos-x86_64-clang