CRAN Package Check Results for Package truncSP

Last updated on 2016-09-27 14:48:56.

Flavor Version Tinstall Tcheck Ttotal Status Flags
r-devel-linux-x86_64-debian-clang 1.2.2 1.21 289.19 290.40 NOTE
r-devel-linux-x86_64-debian-gcc 1.2.2 1.16 23.88 25.05 NOTE
r-devel-linux-x86_64-fedora-clang 1.2.2 45.26 NOTE
r-devel-linux-x86_64-fedora-gcc 1.2.2 42.84 NOTE
r-devel-macos-x86_64-clang 1.2.2 36.74 NOTE
r-devel-windows-ix86+x86_64 1.2.2 6.00 59.00 65.00 NOTE
r-patched-linux-x86_64 1.2.2 1.12 24.00 25.12 NOTE
r-patched-solaris-sparc 1.2.2 298.70 NOTE
r-patched-solaris-x86 1.2.2 63.70 NOTE
r-release-linux-x86_64 1.2.2 1.17 24.14 25.32 NOTE
r-release-osx-x86_64-mavericks 1.2.2 NOTE
r-release-windows-ix86+x86_64 1.2.2 5.00 59.00 64.00 NOTE
r-oldrel-windows-ix86+x86_64 1.2.2 7.00 67.00 74.00 NOTE

Check Details

Version: 1.2.2
Check: DESCRIPTION meta-information
Result: NOTE
    Malformed Description field: should contain one or more complete sentences.
Flavors: r-devel-linux-x86_64-debian-clang, r-devel-linux-x86_64-debian-gcc, r-devel-linux-x86_64-fedora-clang, r-devel-linux-x86_64-fedora-gcc, r-devel-macos-x86_64-clang, r-devel-windows-ix86+x86_64, r-patched-linux-x86_64, r-patched-solaris-sparc, r-patched-solaris-x86, r-release-linux-x86_64, r-release-osx-x86_64-mavericks, r-release-windows-ix86+x86_64, r-oldrel-windows-ix86+x86_64