CRAN Package Check Results for Package truncSP

Last updated on 2017-01-19 08:47:29.

Flavor Version Tinstall Tcheck Ttotal Status Flags
r-devel-linux-x86_64-debian-clang 1.2.2 1.42 410.04 411.47 NOTE
r-devel-linux-x86_64-debian-gcc 1.2.2 1.44 26.78 28.22 NOTE
r-devel-linux-x86_64-fedora-clang 1.2.2 51.08 NOTE --no-stop-on-test-error
r-devel-linux-x86_64-fedora-gcc 1.2.2 50.02 NOTE --no-stop-on-test-error
r-devel-macos-x86_64-clang 1.2.2 40.77 NOTE --no-stop-on-test-error
r-devel-windows-ix86+x86_64 1.2.2 6.00 52.00 58.00 NOTE
r-patched-linux-x86_64 1.2.2 1.12 24.34 25.46 NOTE
r-patched-solaris-sparc 1.2.2 309.50 NOTE
r-patched-solaris-x86 1.2.2 65.00 NOTE
r-release-linux-x86_64 1.2.2 1.20 24.35 25.56 NOTE
r-release-osx-x86_64-mavericks 1.2.2 NOTE
r-release-windows-ix86+x86_64 1.2.2 4.00 61.00 65.00 NOTE
r-oldrel-windows-ix86+x86_64 1.2.2 5.00 66.00 71.00 NOTE

Check Details

Version: 1.2.2
Check: DESCRIPTION meta-information
Result: NOTE
    Malformed Description field: should contain one or more complete sentences.
Flavors: r-devel-linux-x86_64-debian-clang, r-devel-linux-x86_64-debian-gcc, r-devel-windows-ix86+x86_64, r-patched-linux-x86_64, r-patched-solaris-sparc, r-patched-solaris-x86, r-release-linux-x86_64, r-release-osx-x86_64-mavericks, r-release-windows-ix86+x86_64, r-oldrel-windows-ix86+x86_64

Version: 1.2.2
Flags: --no-stop-on-test-error
Check: DESCRIPTION meta-information
Result: NOTE
    Malformed Description field: should contain one or more complete sentences.
Flavors: r-devel-linux-x86_64-fedora-clang, r-devel-linux-x86_64-fedora-gcc, r-devel-macos-x86_64-clang