CRAN Package Check Results for Package truncSP

Last updated on 2015-05-30 03:49:03.

Flavor Version Tinstall Tcheck Ttotal Status Flags
r-devel-linux-x86_64-debian-clang 1.2.2 1.14 24.08 25.23 NOTE
r-devel-linux-x86_64-debian-gcc 1.2.2 1.24 24.57 25.81 NOTE
r-devel-linux-x86_64-fedora-clang 1.2.2 50.53 NOTE
r-devel-linux-x86_64-fedora-gcc 1.2.2 48.06 NOTE
r-devel-osx-x86_64-clang 1.2.2 48.00 NOTE
r-devel-windows-ix86+x86_64 1.2.2 5.00 39.00 44.00 NOTE
r-patched-linux-x86_64 1.2.2 1.12 25.93 27.05 NOTE
r-patched-solaris-sparc 1.2.2 298.90 NOTE
r-patched-solaris-x86 1.2.2 66.90 NOTE
r-release-linux-x86_64 1.2.2 1.09 24.29 25.38 NOTE
r-release-osx-x86_64-mavericks 1.2.2 NOTE
r-release-osx-x86_64-snowleopard 1.2.2 ERROR
r-release-windows-ix86+x86_64 1.2.2 5.00 39.00 44.00 NOTE
r-oldrel-windows-ix86+x86_64 1.2.2 5.00 65.00 70.00 OK

Check Details

Version: 1.2.2
Check: DESCRIPTION meta-information
Result: NOTE
    Malformed Description field: should contain one or more complete sentences.
Flavors: r-devel-linux-x86_64-debian-clang, r-devel-linux-x86_64-debian-gcc, r-devel-linux-x86_64-fedora-clang, r-devel-linux-x86_64-fedora-gcc, r-devel-osx-x86_64-clang, r-devel-windows-ix86+x86_64, r-patched-linux-x86_64, r-patched-solaris-sparc, r-patched-solaris-x86, r-release-linux-x86_64, r-release-osx-x86_64-mavericks, r-release-windows-ix86+x86_64

Version: 1.2.2
Check: package dependencies
Result: ERROR
    Package required but not available: ‘truncreg’
    
    See section ‘The DESCRIPTION file’ in the ‘Writing R Extensions’
    manual.
Flavor: r-release-osx-x86_64-snowleopard