CRAN Package Check Results for Package truncSP

Last updated on 2016-06-27 14:47:55.

Flavor Version Tinstall Tcheck Ttotal Status Flags
r-devel-linux-x86_64-debian-gcc 1.2.2 1.26 22.65 23.91 NOTE
r-devel-linux-x86_64-fedora-clang 1.2.2 46.01 NOTE
r-devel-linux-x86_64-fedora-gcc 1.2.2 44.14 NOTE
r-devel-osx-x86_64-clang 1.2.2 36.82 NOTE
r-devel-windows-ix86+x86_64 1.2.2 5.00 64.00 69.00 NOTE
r-patched-linux-x86_64 1.2.2 1.22 23.66 24.88 NOTE
r-patched-solaris-sparc 1.2.2 298.70 NOTE
r-patched-solaris-x86 1.2.2 64.20 NOTE
r-release-linux-x86_64 1.2.2 1.12 22.66 23.78 NOTE
r-release-osx-x86_64-mavericks 1.2.2 NOTE
r-release-windows-ix86+x86_64 1.2.2 4.00 44.00 48.00 NOTE
r-oldrel-windows-ix86+x86_64 1.2.2 5.00 71.00 76.00 NOTE

Check Details

Version: 1.2.2
Check: DESCRIPTION meta-information
Result: NOTE
    Malformed Description field: should contain one or more complete sentences.
Flavors: r-devel-linux-x86_64-debian-gcc, r-devel-linux-x86_64-fedora-clang, r-devel-linux-x86_64-fedora-gcc, r-devel-osx-x86_64-clang, r-devel-windows-ix86+x86_64, r-patched-linux-x86_64, r-patched-solaris-sparc, r-patched-solaris-x86, r-release-linux-x86_64, r-release-osx-x86_64-mavericks, r-release-windows-ix86+x86_64, r-oldrel-windows-ix86+x86_64