CRAN Package Check Results for Package truncSP

Last updated on 2018-04-19 10:47:25 CEST.

Flavor Version Tinstall Tcheck Ttotal Status Flags
r-devel-linux-x86_64-debian-clang 1.2.2 2.05 35.25 37.30 NOTE
r-devel-linux-x86_64-debian-gcc 1.2.2 2.19 28.97 31.16 NOTE
r-devel-linux-x86_64-fedora-clang 1.2.2 49.49 NOTE
r-devel-linux-x86_64-fedora-gcc 1.2.2 47.59 NOTE
r-devel-windows-ix86+x86_64 1.2.2 8.00 77.00 85.00 NOTE
r-devel-osx-x86_64 1.2.2 NOTE
r-patched-linux-x86_64 1.2.2 2.25 36.95 39.20 NOTE
r-patched-solaris-x86 1.2.2 82.60 NOTE
r-release-linux-x86_64 1.2.2 1.74 42.52 44.26 NOTE
r-release-windows-ix86+x86_64 1.2.2 4.00 69.00 73.00 NOTE
r-release-osx-x86_64 1.2.2 NOTE
r-oldrel-windows-ix86+x86_64 1.2.2 5.00 58.00 63.00 NOTE

Check Details

Version: 1.2.2
Check: DESCRIPTION meta-information
Result: NOTE
    Malformed Description field: should contain one or more complete sentences.
Flavors: r-devel-linux-x86_64-debian-clang, r-devel-linux-x86_64-debian-gcc, r-devel-linux-x86_64-fedora-clang, r-devel-linux-x86_64-fedora-gcc, r-devel-windows-ix86+x86_64, r-devel-osx-x86_64, r-patched-linux-x86_64, r-patched-solaris-x86, r-release-linux-x86_64, r-release-windows-ix86+x86_64, r-release-osx-x86_64, r-oldrel-windows-ix86+x86_64