CRAN Package Check Results for Package truncSP

Last updated on 2015-08-02 09:47:22.

Flavor Version Tinstall Tcheck Ttotal Status Flags
r-devel-linux-x86_64-debian-clang 1.2.2 1.14 23.22 24.36 NOTE
r-devel-linux-x86_64-debian-gcc 1.2.2 1.10 22.40 23.50 NOTE
r-devel-linux-x86_64-fedora-clang 1.2.2 48.17 NOTE
r-devel-linux-x86_64-fedora-gcc 1.2.2 45.24 NOTE
r-devel-osx-x86_64-clang 1.2.2 41.83 NOTE
r-devel-windows-ix86+x86_64 1.2.2 4.00 40.00 44.00 NOTE
r-patched-linux-x86_64 1.2.2 1.17 25.08 26.24 NOTE
r-patched-solaris-sparc 1.2.2 311.40 NOTE
r-patched-solaris-x86 1.2.2 70.70 NOTE
r-release-linux-x86_64 1.2.2 1.10 25.06 26.16 NOTE
r-release-osx-x86_64-mavericks 1.2.2 NOTE
r-release-windows-ix86+x86_64 1.2.2 5.00 45.00 50.00 NOTE
r-oldrel-windows-ix86+x86_64 1.2.2 8.00 54.00 62.00 OK

Check Details

Version: 1.2.2
Check: DESCRIPTION meta-information
Result: NOTE
    Malformed Description field: should contain one or more complete sentences.
Flavors: r-devel-linux-x86_64-debian-clang, r-devel-linux-x86_64-debian-gcc, r-devel-linux-x86_64-fedora-clang, r-devel-linux-x86_64-fedora-gcc, r-devel-osx-x86_64-clang, r-devel-windows-ix86+x86_64, r-patched-linux-x86_64, r-patched-solaris-sparc, r-patched-solaris-x86, r-release-linux-x86_64, r-release-osx-x86_64-mavericks, r-release-windows-ix86+x86_64