CRAN Package Check Results for Package truncSP

Last updated on 2018-02-23 20:49:05 CET.

Flavor Version Tinstall Tcheck Ttotal Status Flags
r-devel-linux-x86_64-debian-clang 1.2.2 2.97 37.50 40.47 NOTE
r-devel-linux-x86_64-debian-gcc 1.2.2 2.40 28.80 31.20 NOTE
r-devel-linux-x86_64-fedora-clang 1.2.2 50.67 NOTE
r-devel-linux-x86_64-fedora-gcc 1.2.2 46.62 NOTE
r-devel-windows-ix86+x86_64 1.2.2 8.00 64.00 72.00 NOTE
r-patched-linux-x86_64 1.2.2 1.76 41.07 42.83 NOTE
r-patched-solaris-x86 1.2.2 70.20 NOTE
r-release-linux-x86_64 1.2.2 2.16 42.12 44.28 NOTE
r-release-windows-ix86+x86_64 1.2.2 8.00 67.00 75.00 NOTE
r-release-osx-x86_64 1.2.2 NOTE
r-oldrel-windows-ix86+x86_64 1.2.2 4.00 67.00 71.00 NOTE
r-oldrel-osx-x86_64 1.2.2 NOTE

Check Details

Version: 1.2.2
Check: DESCRIPTION meta-information
Result: NOTE
    Malformed Description field: should contain one or more complete sentences.
Flavors: r-devel-linux-x86_64-debian-clang, r-devel-linux-x86_64-debian-gcc, r-devel-linux-x86_64-fedora-clang, r-devel-linux-x86_64-fedora-gcc, r-devel-windows-ix86+x86_64, r-patched-linux-x86_64, r-patched-solaris-x86, r-release-linux-x86_64, r-release-windows-ix86+x86_64, r-release-osx-x86_64, r-oldrel-windows-ix86+x86_64, r-oldrel-osx-x86_64