CRAN Package Check Results for Package truncSP

Last updated on 2017-05-26 03:48:52.

Flavor Version Tinstall Tcheck Ttotal Status Flags
r-devel-linux-x86_64-debian-clang 1.2.2 1.50 29.33 30.83 NOTE
r-devel-linux-x86_64-debian-gcc 1.2.2 1.39 27.79 29.18 NOTE
r-devel-linux-x86_64-fedora-clang 1.2.2 51.42 NOTE --no-stop-on-test-error
r-devel-linux-x86_64-fedora-gcc 1.2.2 49.68 NOTE --no-stop-on-test-error
r-devel-windows-ix86+x86_64 1.2.2 5.00 72.00 77.00 NOTE
r-patched-linux-x86_64 1.2.2 1.50 26.71 28.21 NOTE
r-patched-solaris-sparc 1.2.2 322.00 NOTE
r-patched-solaris-x86 1.2.2 71.90 NOTE
r-release-linux-x86_64 1.2.2 1.61 26.88 28.49 NOTE
r-release-windows-ix86+x86_64 1.2.2 9.00 215.00 224.00 NOTE
r-release-osx-x86_64 1.2.2 NOTE
r-oldrel-windows-ix86+x86_64 1.2.2 6.00 47.00 53.00 NOTE
r-oldrel-osx-x86_64 1.2.2 NOTE

Check Details

Version: 1.2.2
Check: DESCRIPTION meta-information
Result: NOTE
    Malformed Description field: should contain one or more complete sentences.
Flavors: r-devel-linux-x86_64-debian-clang, r-devel-linux-x86_64-debian-gcc, r-devel-windows-ix86+x86_64, r-patched-linux-x86_64, r-patched-solaris-sparc, r-patched-solaris-x86, r-release-linux-x86_64, r-release-windows-ix86+x86_64, r-release-osx-x86_64, r-oldrel-windows-ix86+x86_64, r-oldrel-osx-x86_64

Version: 1.2.2
Flags: --no-stop-on-test-error
Check: DESCRIPTION meta-information
Result: NOTE
    Malformed Description field: should contain one or more complete sentences.
Flavors: r-devel-linux-x86_64-fedora-clang, r-devel-linux-x86_64-fedora-gcc