CRAN Package Check Results for Package truncdist

Last updated on 2014-10-26 07:50:15.

Flavor Version Tinstall Tcheck Ttotal Status Flags
r-devel-linux-x86_64-debian-clang 1.0-1 0.77 11.59 12.36 NOTE
r-devel-linux-x86_64-debian-gcc 1.0-1 0.71 11.53 12.24 NOTE
r-devel-linux-x86_64-fedora-clang 1.0-1 24.82 NOTE
r-devel-linux-x86_64-fedora-gcc 1.0-1 23.07 NOTE
r-devel-osx-x86_64-clang 1.0-1 27.42 NOTE
r-devel-windows-ix86+x86_64 1.0-1 2.00 18.00 20.00 NOTE
r-patched-linux-x86_64 1.0-1 0.73 11.48 12.22 NOTE
r-patched-solaris-sparc 1.0-1 144.50 NOTE
r-patched-solaris-x86 1.0-1 37.00 NOTE
r-release-linux-ix86 1.0-1 1.06 17.63 18.70 NOTE
r-release-linux-x86_64 1.0-1 0.78 11.83 12.61 NOTE
r-release-osx-x86_64-mavericks 1.0-1 NOTE
r-release-windows-ix86+x86_64 1.0-1 4.00 27.00 31.00 NOTE
r-oldrel-windows-ix86+x86_64 1.0-1 3.00 22.00 25.00 NOTE

Check Details

Version: 1.0-1
Check: dependencies in R code
Result: NOTE
    Packages in Depends field not imported from:
     ‘evd’ ‘stats4’
     These packages need to be imported from (in the NAMESPACE file)
     for when this namespace is loaded but not attached.
    See the information on DESCRIPTION files in the chapter ‘Creating R
    packages’ of the ‘Writing R Extensions’ manual.
Flavors: r-devel-linux-x86_64-debian-clang, r-devel-linux-x86_64-debian-gcc, r-devel-linux-x86_64-fedora-clang, r-devel-linux-x86_64-fedora-gcc, r-devel-osx-x86_64-clang, r-devel-windows-ix86+x86_64, r-patched-linux-x86_64, r-patched-solaris-sparc, r-patched-solaris-x86, r-release-linux-ix86, r-release-linux-x86_64, r-release-osx-x86_64-mavericks, r-release-windows-ix86+x86_64, r-oldrel-windows-ix86+x86_64