CRAN Package Check Results for Package truncdist

Last updated on 2015-05-27 09:48:09.

Flavor Version Tinstall Tcheck Ttotal Status Flags
r-devel-linux-x86_64-debian-clang 1.0-1 0.68 11.26 11.94 NOTE
r-devel-linux-x86_64-debian-gcc 1.0-1 0.70 10.34 11.04 NOTE
r-devel-linux-x86_64-fedora-clang 1.0-1 21.75 NOTE
r-devel-linux-x86_64-fedora-gcc 1.0-1 20.36 NOTE
r-devel-osx-x86_64-clang 1.0-1 25.23 NOTE
r-devel-windows-ix86+x86_64 1.0-1 2.00 20.00 22.00 NOTE
r-patched-linux-x86_64 1.0-1 0.84 10.28 11.12 NOTE
r-patched-solaris-sparc 1.0-1 134.00 NOTE
r-patched-solaris-x86 1.0-1 32.20 NOTE
r-release-linux-x86_64 1.0-1 0.69 10.41 11.10 NOTE
r-release-osx-x86_64-mavericks 1.0-1 NOTE
r-release-osx-x86_64-snowleopard 1.0-1 NOTE
r-release-windows-ix86+x86_64 1.0-1 2.00 20.00 22.00 NOTE
r-oldrel-windows-ix86+x86_64 1.0-1 5.00 21.00 26.00 NOTE

Check Details

Version: 1.0-1
Check: dependencies in R code
Result: NOTE
    Packages in Depends field not imported from:
     ‘evd’ ‘stats4’
     These packages need to be imported from (in the NAMESPACE file)
     for when this namespace is loaded but not attached.
Flavors: r-devel-linux-x86_64-debian-clang, r-devel-linux-x86_64-debian-gcc, r-devel-linux-x86_64-fedora-clang, r-devel-linux-x86_64-fedora-gcc, r-devel-osx-x86_64-clang, r-devel-windows-ix86+x86_64, r-patched-linux-x86_64, r-patched-solaris-sparc, r-patched-solaris-x86, r-release-linux-x86_64, r-release-osx-x86_64-mavericks, r-release-osx-x86_64-snowleopard, r-release-windows-ix86+x86_64, r-oldrel-windows-ix86+x86_64