CRAN Package Check Results for Package truncdist

Last updated on 2015-04-26 17:47:55.

Flavor Version Tinstall Tcheck Ttotal Status Flags
r-devel-linux-x86_64-debian-clang 1.0-1 0.69 11.03 11.72 NOTE
r-devel-linux-x86_64-debian-gcc 1.0-1 0.68 10.90 11.58 NOTE
r-devel-linux-x86_64-fedora-clang 1.0-1 22.33 NOTE
r-devel-linux-x86_64-fedora-gcc 1.0-1 20.17 NOTE
r-devel-osx-x86_64-clang 1.0-1 24.93 NOTE
r-devel-windows-ix86+x86_64 1.0-1 2.00 19.00 21.00 NOTE
r-patched-linux-x86_64 1.0-1 0.67 11.12 11.79 NOTE
r-patched-solaris-sparc 1.0-1 145.20 NOTE
r-patched-solaris-x86 1.0-1 31.90 NOTE
r-release-linux-x86_64 1.0-1 0.68 10.64 11.32 NOTE
r-release-osx-x86_64-mavericks 1.0-1 NOTE
r-release-osx-x86_64-snowleopard 1.0-1 NOTE
r-release-windows-ix86+x86_64 1.0-1 2.00 20.00 22.00 NOTE
r-oldrel-windows-ix86+x86_64 1.0-1 5.00 21.00 26.00 NOTE

Check Details

Version: 1.0-1
Check: dependencies in R code
Result: NOTE
    Packages in Depends field not imported from:
     ‘evd’ ‘stats4’
     These packages need to be imported from (in the NAMESPACE file)
     for when this namespace is loaded but not attached.
Flavors: r-devel-linux-x86_64-fedora-clang, r-devel-linux-x86_64-fedora-gcc, r-devel-osx-x86_64-clang, r-devel-windows-ix86+x86_64, r-patched-solaris-sparc, r-patched-solaris-x86, r-release-osx-x86_64-mavericks, r-release-osx-x86_64-snowleopard, r-release-windows-ix86+x86_64, r-oldrel-windows-ix86+x86_64