CRAN Package Check Results for Package truncdist

Last updated on 2015-07-06 08:48:30.

Flavor Version Tinstall Tcheck Ttotal Status Flags
r-devel-linux-x86_64-debian-clang 1.0-1 0.63 10.30 10.93 NOTE
r-devel-linux-x86_64-debian-gcc 1.0-1 0.66 10.10 10.76 NOTE
r-devel-linux-x86_64-fedora-clang 1.0-1 20.56 NOTE
r-devel-linux-x86_64-fedora-gcc 1.0-1 19.22 NOTE
r-devel-osx-x86_64-clang 1.0-1 20.10 NOTE
r-devel-windows-ix86+x86_64 1.0-1 3.00 20.00 23.00 NOTE
r-patched-linux-x86_64 1.0-1 0.71 10.51 11.22 NOTE
r-patched-solaris-sparc 1.0-1 134.00 NOTE
r-patched-solaris-x86 1.0-1 32.00 NOTE
r-release-linux-x86_64 1.0-1 0.74 10.59 11.33 NOTE
r-release-osx-x86_64-mavericks 1.0-1 NOTE
r-release-windows-ix86+x86_64 1.0-1 3.00 19.00 22.00 NOTE
r-oldrel-windows-ix86+x86_64 1.0-1 5.00 21.00 26.00 NOTE

Check Details

Version: 1.0-1
Check: dependencies in R code
Result: NOTE
    Packages in Depends field not imported from:
     ‘evd’ ‘stats4’
     These packages need to be imported from (in the NAMESPACE file)
     for when this namespace is loaded but not attached.
Flavors: r-devel-linux-x86_64-debian-clang, r-devel-linux-x86_64-debian-gcc, r-devel-linux-x86_64-fedora-clang, r-devel-linux-x86_64-fedora-gcc, r-devel-osx-x86_64-clang, r-devel-windows-ix86+x86_64, r-patched-linux-x86_64, r-patched-solaris-sparc, r-patched-solaris-x86, r-release-linux-x86_64, r-release-osx-x86_64-mavericks, r-release-windows-ix86+x86_64, r-oldrel-windows-ix86+x86_64

Version: 1.0-1
Check: R code for possible problems
Result: NOTE
    extrunc: no visible global function definition for ‘integrate’
    qqtrunc: no visible global function definition for ‘plot’
    qqtrunc: no visible global function definition for ‘ppoints’
    qqtrunc: no visible global function definition for ‘abline’
    rtrunc: no visible global function definition for ‘runif’
    vartrunc: no visible global function definition for ‘integrate’
    Undefined global functions or variables:
     abline integrate plot ppoints runif
Flavors: r-devel-linux-x86_64-debian-clang, r-devel-linux-x86_64-debian-gcc, r-devel-linux-x86_64-fedora-clang, r-devel-linux-x86_64-fedora-gcc, r-devel-windows-ix86+x86_64