CRAN Package Check Results for Package truncdist

Last updated on 2016-02-08 11:49:49.

Flavor Version Tinstall Tcheck Ttotal Status Flags
r-devel-linux-x86_64-debian-gcc 1.0-1 0.62 9.49 10.12 NOTE
r-devel-linux-x86_64-fedora-clang 1.0-1 18.84 NOTE
r-devel-linux-x86_64-fedora-gcc 1.0-1 17.43 NOTE
r-devel-osx-x86_64-clang 1.0-1 22.28 NOTE
r-devel-windows-ix86+x86_64 1.0-1 4.00 22.00 26.00 NOTE
r-patched-linux-x86_64 1.0-1 0.72 10.25 10.97 NOTE
r-patched-solaris-sparc 1.0-1 122.80 NOTE
r-patched-solaris-x86 1.0-1 27.60 NOTE
r-release-linux-x86_64 1.0-1 0.74 10.65 11.39 NOTE
r-release-osx-x86_64-mavericks 1.0-1 NOTE
r-release-windows-ix86+x86_64 1.0-1 4.00 20.00 24.00 NOTE
r-oldrel-windows-ix86+x86_64 1.0-1 4.00 30.00 34.00 NOTE

Check Details

Version: 1.0-1
Check: dependencies in R code
Result: NOTE
    Packages in Depends field not imported from:
     ‘evd’ ‘stats4’
     These packages need to be imported from (in the NAMESPACE file)
     for when this namespace is loaded but not attached.
Flavors: r-devel-linux-x86_64-debian-gcc, r-devel-linux-x86_64-fedora-clang, r-devel-linux-x86_64-fedora-gcc, r-devel-osx-x86_64-clang, r-devel-windows-ix86+x86_64, r-patched-linux-x86_64, r-patched-solaris-sparc, r-patched-solaris-x86, r-release-linux-x86_64, r-release-osx-x86_64-mavericks, r-release-windows-ix86+x86_64, r-oldrel-windows-ix86+x86_64

Version: 1.0-1
Check: R code for possible problems
Result: NOTE
    extrunc: no visible global function definition for ‘integrate’
    qqtrunc: no visible global function definition for ‘plot’
    qqtrunc: no visible global function definition for ‘ppoints’
    qqtrunc: no visible global function definition for ‘abline’
    rtrunc: no visible global function definition for ‘runif’
    vartrunc: no visible global function definition for ‘integrate’
    Undefined global functions or variables:
     abline integrate plot ppoints runif
    Consider adding
     importFrom("graphics", "abline", "plot")
     importFrom("stats", "integrate", "ppoints", "runif")
    to your NAMESPACE file.
Flavors: r-devel-linux-x86_64-debian-gcc, r-devel-linux-x86_64-fedora-clang, r-devel-linux-x86_64-fedora-gcc, r-devel-osx-x86_64-clang, r-devel-windows-ix86+x86_64