CRAN Package Check Results for Package truncdist

Last updated on 2014-12-22 16:49:56.

Flavor Version Tinstall Tcheck Ttotal Status Flags
r-devel-linux-x86_64-debian-clang 1.0-1 0.74 11.71 12.44 NOTE
r-devel-linux-x86_64-debian-gcc 1.0-1 0.72 11.65 12.38 NOTE
r-devel-linux-x86_64-fedora-clang 1.0-1 25.46 NOTE
r-devel-linux-x86_64-fedora-gcc 1.0-1 24.50 NOTE
r-devel-osx-x86_64-clang 1.0-1 28.28 NOTE
r-devel-windows-ix86+x86_64 1.0-1 3.00 25.00 28.00 NOTE
r-patched-linux-x86_64 1.0-1 0.74 11.46 12.20 NOTE
r-patched-solaris-sparc 1.0-1 139.00 NOTE
r-patched-solaris-x86 1.0-1 37.10 NOTE
r-release-linux-ix86 1.0-1 1.00 16.64 17.64 NOTE
r-release-linux-x86_64 1.0-1 0.74 11.62 12.35 NOTE
r-release-osx-x86_64-mavericks 1.0-1 NOTE
r-release-windows-ix86+x86_64 1.0-1 2.00 26.00 28.00 NOTE
r-oldrel-windows-ix86+x86_64 1.0-1 3.00 22.00 25.00 NOTE

Check Details

Version: 1.0-1
Check: dependencies in R code
Result: NOTE
    Packages in Depends field not imported from:
     ‘evd’ ‘stats4’
     These packages need to be imported from (in the NAMESPACE file)
     for when this namespace is loaded but not attached.
    See the information on DESCRIPTION files in the chapter ‘Creating R
    packages’ of the ‘Writing R Extensions’ manual.
Flavors: r-devel-linux-x86_64-debian-clang, r-devel-linux-x86_64-debian-gcc, r-devel-linux-x86_64-fedora-clang, r-devel-linux-x86_64-fedora-gcc, r-devel-osx-x86_64-clang, r-devel-windows-ix86+x86_64, r-patched-linux-x86_64, r-patched-solaris-sparc, r-patched-solaris-x86, r-release-linux-ix86, r-release-linux-x86_64, r-release-osx-x86_64-mavericks, r-release-windows-ix86+x86_64, r-oldrel-windows-ix86+x86_64