CRAN Package Check Results for Package truncdist

Last updated on 2014-11-24 00:47:58.

Flavor Version Tinstall Tcheck Ttotal Status Flags
r-devel-linux-x86_64-debian-clang 1.0-1 0.73 11.67 12.40 NOTE
r-devel-linux-x86_64-debian-gcc 1.0-1 0.70 11.28 11.98 NOTE
r-devel-linux-x86_64-fedora-clang 1.0-1 25.42 NOTE
r-devel-linux-x86_64-fedora-gcc 1.0-1 23.96 NOTE
r-devel-osx-x86_64-clang 1.0-1 28.12 NOTE
r-devel-windows-ix86+x86_64 1.0-1 2.00 21.00 23.00 NOTE
r-patched-linux-x86_64 1.0-1 0.73 11.54 12.26 NOTE
r-patched-solaris-sparc 1.0-1 144.50 NOTE
r-patched-solaris-x86 1.0-1 38.00 NOTE
r-release-linux-ix86 1.0-1 1.01 16.76 17.77 NOTE
r-release-linux-x86_64 1.0-1 0.74 11.48 12.21 NOTE
r-release-osx-x86_64-mavericks 1.0-1 NOTE
r-release-windows-ix86+x86_64 1.0-1 2.00 26.00 28.00 NOTE
r-oldrel-windows-ix86+x86_64 1.0-1 3.00 22.00 25.00 NOTE

Check Details

Version: 1.0-1
Check: dependencies in R code
Result: NOTE
    Packages in Depends field not imported from:
     ‘evd’ ‘stats4’
     These packages need to be imported from (in the NAMESPACE file)
     for when this namespace is loaded but not attached.
    See the information on DESCRIPTION files in the chapter ‘Creating R
    packages’ of the ‘Writing R Extensions’ manual.
Flavors: r-devel-linux-x86_64-debian-clang, r-devel-linux-x86_64-debian-gcc, r-devel-linux-x86_64-fedora-clang, r-devel-linux-x86_64-fedora-gcc, r-devel-osx-x86_64-clang, r-devel-windows-ix86+x86_64, r-patched-linux-x86_64, r-patched-solaris-sparc, r-patched-solaris-x86, r-release-linux-ix86, r-release-linux-x86_64, r-release-osx-x86_64-mavericks, r-release-windows-ix86+x86_64, r-oldrel-windows-ix86+x86_64