CRAN Package Check Results for Package truncdist

Last updated on 2014-08-29 17:47:47.

Flavor Version Tinstall Tcheck Ttotal Status Flags
r-devel-linux-x86_64-debian-clang 1.0-1 0.72 10.93 11.65 NOTE
r-devel-linux-x86_64-debian-gcc 1.0-1 0.68 11.02 11.70 NOTE
r-devel-linux-x86_64-fedora-clang 1.0-1 24.38 NOTE
r-devel-linux-x86_64-fedora-gcc 1.0-1 22.69 NOTE
r-devel-osx-x86_64-clang 1.0-1 26.13 NOTE
r-devel-windows-ix86+x86_64 1.0-1 3.00 20.00 23.00 NOTE
r-patched-linux-x86_64 1.0-1 0.75 11.61 12.36 NOTE
r-patched-solaris-sparc 1.0-1 144.50 NOTE
r-patched-solaris-x86 1.0-1 36.40 NOTE
r-release-linux-ix86 1.0-1 1.06 17.56 18.62 NOTE
r-release-linux-x86_64 1.0-1 0.78 11.71 12.49 NOTE
r-release-osx-x86_64-mavericks 1.0-1 NOTE
r-release-windows-ix86+x86_64 1.0-1 4.00 27.00 31.00 NOTE
r-oldrel-windows-ix86+x86_64 1.0-1 3.00 22.00 25.00 NOTE

Check Details

Version: 1.0-1
Check: dependencies in R code
Result: NOTE
    Packages in Depends field not imported from:
     ‘evd’ ‘stats4’
     These packages need to be imported from (in the NAMESPACE file)
     for when this namespace is loaded but not attached.
    See the information on DESCRIPTION files in the chapter ‘Creating R
    packages’ of the ‘Writing R Extensions’ manual.
Flavors: r-devel-linux-x86_64-debian-clang, r-devel-linux-x86_64-debian-gcc, r-devel-linux-x86_64-fedora-clang, r-devel-linux-x86_64-fedora-gcc, r-devel-osx-x86_64-clang, r-devel-windows-ix86+x86_64, r-patched-linux-x86_64, r-patched-solaris-sparc, r-patched-solaris-x86, r-release-linux-ix86, r-release-linux-x86_64, r-release-osx-x86_64-mavericks, r-release-windows-ix86+x86_64, r-oldrel-windows-ix86+x86_64