CRAN Package Check Results for Package truncdist

Last updated on 2015-03-05 10:50:16.

Flavor Version Tinstall Tcheck Ttotal Status Flags
r-devel-linux-x86_64-debian-clang 1.0-1 0.69 10.66 11.36 NOTE
r-devel-linux-x86_64-debian-gcc 1.0-1 0.68 10.39 11.07 NOTE
r-devel-linux-x86_64-fedora-clang 1.0-1 21.50 NOTE
r-devel-linux-x86_64-fedora-gcc 1.0-1 20.45 NOTE
r-devel-osx-x86_64-clang 1.0-1 25.28 NOTE
r-devel-windows-ix86+x86_64 1.0-1 3.00 17.00 20.00 NOTE
r-patched-linux-x86_64 1.0-1 0.92 11.77 12.69 NOTE
r-patched-solaris-sparc 1.0-1 154.80 NOTE
r-patched-solaris-x86 1.0-1 38.10 NOTE
r-release-linux-ix86 1.0-1 0.96 17.49 18.45 NOTE
r-release-linux-x86_64 1.0-1 0.72 12.48 13.20 NOTE
r-release-osx-x86_64-mavericks 1.0-1 NOTE
r-release-windows-ix86+x86_64 1.0-1 2.00 26.00 28.00 NOTE
r-oldrel-windows-ix86+x86_64 1.0-1 3.00 22.00 25.00 NOTE

Check Details

Version: 1.0-1
Check: dependencies in R code
Result: NOTE
    Packages in Depends field not imported from:
     ‘evd’ ‘stats4’
     These packages need to be imported from (in the NAMESPACE file)
     for when this namespace is loaded but not attached.
Flavors: r-devel-linux-x86_64-debian-clang, r-devel-linux-x86_64-debian-gcc, r-devel-linux-x86_64-fedora-clang, r-devel-linux-x86_64-fedora-gcc, r-devel-osx-x86_64-clang, r-devel-windows-ix86+x86_64, r-patched-linux-x86_64, r-patched-solaris-sparc, r-patched-solaris-x86

Version: 1.0-1
Check: dependencies in R code
Result: NOTE
    Packages in Depends field not imported from:
     ‘evd’ ‘stats4’
     These packages need to be imported from (in the NAMESPACE file)
     for when this namespace is loaded but not attached.
    See the information on DESCRIPTION files in the chapter ‘Creating R
    packages’ of the ‘Writing R Extensions’ manual.
Flavors: r-release-linux-ix86, r-release-linux-x86_64, r-release-osx-x86_64-mavericks, r-release-windows-ix86+x86_64, r-oldrel-windows-ix86+x86_64