CRAN Package Check Results for Package truncdist

Last updated on 2014-04-16 23:47:07.

Flavor Version Tinstall Tcheck Ttotal Status Flags
r-devel-linux-x86_64-debian-clang 1.0-1 0.84 12.10 12.94 NOTE
r-devel-linux-x86_64-debian-gcc 1.0-1 0.84 12.41 13.25 NOTE
r-devel-linux-x86_64-fedora-clang 1.0-1 25.61 NOTE
r-devel-linux-x86_64-fedora-gcc 1.0-1 23.87 NOTE
r-devel-macosx-x86_64-clang 1.0-1 28.82 NOTE
r-devel-macosx-x86_64-gcc 1.0-1 NOTE
r-devel-windows-ix86+x86_64 1.0-1 2.00 21.00 23.00 NOTE
r-patched-linux-x86_64 1.0-1 0.80 11.95 12.74 NOTE
r-patched-solaris-sparc 1.0-1 220.00 NOTE
r-patched-solaris-x86 1.0-1 36.60 NOTE
r-release-linux-ix86 1.0-1 2.00 25.00 27.00 NOTE
r-release-linux-x86_64 1.0-1 0.84 11.79 12.63 NOTE
r-release-windows-ix86+x86_64 1.0-1 5.00 19.00 24.00 NOTE
r-oldrel-windows-ix86+x86_64 1.0-1 3.00 22.00 25.00 NOTE

Check Details

Version: 1.0-1
Check: dependencies in R code
Result: NOTE
    Packages in Depends field not imported from:
     ‘evd’ ‘stats4’
     These packages need to be imported from (in the NAMESPACE file)
     for when this namespace is loaded but not attached.
    See the information on DESCRIPTION files in the chapter ‘Creating R
    packages’ of the ‘Writing R Extensions’ manual.
Flavors: r-devel-linux-x86_64-debian-clang, r-devel-linux-x86_64-debian-gcc, r-devel-linux-x86_64-fedora-clang, r-devel-linux-x86_64-fedora-gcc, r-devel-macosx-x86_64-clang, r-devel-macosx-x86_64-gcc, r-devel-windows-ix86+x86_64, r-patched-linux-x86_64, r-patched-solaris-sparc, r-patched-solaris-x86, r-release-linux-ix86, r-release-linux-x86_64, r-release-windows-ix86+x86_64, r-oldrel-windows-ix86+x86_64