CRAN Package Check Results for Package truncgof

Last updated on 2014-09-19 13:47:03.

Flavor Version Tinstall Tcheck Ttotal Status Flags
r-devel-linux-x86_64-debian-clang 0.6-0 1.04 16.80 17.84 NOTE
r-devel-linux-x86_64-debian-gcc 0.6-0 0.94 16.45 17.39 NOTE
r-devel-linux-x86_64-fedora-clang 0.6-0 35.10 NOTE
r-devel-linux-x86_64-fedora-gcc 0.6-0 32.33 NOTE
r-devel-osx-x86_64-clang 0.6-0 34.40 NOTE
r-devel-windows-ix86+x86_64 0.6-0 5.00 36.00 41.00 NOTE
r-patched-linux-x86_64 0.6-0 0.96 17.01 17.97 NOTE
r-patched-solaris-sparc 0.6-0 207.50 NOTE
r-patched-solaris-x86 0.6-0 46.80 NOTE
r-release-linux-ix86 0.6-0 1.40 24.24 25.64 NOTE
r-release-linux-x86_64 0.6-0 1.00 17.73 18.73 NOTE
r-release-osx-x86_64-mavericks 0.6-0 NOTE
r-release-osx-x86_64-snowleopard 0.6-0 OK
r-release-windows-ix86+x86_64 0.6-0 5.00 37.00 42.00 NOTE
r-oldrel-windows-ix86+x86_64 0.6-0 5.00 40.00 45.00 NOTE

Check Details

Version: 0.6-0
Check: dependencies in R code
Result: NOTE
    Package in Depends field not imported from: ‘MASS’
     These packages need to be imported from (in the NAMESPACE file)
     for when this namespace is loaded but not attached.
    See the information on DESCRIPTION files in the chapter ‘Creating R
    packages’ of the ‘Writing R Extensions’ manual.
Flavors: r-devel-linux-x86_64-debian-clang, r-devel-linux-x86_64-debian-gcc, r-devel-linux-x86_64-fedora-clang, r-devel-linux-x86_64-fedora-gcc, r-devel-osx-x86_64-clang, r-devel-windows-ix86+x86_64, r-patched-linux-x86_64, r-patched-solaris-sparc, r-patched-solaris-x86, r-release-linux-ix86, r-release-linux-x86_64, r-release-osx-x86_64-mavericks, r-release-windows-ix86+x86_64, r-oldrel-windows-ix86+x86_64