CRAN Package Check Results for Package truncgof

Last updated on 2015-04-02 05:49:52.

Flavor Version Tinstall Tcheck Ttotal Status Flags
r-devel-linux-x86_64-debian-clang 0.6-0 0.98 15.80 16.78 NOTE
r-devel-linux-x86_64-debian-gcc 0.6-0 0.92 15.66 16.57 NOTE
r-devel-linux-x86_64-fedora-clang 0.6-0 32.49 NOTE
r-devel-linux-x86_64-fedora-gcc 0.6-0 30.16 NOTE
r-devel-osx-x86_64-clang 0.6-0 35.63 NOTE
r-prerel-windows-ix86+x86_64 0.6-0 5.00 37.00 42.00 NOTE
r-prerel-linux-x86_64 0.6-0 0.88 15.48 16.37 NOTE
r-prerel-solaris-sparc 0.6-0 211.90 NOTE
r-prerel-solaris-x86 0.6-0 41.70 NOTE
r-release-linux-x86_64 0.6-0 0.98 18.00 18.98 NOTE
r-release-osx-x86_64-mavericks 0.6-0 NOTE
r-release-osx-x86_64-snowleopard 0.6-0 OK
r-release-windows-ix86+x86_64 0.6-0 5.00 43.00 48.00 NOTE
r-oldrel-windows-ix86+x86_64 0.6-0 5.00 42.00 47.00 NOTE

Check Details

Version: 0.6-0
Check: DESCRIPTION meta-information
Result: NOTE
    Malformed Description field: should contain one or more complete sentences.
Flavors: r-devel-linux-x86_64-debian-clang, r-devel-linux-x86_64-debian-gcc, r-devel-linux-x86_64-fedora-clang, r-devel-linux-x86_64-fedora-gcc, r-devel-osx-x86_64-clang, r-prerel-windows-ix86+x86_64, r-prerel-linux-x86_64, r-prerel-solaris-sparc, r-prerel-solaris-x86

Version: 0.6-0
Check: dependencies in R code
Result: NOTE
    Package in Depends field not imported from: ‘MASS’
     These packages need to be imported from (in the NAMESPACE file)
     for when this namespace is loaded but not attached.
Flavors: r-devel-linux-x86_64-debian-clang, r-devel-linux-x86_64-debian-gcc, r-devel-linux-x86_64-fedora-clang, r-devel-linux-x86_64-fedora-gcc, r-devel-osx-x86_64-clang, r-prerel-windows-ix86+x86_64, r-prerel-linux-x86_64, r-prerel-solaris-sparc, r-prerel-solaris-x86, r-release-linux-x86_64, r-release-windows-ix86+x86_64

Version: 0.6-0
Check: dependencies in R code
Result: NOTE
    Package in Depends field not imported from: ‘MASS’
     These packages need to be imported from (in the NAMESPACE file)
     for when this namespace is loaded but not attached.
    See the information on DESCRIPTION files in the chapter ‘Creating R
    packages’ of the ‘Writing R Extensions’ manual.
Flavors: r-release-osx-x86_64-mavericks, r-oldrel-windows-ix86+x86_64