CRAN Package Check Results for Package truncgof

Last updated on 2015-07-05 03:47:51.

Flavor Version Tinstall Tcheck Ttotal Status Flags
r-devel-linux-x86_64-debian-clang 0.6-0 0.91 15.86 16.77 NOTE
r-devel-linux-x86_64-debian-gcc 0.6-0 0.88 15.90 16.78 NOTE
r-devel-linux-x86_64-fedora-clang 0.6-0 31.09 NOTE
r-devel-linux-x86_64-fedora-gcc 0.6-0 29.18 NOTE
r-devel-osx-x86_64-clang 0.6-0 27.00 NOTE
r-devel-windows-ix86+x86_64 0.6-0 6.00 39.00 45.00 NOTE
r-patched-linux-x86_64 0.6-0 0.91 16.66 17.57 NOTE
r-patched-solaris-sparc 0.6-0 204.00 NOTE
r-patched-solaris-x86 0.6-0 42.30 NOTE
r-release-linux-x86_64 0.6-0 0.87 16.33 17.20 NOTE
r-release-osx-x86_64-mavericks 0.6-0 NOTE
r-release-windows-ix86+x86_64 0.6-0 7.00 40.00 47.00 NOTE
r-oldrel-windows-ix86+x86_64 0.6-0 9.00 65.00 74.00 NOTE

Check Details

Version: 0.6-0
Check: DESCRIPTION meta-information
Result: NOTE
    Malformed Description field: should contain one or more complete sentences.
Flavors: r-devel-linux-x86_64-debian-clang, r-devel-linux-x86_64-debian-gcc, r-devel-linux-x86_64-fedora-clang, r-devel-linux-x86_64-fedora-gcc, r-devel-osx-x86_64-clang, r-devel-windows-ix86+x86_64, r-patched-linux-x86_64, r-patched-solaris-sparc, r-patched-solaris-x86, r-release-linux-x86_64, r-release-osx-x86_64-mavericks, r-release-windows-ix86+x86_64

Version: 0.6-0
Check: dependencies in R code
Result: NOTE
    Package in Depends field not imported from: ‘MASS’
     These packages need to be imported from (in the NAMESPACE file)
     for when this namespace is loaded but not attached.
Flavors: r-devel-linux-x86_64-debian-clang, r-devel-linux-x86_64-debian-gcc, r-devel-linux-x86_64-fedora-clang, r-devel-linux-x86_64-fedora-gcc, r-devel-osx-x86_64-clang, r-devel-windows-ix86+x86_64, r-patched-linux-x86_64, r-patched-solaris-sparc, r-patched-solaris-x86, r-release-linux-x86_64, r-release-osx-x86_64-mavericks, r-release-windows-ix86+x86_64, r-oldrel-windows-ix86+x86_64

Version: 0.6-0
Check: R code for possible problems
Result: NOTE
    cdens: no visible global function definition for ‘head’
    dplot: no visible global function definition for ‘knots’
    dplot: no visible global function definition for ‘median’
    dplot: no visible global function definition for ‘par’
    dplot: no visible global function definition for ‘plot.stepfun’
    dplot: no visible global function definition for ‘abline’
    edf: no visible global function definition for ‘approxfun’
    mctest : rdist: no visible global function definition for ‘runif’
    mctest : S: no visible global function definition for ‘optim’
    qplot: no visible global function definition for ‘plot’
    qplot: no visible global function definition for ‘abline’
    Undefined global functions or variables:
     abline approxfun head knots median optim par plot plot.stepfun runif
Flavors: r-devel-linux-x86_64-debian-clang, r-devel-linux-x86_64-debian-gcc, r-devel-linux-x86_64-fedora-clang, r-devel-linux-x86_64-fedora-gcc, r-devel-windows-ix86+x86_64