CRAN Package Check Results for Package truncgof

Last updated on 2015-02-02 01:48:02.

Flavor Version Tinstall Tcheck Ttotal Status Flags
r-devel-linux-x86_64-debian-clang 0.6-0 0.96 16.05 17.01 NOTE
r-devel-linux-x86_64-debian-gcc 0.6-0 0.88 15.78 16.67 NOTE
r-devel-linux-x86_64-fedora-clang 0.6-0 32.92 NOTE
r-devel-linux-x86_64-fedora-gcc 0.6-0 30.04 NOTE
r-devel-osx-x86_64-clang 0.6-0 38.95 NOTE
r-devel-windows-ix86+x86_64 0.6-0 9.00 34.00 43.00 NOTE
r-patched-linux-x86_64 0.6-0 1.02 17.30 18.32 NOTE
r-patched-solaris-sparc 0.6-0 205.60 NOTE
r-patched-solaris-x86 0.6-0 46.80 NOTE
r-release-linux-ix86 0.6-0 1.40 24.01 25.42 NOTE
r-release-linux-x86_64 0.6-0 0.99 17.32 18.32 NOTE
r-release-osx-x86_64-mavericks 0.6-0 NOTE
r-release-osx-x86_64-snowleopard 0.6-0 OK
r-release-windows-ix86+x86_64 0.6-0 6.00 41.00 47.00 NOTE
r-oldrel-windows-ix86+x86_64 0.6-0 5.00 42.00 47.00 NOTE

Check Details

Version: 0.6-0
Check: dependencies in R code
Result: NOTE
    Package in Depends field not imported from: ‘MASS’
     These packages need to be imported from (in the NAMESPACE file)
     for when this namespace is loaded but not attached.
Flavors: r-devel-linux-x86_64-debian-clang, r-devel-linux-x86_64-debian-gcc, r-devel-linux-x86_64-fedora-clang, r-devel-linux-x86_64-fedora-gcc, r-devel-osx-x86_64-clang, r-devel-windows-ix86+x86_64

Version: 0.6-0
Check: dependencies in R code
Result: NOTE
    Package in Depends field not imported from: ‘MASS’
     These packages need to be imported from (in the NAMESPACE file)
     for when this namespace is loaded but not attached.
    See the information on DESCRIPTION files in the chapter ‘Creating R
    packages’ of the ‘Writing R Extensions’ manual.
Flavors: r-patched-linux-x86_64, r-patched-solaris-sparc, r-patched-solaris-x86, r-release-linux-ix86, r-release-linux-x86_64, r-release-osx-x86_64-mavericks, r-release-windows-ix86+x86_64, r-oldrel-windows-ix86+x86_64