CRAN Package Check Results for Package truncgof

Last updated on 2015-05-26 06:47:13.

Flavor Version Tinstall Tcheck Ttotal Status Flags
r-devel-linux-x86_64-debian-clang 0.6-0 1.00 16.00 17.01 NOTE
r-devel-linux-x86_64-debian-gcc 0.6-0 0.88 16.31 17.20 NOTE
r-devel-linux-x86_64-fedora-clang 0.6-0 32.13 NOTE
r-devel-linux-x86_64-fedora-gcc 0.6-0 30.66 NOTE
r-devel-osx-x86_64-clang 0.6-0 32.91 NOTE
r-devel-windows-ix86+x86_64 0.6-0 6.00 37.00 43.00 NOTE
r-patched-linux-x86_64 0.6-0 0.87 15.51 16.38 NOTE
r-patched-solaris-sparc 0.6-0 204.00 NOTE
r-patched-solaris-x86 0.6-0 42.20 NOTE
r-release-linux-x86_64 0.6-0 0.98 15.85 16.82 NOTE
r-release-osx-x86_64-mavericks 0.6-0 NOTE
r-release-osx-x86_64-snowleopard 0.6-0 NOTE
r-release-windows-ix86+x86_64 0.6-0 6.00 37.00 43.00 NOTE
r-oldrel-windows-ix86+x86_64 0.6-0 5.00 63.00 68.00 NOTE

Check Details

Version: 0.6-0
Check: DESCRIPTION meta-information
Result: NOTE
    Malformed Description field: should contain one or more complete sentences.
Flavors: r-devel-linux-x86_64-debian-clang, r-devel-linux-x86_64-debian-gcc, r-devel-linux-x86_64-fedora-clang, r-devel-linux-x86_64-fedora-gcc, r-devel-osx-x86_64-clang, r-devel-windows-ix86+x86_64, r-patched-linux-x86_64, r-patched-solaris-sparc, r-patched-solaris-x86, r-release-linux-x86_64, r-release-osx-x86_64-mavericks, r-release-osx-x86_64-snowleopard, r-release-windows-ix86+x86_64

Version: 0.6-0
Check: dependencies in R code
Result: NOTE
    Package in Depends field not imported from: ‘MASS’
     These packages need to be imported from (in the NAMESPACE file)
     for when this namespace is loaded but not attached.
Flavors: r-devel-linux-x86_64-debian-clang, r-devel-linux-x86_64-debian-gcc, r-devel-linux-x86_64-fedora-clang, r-devel-linux-x86_64-fedora-gcc, r-devel-osx-x86_64-clang, r-devel-windows-ix86+x86_64, r-patched-linux-x86_64, r-patched-solaris-sparc, r-patched-solaris-x86, r-release-linux-x86_64, r-release-osx-x86_64-mavericks, r-release-osx-x86_64-snowleopard, r-release-windows-ix86+x86_64, r-oldrel-windows-ix86+x86_64