CRAN Package Check Results for Package truncgof

Last updated on 2015-08-30 12:47:35.

Flavor Version Tinstall Tcheck Ttotal Status Flags
r-devel-linux-x86_64-debian-clang 0.6-0 0.84 15.95 16.78 NOTE
r-devel-linux-x86_64-debian-gcc 0.6-0 0.84 15.36 16.20 NOTE
r-devel-linux-x86_64-fedora-clang 0.6-0 31.02 NOTE
r-devel-linux-x86_64-fedora-gcc 0.6-0 29.15 NOTE
r-devel-osx-x86_64-clang 0.6-0 26.55 NOTE
r-devel-windows-ix86+x86_64 0.6-0 9.00 43.00 52.00 NOTE
r-patched-linux-x86_64 0.6-0 0.91 15.93 16.84 NOTE
r-patched-solaris-sparc 0.6-0 212.20 NOTE
r-patched-solaris-x86 0.6-0 43.20 NOTE
r-release-linux-x86_64 0.6-0 0.88 15.87 16.74 NOTE
r-release-osx-x86_64-mavericks 0.6-0 NOTE
r-release-windows-ix86+x86_64 0.6-0 7.00 61.00 68.00 NOTE
r-oldrel-windows-ix86+x86_64 0.6-0 8.00 45.00 53.00 NOTE

Check Details

Version: 0.6-0
Check: DESCRIPTION meta-information
Result: NOTE
    Malformed Description field: should contain one or more complete sentences.
Flavors: r-devel-linux-x86_64-debian-clang, r-devel-linux-x86_64-debian-gcc, r-devel-linux-x86_64-fedora-clang, r-devel-linux-x86_64-fedora-gcc, r-devel-osx-x86_64-clang, r-devel-windows-ix86+x86_64, r-patched-linux-x86_64, r-patched-solaris-sparc, r-patched-solaris-x86, r-release-linux-x86_64, r-release-osx-x86_64-mavericks, r-release-windows-ix86+x86_64

Version: 0.6-0
Check: dependencies in R code
Result: NOTE
    Package in Depends field not imported from: ‘MASS’
     These packages need to be imported from (in the NAMESPACE file)
     for when this namespace is loaded but not attached.
Flavors: r-devel-linux-x86_64-debian-clang, r-devel-linux-x86_64-debian-gcc, r-devel-linux-x86_64-fedora-clang, r-devel-linux-x86_64-fedora-gcc, r-devel-osx-x86_64-clang, r-devel-windows-ix86+x86_64, r-patched-linux-x86_64, r-patched-solaris-sparc, r-patched-solaris-x86, r-release-linux-x86_64, r-release-osx-x86_64-mavericks, r-release-windows-ix86+x86_64, r-oldrel-windows-ix86+x86_64

Version: 0.6-0
Check: R code for possible problems
Result: NOTE
    cdens: no visible global function definition for ‘head’
    dplot: no visible global function definition for ‘knots’
    dplot: no visible global function definition for ‘median’
    dplot: no visible global function definition for ‘par’
    dplot: no visible global function definition for ‘plot.stepfun’
    dplot: no visible global function definition for ‘abline’
    edf: no visible global function definition for ‘approxfun’
    mctest : rdist: no visible global function definition for ‘runif’
    mctest : S: no visible global function definition for ‘optim’
    qplot: no visible global function definition for ‘plot’
    qplot: no visible global function definition for ‘abline’
    Undefined global functions or variables:
     abline approxfun head knots median optim par plot plot.stepfun runif
    Consider adding
     importFrom("graphics", "abline", "par", "plot")
     importFrom("stats", "approxfun", "knots", "median", "optim",
     "plot.stepfun", "runif")
     importFrom("utils", "head")
    to your NAMESPACE.
Flavors: r-devel-linux-x86_64-debian-clang, r-devel-linux-x86_64-debian-gcc, r-devel-linux-x86_64-fedora-clang, r-devel-linux-x86_64-fedora-gcc, r-devel-windows-ix86+x86_64