CRAN Package Check Results for Package truncgof

Last updated on 2016-08-29 14:47:55.

Flavor Version Tinstall Tcheck Ttotal Status Flags
r-devel-linux-x86_64-debian-clang 0.6-0 0.94 295.45 296.39 NOTE
r-devel-linux-x86_64-debian-gcc 0.6-0 0.86 17.10 17.96 NOTE
r-devel-linux-x86_64-fedora-clang 0.6-0 31.16 NOTE
r-devel-linux-x86_64-fedora-gcc 0.6-0 29.12 NOTE
r-devel-osx-x86_64-clang 0.6-0 25.29 NOTE
r-devel-windows-ix86+x86_64 0.6-0 10.00 46.00 56.00 NOTE
r-patched-linux-x86_64 0.6-0 0.91 16.75 17.66 NOTE
r-patched-solaris-sparc 0.6-0 193.20 NOTE
r-patched-solaris-x86 0.6-0 38.70 NOTE
r-release-linux-x86_64 0.6-0 0.92 17.11 18.02 NOTE
r-release-osx-x86_64-mavericks 0.6-0 NOTE
r-release-windows-ix86+x86_64 0.6-0 16.00 62.00 78.00 NOTE
r-oldrel-windows-ix86+x86_64 0.6-0 8.00 58.00 66.00 NOTE

Check Details

Version: 0.6-0
Check: DESCRIPTION meta-information
Result: NOTE
    Malformed Description field: should contain one or more complete sentences.
Flavors: r-devel-linux-x86_64-debian-clang, r-devel-linux-x86_64-debian-gcc, r-devel-linux-x86_64-fedora-clang, r-devel-linux-x86_64-fedora-gcc, r-devel-osx-x86_64-clang, r-devel-windows-ix86+x86_64, r-patched-linux-x86_64, r-patched-solaris-sparc, r-patched-solaris-x86, r-release-linux-x86_64, r-release-osx-x86_64-mavericks, r-release-windows-ix86+x86_64, r-oldrel-windows-ix86+x86_64

Version: 0.6-0
Check: dependencies in R code
Result: NOTE
    Package in Depends field not imported from: ‘MASS’
     These packages need to be imported from (in the NAMESPACE file)
     for when this namespace is loaded but not attached.
Flavors: r-devel-linux-x86_64-debian-clang, r-devel-linux-x86_64-debian-gcc, r-devel-linux-x86_64-fedora-clang, r-devel-linux-x86_64-fedora-gcc, r-devel-osx-x86_64-clang, r-devel-windows-ix86+x86_64, r-patched-linux-x86_64, r-patched-solaris-sparc, r-patched-solaris-x86, r-release-linux-x86_64, r-release-osx-x86_64-mavericks, r-release-windows-ix86+x86_64, r-oldrel-windows-ix86+x86_64

Version: 0.6-0
Check: R code for possible problems
Result: NOTE
    cdens: no visible global function definition for ‘head’
    dplot: no visible global function definition for ‘knots’
    dplot: no visible global function definition for ‘median’
    dplot: no visible global function definition for ‘par’
    dplot: no visible global function definition for ‘plot.stepfun’
    dplot: no visible global function definition for ‘abline’
    edf: no visible global function definition for ‘approxfun’
    mctest : rdist: no visible global function definition for ‘runif’
    mctest : S: no visible global function definition for ‘optim’
    qplot: no visible global function definition for ‘plot’
    qplot: no visible global function definition for ‘abline’
    Undefined global functions or variables:
     abline approxfun head knots median optim par plot plot.stepfun runif
    Consider adding
     importFrom("graphics", "abline", "par", "plot")
     importFrom("stats", "approxfun", "knots", "median", "optim",
     "plot.stepfun", "runif")
     importFrom("utils", "head")
    to your NAMESPACE file.
Flavors: r-devel-linux-x86_64-debian-clang, r-devel-linux-x86_64-debian-gcc, r-devel-linux-x86_64-fedora-clang, r-devel-linux-x86_64-fedora-gcc, r-devel-osx-x86_64-clang, r-devel-windows-ix86+x86_64, r-patched-linux-x86_64, r-patched-solaris-sparc, r-patched-solaris-x86, r-release-linux-x86_64, r-release-osx-x86_64-mavericks, r-release-windows-ix86+x86_64