CRAN Package Check Results for Package truncgof

Last updated on 2014-12-18 10:49:10.

Flavor Version Tinstall Tcheck Ttotal Status Flags
r-devel-linux-x86_64-debian-clang 0.6-0 1.02 17.06 18.08 NOTE
r-devel-linux-x86_64-debian-gcc 0.6-0 0.94 16.68 17.61 NOTE
r-devel-linux-x86_64-fedora-clang 0.6-0 37.22 NOTE
r-devel-linux-x86_64-fedora-gcc 0.6-0 34.26 NOTE
r-devel-osx-x86_64-clang 0.6-0 34.59 NOTE
r-devel-windows-ix86+x86_64 0.6-0 5.00 37.00 42.00 NOTE
r-patched-linux-x86_64 0.6-0 1.08 17.90 18.99 NOTE
r-patched-solaris-sparc 0.6-0 207.50 NOTE
r-patched-solaris-x86 0.6-0 47.00 NOTE
r-release-linux-ix86 0.6-0 1.39 23.44 24.83 NOTE
r-release-linux-x86_64 0.6-0 1.00 17.70 18.70 NOTE
r-release-osx-x86_64-mavericks 0.6-0 NOTE
r-release-osx-x86_64-snowleopard 0.6-0 OK
r-release-windows-ix86+x86_64 0.6-0 5.00 39.00 44.00 NOTE
r-oldrel-windows-ix86+x86_64 0.6-0 5.00 43.00 48.00 NOTE

Check Details

Version: 0.6-0
Check: dependencies in R code
Result: NOTE
    Package in Depends field not imported from: ‘MASS’
     These packages need to be imported from (in the NAMESPACE file)
     for when this namespace is loaded but not attached.
    See the information on DESCRIPTION files in the chapter ‘Creating R
    packages’ of the ‘Writing R Extensions’ manual.
Flavors: r-devel-linux-x86_64-debian-clang, r-devel-linux-x86_64-debian-gcc, r-devel-linux-x86_64-fedora-clang, r-devel-linux-x86_64-fedora-gcc, r-devel-osx-x86_64-clang, r-devel-windows-ix86+x86_64, r-patched-linux-x86_64, r-patched-solaris-sparc, r-patched-solaris-x86, r-release-linux-ix86, r-release-linux-x86_64, r-release-osx-x86_64-mavericks, r-release-windows-ix86+x86_64, r-oldrel-windows-ix86+x86_64