CRAN Package Check Results for Package truncgof

Last updated on 2014-10-02 11:48:20.

Flavor Version Tinstall Tcheck Ttotal Status Flags
r-devel-linux-x86_64-debian-clang 0.6-0 0.98 17.16 18.14 NOTE
r-devel-linux-x86_64-debian-gcc 0.6-0 0.92 16.95 17.88 NOTE
r-devel-linux-x86_64-fedora-clang 0.6-0 35.38 NOTE
r-devel-linux-x86_64-fedora-gcc 0.6-0 32.52 NOTE
r-devel-osx-x86_64-clang 0.6-0 33.21 NOTE
r-devel-windows-ix86+x86_64 0.6-0 5.00 35.00 40.00 NOTE
r-patched-linux-x86_64 0.6-0 1.16 17.32 18.48 NOTE
r-patched-solaris-sparc 0.6-0 207.50 NOTE
r-patched-solaris-x86 0.6-0 46.90 NOTE
r-release-linux-ix86 0.6-0 1.43 25.33 26.76 NOTE
r-release-linux-x86_64 0.6-0 0.96 17.41 18.37 NOTE
r-release-osx-x86_64-mavericks 0.6-0 NOTE
r-release-osx-x86_64-snowleopard 0.6-0 OK
r-release-windows-ix86+x86_64 0.6-0 5.00 41.00 46.00 NOTE
r-oldrel-windows-ix86+x86_64 0.6-0 6.00 37.00 43.00 NOTE

Check Details

Version: 0.6-0
Check: dependencies in R code
Result: NOTE
    Package in Depends field not imported from: ‘MASS’
     These packages need to be imported from (in the NAMESPACE file)
     for when this namespace is loaded but not attached.
    See the information on DESCRIPTION files in the chapter ‘Creating R
    packages’ of the ‘Writing R Extensions’ manual.
Flavors: r-devel-linux-x86_64-debian-clang, r-devel-linux-x86_64-debian-gcc, r-devel-linux-x86_64-fedora-clang, r-devel-linux-x86_64-fedora-gcc, r-devel-osx-x86_64-clang, r-devel-windows-ix86+x86_64, r-patched-linux-x86_64, r-patched-solaris-sparc, r-patched-solaris-x86, r-release-linux-ix86, r-release-linux-x86_64, r-release-osx-x86_64-mavericks, r-release-windows-ix86+x86_64, r-oldrel-windows-ix86+x86_64