CRAN Package Check Results for Package truncgof

Last updated on 2014-07-23 17:49:06.

Flavor Version Tinstall Tcheck Ttotal Status Flags
r-devel-linux-x86_64-debian-clang 0.6-0 0.92 16.86 17.78 NOTE
r-devel-linux-x86_64-debian-gcc 0.6-0 0.90 16.61 17.51 NOTE
r-devel-linux-x86_64-fedora-clang 0.6-0 35.65 NOTE
r-devel-linux-x86_64-fedora-gcc 0.6-0 33.65 NOTE
r-devel-osx-x86_64-clang 0.6-0 34.08 NOTE
r-devel-windows-ix86+x86_64 0.6-0 5.00 40.00 45.00 NOTE
r-patched-linux-x86_64 0.6-0 0.92 16.90 17.81 NOTE
r-patched-solaris-sparc 0.6-0 253.10 NOTE
r-patched-solaris-x86 0.6-0 44.80 NOTE
r-release-linux-ix86 0.6-0 1.40 24.24 25.64 NOTE
r-release-linux-x86_64 0.6-0 1.00 17.14 18.14 NOTE
r-release-osx-x86_64-mavericks 0.6-0 NOTE
r-release-osx-x86_64-snowleopard 0.6-0 OK
r-release-windows-ix86+x86_64 0.6-0 5.00 39.00 44.00 NOTE
r-oldrel-windows-ix86+x86_64 0.6-0 5.00 40.00 45.00 NOTE

Check Details

Version: 0.6-0
Check: dependencies in R code
Result: NOTE
    Package in Depends field not imported from: ‘MASS’
     These packages need to be imported from (in the NAMESPACE file)
     for when this namespace is loaded but not attached.
    See the information on DESCRIPTION files in the chapter ‘Creating R
    packages’ of the ‘Writing R Extensions’ manual.
Flavors: r-devel-linux-x86_64-debian-clang, r-devel-linux-x86_64-debian-gcc, r-devel-linux-x86_64-fedora-clang, r-devel-linux-x86_64-fedora-gcc, r-devel-osx-x86_64-clang, r-devel-windows-ix86+x86_64, r-patched-linux-x86_64, r-patched-solaris-sparc, r-patched-solaris-x86, r-release-linux-ix86, r-release-linux-x86_64, r-release-osx-x86_64-mavericks, r-release-windows-ix86+x86_64, r-oldrel-windows-ix86+x86_64