CRAN Package Check Results for Package truncgof

Last updated on 2015-03-02 19:52:31.

Flavor Version Tinstall Tcheck Ttotal Status Flags
r-devel-linux-x86_64-debian-clang 0.6-0 0.92 16.06 16.98 NOTE
r-devel-linux-x86_64-debian-gcc 0.6-0 0.92 15.63 16.55 NOTE
r-devel-linux-x86_64-fedora-clang 0.6-0 32.91 NOTE
r-devel-linux-x86_64-fedora-gcc 0.6-0 31.52 NOTE
r-devel-osx-x86_64-clang 0.6-0 33.24 NOTE
r-devel-windows-ix86+x86_64 0.6-0 12.00 50.00 62.00 NOTE
r-patched-linux-x86_64 0.6-0 1.08 18.14 19.21 NOTE
r-patched-solaris-sparc 0.6-0 205.60 NOTE
r-patched-solaris-x86 0.6-0 46.80 NOTE
r-release-linux-ix86 0.6-0 1.50 24.22 25.72 NOTE
r-release-linux-x86_64 0.6-0 1.00 18.01 19.01 NOTE
r-release-osx-x86_64-mavericks 0.6-0 NOTE
r-release-osx-x86_64-snowleopard 0.6-0 OK
r-release-windows-ix86+x86_64 0.6-0 11.00 43.00 54.00 NOTE
r-oldrel-windows-ix86+x86_64 0.6-0 6.00 42.00 48.00 NOTE

Check Details

Version: 0.6-0
Check: DESCRIPTION meta-information
Result: NOTE
    Malformed Description field: should contain one or more complete sentences.
Flavors: r-devel-linux-x86_64-debian-clang, r-devel-linux-x86_64-debian-gcc, r-devel-linux-x86_64-fedora-clang, r-devel-linux-x86_64-fedora-gcc, r-devel-osx-x86_64-clang, r-devel-windows-ix86+x86_64

Version: 0.6-0
Check: dependencies in R code
Result: NOTE
    Package in Depends field not imported from: ‘MASS’
     These packages need to be imported from (in the NAMESPACE file)
     for when this namespace is loaded but not attached.
Flavors: r-devel-linux-x86_64-debian-clang, r-devel-linux-x86_64-debian-gcc, r-devel-linux-x86_64-fedora-clang, r-devel-linux-x86_64-fedora-gcc, r-devel-osx-x86_64-clang, r-devel-windows-ix86+x86_64, r-patched-linux-x86_64, r-patched-solaris-x86

Version: 0.6-0
Check: dependencies in R code
Result: NOTE
    Package in Depends field not imported from: ‘MASS’
     These packages need to be imported from (in the NAMESPACE file)
     for when this namespace is loaded but not attached.
    See the information on DESCRIPTION files in the chapter ‘Creating R
    packages’ of the ‘Writing R Extensions’ manual.
Flavors: r-patched-solaris-sparc, r-release-linux-ix86, r-release-linux-x86_64, r-release-osx-x86_64-mavericks, r-release-windows-ix86+x86_64, r-oldrel-windows-ix86+x86_64