CRAN Package Check Results for Package truncgof

Last updated on 2014-08-28 06:46:58.

Flavor Version Tinstall Tcheck Ttotal Status Flags
r-devel-linux-x86_64-debian-clang 0.6-0 0.92 16.29 17.22 NOTE
r-devel-linux-x86_64-debian-gcc 0.6-0 0.88 17.09 17.97 NOTE
r-devel-linux-x86_64-fedora-clang 0.6-0 33.68 NOTE
r-devel-linux-x86_64-fedora-gcc 0.6-0 32.16 NOTE
r-devel-osx-x86_64-clang 0.6-0 32.32 NOTE
r-devel-windows-ix86+x86_64 0.6-0 5.00 39.00 44.00 NOTE
r-patched-linux-x86_64 0.6-0 1.00 16.93 17.94 NOTE
r-patched-solaris-sparc 0.6-0 207.50 NOTE
r-patched-solaris-x86 0.6-0 44.90 NOTE
r-release-linux-ix86 0.6-0 1.40 24.26 25.66 NOTE
r-release-linux-x86_64 0.6-0 1.00 16.99 17.99 NOTE
r-release-osx-x86_64-mavericks 0.6-0 NOTE
r-release-osx-x86_64-snowleopard 0.6-0 OK
r-release-windows-ix86+x86_64 0.6-0 5.00 40.00 45.00 NOTE
r-oldrel-windows-ix86+x86_64 0.6-0 5.00 40.00 45.00 NOTE

Check Details

Version: 0.6-0
Check: dependencies in R code
Result: NOTE
    Package in Depends field not imported from: ‘MASS’
     These packages need to be imported from (in the NAMESPACE file)
     for when this namespace is loaded but not attached.
    See the information on DESCRIPTION files in the chapter ‘Creating R
    packages’ of the ‘Writing R Extensions’ manual.
Flavors: r-devel-linux-x86_64-debian-clang, r-devel-linux-x86_64-debian-gcc, r-devel-linux-x86_64-fedora-clang, r-devel-linux-x86_64-fedora-gcc, r-devel-osx-x86_64-clang, r-devel-windows-ix86+x86_64, r-patched-linux-x86_64, r-patched-solaris-sparc, r-patched-solaris-x86, r-release-linux-ix86, r-release-linux-x86_64, r-release-osx-x86_64-mavericks, r-release-windows-ix86+x86_64, r-oldrel-windows-ix86+x86_64