CRAN Package Check Results for Package truncnorm

Last updated on 2015-05-27 02:47:27.

Flavor Version Tinstall Tcheck Ttotal Status Flags
r-devel-linux-x86_64-debian-clang 1.0-7 1.00 8.32 9.33 NOTE
r-devel-linux-x86_64-debian-gcc 1.0-7 1.14 8.76 9.90 NOTE
r-devel-linux-x86_64-fedora-clang 1.0-7 17.27 NOTE
r-devel-linux-x86_64-fedora-gcc 1.0-7 17.00 NOTE
r-devel-osx-x86_64-clang 1.0-7 22.03 NOTE
r-devel-windows-ix86+x86_64 1.0-7 7.00 19.00 26.00 NOTE
r-patched-linux-x86_64 1.0-7 1.10 8.27 9.37 NOTE
r-patched-solaris-sparc 1.0-7 119.90 NOTE
r-patched-solaris-x86 1.0-7 26.50 NOTE
r-release-linux-x86_64 1.0-7 1.10 8.23 9.33 NOTE
r-release-osx-x86_64-mavericks 1.0-7 NOTE
r-release-osx-x86_64-snowleopard 1.0-7 NOTE
r-release-windows-ix86+x86_64 1.0-7 5.00 19.00 24.00 NOTE
r-oldrel-windows-ix86+x86_64 1.0-7 11.00 19.00 30.00 OK

Check Details

Version: 1.0-7
Check: DESCRIPTION meta-information
Result: NOTE
    Malformed Description field: should contain one or more complete sentences.
Flavors: r-devel-linux-x86_64-debian-clang, r-devel-linux-x86_64-debian-gcc, r-devel-linux-x86_64-fedora-clang, r-devel-linux-x86_64-fedora-gcc, r-devel-osx-x86_64-clang, r-devel-windows-ix86+x86_64, r-patched-linux-x86_64, r-patched-solaris-sparc, r-patched-solaris-x86, r-release-linux-x86_64, r-release-osx-x86_64-mavericks, r-release-osx-x86_64-snowleopard, r-release-windows-ix86+x86_64