CRAN Package Check Results for Package truncnorm

Last updated on 2016-06-30 15:48:15.

Flavor Version Tinstall Tcheck Ttotal Status Flags
r-devel-linux-x86_64-debian-gcc 1.0-7 1.18 9.23 10.41 NOTE
r-devel-linux-x86_64-fedora-clang 1.0-7 15.17 NOTE
r-devel-linux-x86_64-fedora-gcc 1.0-7 15.16 NOTE
r-devel-osx-x86_64-clang 1.0-7 14.75 NOTE
r-devel-windows-ix86+x86_64 1.0-7 20.00 25.00 45.00 NOTE
r-patched-linux-x86_64 1.0-7 1.39 10.11 11.50 NOTE
r-patched-solaris-sparc 1.0-7 94.20 NOTE
r-patched-solaris-x86 1.0-7 21.70 NOTE
r-release-linux-x86_64 1.0-7 1.12 24.09 25.22 NOTE
r-release-osx-x86_64-mavericks 1.0-7 NOTE
r-release-windows-ix86+x86_64 1.0-7 11.00 35.00 46.00 NOTE
r-oldrel-windows-ix86+x86_64 1.0-7 9.00 28.00 37.00 NOTE

Check Details

Version: 1.0-7
Check: DESCRIPTION meta-information
Result: NOTE
    Malformed Description field: should contain one or more complete sentences.
Flavors: r-devel-linux-x86_64-debian-gcc, r-devel-linux-x86_64-fedora-clang, r-devel-linux-x86_64-fedora-gcc, r-devel-osx-x86_64-clang, r-devel-windows-ix86+x86_64, r-patched-linux-x86_64, r-patched-solaris-sparc, r-patched-solaris-x86, r-release-linux-x86_64, r-release-osx-x86_64-mavericks, r-release-windows-ix86+x86_64, r-oldrel-windows-ix86+x86_64