CRAN Package Check Results for Package truncnorm

Last updated on 2015-03-30 08:50:14.

Flavor Version Tinstall Tcheck Ttotal Status Flags
r-devel-linux-x86_64-debian-clang 1.0-7 1.01 8.73 9.74 NOTE
r-devel-linux-x86_64-debian-gcc 1.0-7 1.10 8.28 9.38 NOTE
r-devel-linux-x86_64-fedora-clang 1.0-7 18.12 NOTE
r-devel-linux-x86_64-fedora-gcc 1.0-7 16.76 NOTE
r-devel-osx-x86_64-clang 1.0-7 24.21 NOTE
r-prerel-windows-ix86+x86_64 1.0-7 10.00 19.00 29.00 NOTE
r-prerel-linux-x86_64 1.0-7 1.12 8.35 9.47 NOTE
r-prerel-solaris-sparc 1.0-7 123.10 NOTE
r-prerel-solaris-x86 1.0-7 26.10 NOTE
r-release-linux-x86_64 1.0-7 1.18 8.88 10.06 OK
r-release-osx-x86_64-mavericks 1.0-7 OK
r-release-osx-x86_64-snowleopard 1.0-7 OK
r-release-windows-ix86+x86_64 1.0-7 11.00 19.00 30.00 OK
r-oldrel-windows-ix86+x86_64 1.0-7 7.00 21.00 28.00 OK

Check Details

Version: 1.0-7
Check: DESCRIPTION meta-information
Result: NOTE
    Malformed Description field: should contain one or more complete sentences.
Flavors: r-devel-linux-x86_64-debian-clang, r-devel-linux-x86_64-debian-gcc, r-devel-linux-x86_64-fedora-clang, r-devel-linux-x86_64-fedora-gcc, r-devel-osx-x86_64-clang, r-prerel-windows-ix86+x86_64, r-prerel-linux-x86_64, r-prerel-solaris-sparc, r-prerel-solaris-x86