CRAN Package Check Results for Package truncnorm

Last updated on 2015-02-26 23:48:00.

Flavor Version Tinstall Tcheck Ttotal Status Flags
r-devel-linux-x86_64-debian-clang 1.0-7 1.00 8.32 9.32 NOTE
r-devel-linux-x86_64-debian-gcc 1.0-7 1.07 8.26 9.33 NOTE
r-devel-linux-x86_64-fedora-clang 1.0-7 18.37 NOTE
r-devel-linux-x86_64-fedora-gcc 1.0-7 17.18 NOTE
r-devel-osx-x86_64-clang 1.0-7 21.60 NOTE
r-devel-windows-ix86+x86_64 1.0-7 12.00 20.00 32.00 NOTE
r-patched-linux-x86_64 1.0-7 1.13 9.16 10.29 OK
r-patched-solaris-sparc 1.0-7 113.10 OK
r-patched-solaris-x86 1.0-7 30.10 OK
r-release-linux-ix86 1.0-7 1.81 14.72 16.53 OK
r-release-linux-x86_64 1.0-7 1.16 0.25 1.41 OK
r-release-osx-x86_64-mavericks 1.0-7 OK
r-release-osx-x86_64-snowleopard 1.0-7 OK
r-release-windows-ix86+x86_64 1.0-7 7.00 23.00 30.00 OK
r-oldrel-windows-ix86+x86_64 1.0-7 7.00 21.00 28.00 OK

Check Details

Version: 1.0-7
Check: DESCRIPTION meta-information
Result: NOTE
    Malformed Description field: should contain one or more complete sentences.
Flavors: r-devel-linux-x86_64-debian-clang, r-devel-linux-x86_64-debian-gcc, r-devel-linux-x86_64-fedora-clang, r-devel-linux-x86_64-fedora-gcc, r-devel-osx-x86_64-clang, r-devel-windows-ix86+x86_64