CRAN Package Check Results for Package truncnorm

Last updated on 2015-07-31 08:50:21.

Flavor Version Tinstall Tcheck Ttotal Status Flags
r-devel-linux-x86_64-debian-clang 1.0-7 0.97 10.34 11.31 NOTE
r-devel-linux-x86_64-debian-gcc 1.0-7 1.55 7.74 9.30 NOTE
r-devel-linux-x86_64-fedora-clang 1.0-7 16.57 NOTE
r-devel-linux-x86_64-fedora-gcc 1.0-7 15.49 NOTE
r-devel-osx-x86_64-clang 1.0-7 18.21 NOTE
r-devel-windows-ix86+x86_64 1.0-7 14.00 17.00 31.00 NOTE
r-patched-linux-x86_64 1.0-7 1.09 8.42 9.51 NOTE
r-patched-solaris-sparc 1.0-7 120.20 NOTE
r-patched-solaris-x86 1.0-7 27.40 NOTE
r-release-linux-x86_64 1.0-7 1.13 8.47 9.60 NOTE
r-release-osx-x86_64-mavericks 1.0-7 NOTE
r-release-windows-ix86+x86_64 1.0-7 7.00 19.00 26.00 NOTE
r-oldrel-windows-ix86+x86_64 1.0-7 11.00 19.00 30.00 OK

Check Details

Version: 1.0-7
Check: DESCRIPTION meta-information
Result: NOTE
    Malformed Description field: should contain one or more complete sentences.
Flavors: r-devel-linux-x86_64-debian-clang, r-devel-linux-x86_64-debian-gcc, r-devel-linux-x86_64-fedora-clang, r-devel-linux-x86_64-fedora-gcc, r-devel-osx-x86_64-clang, r-devel-windows-ix86+x86_64, r-patched-linux-x86_64, r-patched-solaris-sparc, r-patched-solaris-x86, r-release-linux-x86_64, r-release-osx-x86_64-mavericks, r-release-windows-ix86+x86_64