CRAN Package Check Results for Package truncnorm

Last updated on 2016-12-04 23:48:22.

Flavor Version Tinstall Tcheck Ttotal Status Flags
r-devel-linux-x86_64-debian-clang 1.0-7 1.33 10.28 11.61 NOTE
r-devel-linux-x86_64-debian-gcc 1.0-7 1.35 9.96 11.31 NOTE
r-devel-linux-x86_64-fedora-clang 1.0-7 18.88 NOTE --no-stop-on-test-error
r-devel-linux-x86_64-fedora-gcc 1.0-7 17.86 NOTE --no-stop-on-test-error
r-devel-macos-x86_64-clang 1.0-7 16.88 NOTE
r-devel-windows-ix86+x86_64 1.0-7 14.00 26.00 40.00 NOTE
r-patched-linux-x86_64 1.0-7 1.12 8.65 9.77 NOTE
r-patched-solaris-sparc 1.0-7 94.20 NOTE
r-patched-solaris-x86 1.0-7 21.50 NOTE
r-release-linux-x86_64 1.0-7 1.11 8.69 9.80 NOTE
r-release-osx-x86_64-mavericks 1.0-7 NOTE
r-release-windows-ix86+x86_64 1.0-7 24.00 25.00 49.00 NOTE
r-oldrel-windows-ix86+x86_64 1.0-7 35.00 36.00 71.00 NOTE

Check Details

Version: 1.0-7
Check: DESCRIPTION meta-information
Result: NOTE
    Malformed Description field: should contain one or more complete sentences.
Flavors: r-devel-linux-x86_64-debian-clang, r-devel-linux-x86_64-debian-gcc, r-devel-macos-x86_64-clang, r-devel-windows-ix86+x86_64, r-patched-linux-x86_64, r-patched-solaris-sparc, r-patched-solaris-x86, r-release-linux-x86_64, r-release-osx-x86_64-mavericks, r-release-windows-ix86+x86_64, r-oldrel-windows-ix86+x86_64

Version: 1.0-7
Flags: --no-stop-on-test-error
Check: DESCRIPTION meta-information
Result: NOTE
    Malformed Description field: should contain one or more complete sentences.
Flavors: r-devel-linux-x86_64-fedora-clang, r-devel-linux-x86_64-fedora-gcc