CRAN Package Check Results for Package truncnorm

Last updated on 2015-04-25 22:46:59.

Flavor Version Tinstall Tcheck Ttotal Status Flags
r-devel-linux-x86_64-debian-clang 1.0-7 1.02 8.25 9.26 NOTE
r-devel-linux-x86_64-debian-gcc 1.0-7 1.10 8.21 9.32 NOTE
r-devel-linux-x86_64-fedora-clang 1.0-7 17.64 NOTE
r-devel-linux-x86_64-fedora-gcc 1.0-7 16.73 NOTE
r-devel-osx-x86_64-clang 1.0-7 21.78 NOTE
r-devel-windows-ix86+x86_64 1.0-7 6.00 16.00 22.00 NOTE
r-patched-linux-x86_64 1.0-7 1.07 8.16 9.23 NOTE
r-patched-solaris-sparc 1.0-7 123.10 NOTE
r-patched-solaris-x86 1.0-7 26.30 NOTE
r-release-linux-x86_64 1.0-7 1.08 8.34 9.42 NOTE
r-release-osx-x86_64-mavericks 1.0-7 NOTE
r-release-osx-x86_64-snowleopard 1.0-7 NOTE
r-release-windows-ix86+x86_64 1.0-7 5.00 19.00 24.00 NOTE
r-oldrel-windows-ix86+x86_64 1.0-7 11.00 19.00 30.00 OK

Check Details

Version: 1.0-7
Check: DESCRIPTION meta-information
Result: NOTE
    Malformed Description field: should contain one or more complete sentences.
Flavors: r-devel-windows-ix86+x86_64, r-release-windows-ix86+x86_64