CRAN Package Check Results for Package truncnorm

Last updated on 2016-05-31 17:51:54.

Flavor Version Tinstall Tcheck Ttotal Status Flags
r-devel-linux-x86_64-debian-gcc 1.0-7 1.19 8.48 9.67 NOTE
r-devel-linux-x86_64-fedora-clang 1.0-7 15.15 NOTE
r-devel-linux-x86_64-fedora-gcc 1.0-7 14.14 NOTE
r-devel-osx-x86_64-clang 1.0-7 18.75 NOTE
r-devel-windows-ix86+x86_64 1.0-7 8.00 24.00 32.00 NOTE
r-patched-linux-x86_64 1.0-7 1.25 9.21 10.46 NOTE
r-patched-solaris-sparc 1.0-7 93.70 NOTE
r-patched-solaris-x86 1.0-7 21.80 NOTE
r-release-linux-x86_64 1.0-7 1.13 8.59 9.72 NOTE
r-release-osx-x86_64-mavericks 1.0-7 NOTE
r-release-windows-ix86+x86_64 1.0-7 11.00 35.00 46.00 NOTE
r-oldrel-windows-ix86+x86_64 1.0-7 9.00 28.00 37.00 NOTE

Check Details

Version: 1.0-7
Check: DESCRIPTION meta-information
Result: NOTE
    Malformed Description field: should contain one or more complete sentences.
Flavors: r-devel-linux-x86_64-debian-gcc, r-devel-linux-x86_64-fedora-clang, r-devel-linux-x86_64-fedora-gcc, r-devel-osx-x86_64-clang, r-devel-windows-ix86+x86_64, r-patched-linux-x86_64, r-patched-solaris-sparc, r-patched-solaris-x86, r-release-linux-x86_64, r-release-osx-x86_64-mavericks, r-release-windows-ix86+x86_64, r-oldrel-windows-ix86+x86_64