CRAN Package Check Results for Package truncnorm

Last updated on 2017-04-28 06:49:14.

Flavor Version Tinstall Tcheck Ttotal Status Flags
r-devel-linux-x86_64-debian-clang 1.0-7 1.28 10.66 11.95 NOTE
r-devel-linux-x86_64-debian-gcc 1.0-7 1.25 10.32 11.57 NOTE
r-devel-linux-x86_64-fedora-clang 1.0-7 20.11 NOTE --no-stop-on-test-error
r-devel-linux-x86_64-fedora-gcc 1.0-7 17.73 NOTE --no-stop-on-test-error
r-devel-windows-ix86+x86_64 1.0-7 14.00 31.00 45.00 NOTE
r-patched-linux-x86_64 1.0-7 1.27 10.66 11.93 NOTE
r-patched-solaris-sparc 1.0-7 115.20 NOTE
r-patched-solaris-x86 1.0-7 27.20 NOTE
r-release-linux-x86_64 1.0-7 1.21 10.28 11.49 NOTE
r-release-windows-ix86+x86_64 1.0-7 10.00 28.00 38.00 NOTE
r-release-osx-x86_64 1.0-7 NOTE
r-oldrel-windows-ix86+x86_64 1.0-7 24.00 25.00 49.00 NOTE
r-oldrel-osx-x86_64 1.0-7 NOTE

Check Details

Version: 1.0-7
Check: DESCRIPTION meta-information
Result: NOTE
    Malformed Description field: should contain one or more complete sentences.
Flavors: r-devel-linux-x86_64-debian-clang, r-devel-linux-x86_64-debian-gcc, r-devel-windows-ix86+x86_64, r-patched-linux-x86_64, r-patched-solaris-sparc, r-patched-solaris-x86, r-release-linux-x86_64, r-release-windows-ix86+x86_64, r-release-osx-x86_64, r-oldrel-windows-ix86+x86_64, r-oldrel-osx-x86_64

Version: 1.0-7
Check: compiled code
Result: NOTE
    File ‘truncnorm/libs/truncnorm.so’:
     Found no calls to: ‘R_registerRoutines’, ‘R_useDynamicSymbols’
    
    It is good practice to register native routines and to disable symbol
    search.
    
    See ‘Writing portable packages’ in the ‘Writing R Extensions’ manual.
Flavors: r-devel-linux-x86_64-debian-clang, r-devel-linux-x86_64-debian-gcc, r-patched-linux-x86_64, r-release-linux-x86_64

Version: 1.0-7
Flags: --no-stop-on-test-error
Check: DESCRIPTION meta-information
Result: NOTE
    Malformed Description field: should contain one or more complete sentences.
Flavors: r-devel-linux-x86_64-fedora-clang, r-devel-linux-x86_64-fedora-gcc

Version: 1.0-7
Flags: --no-stop-on-test-error
Check: compiled code
Result: NOTE
    File ‘truncnorm/libs/truncnorm.so’:
     Found no calls to: ‘R_registerRoutines’, ‘R_useDynamicSymbols’
    
    It is good practice to register native routines and to disable symbol
    search.
    
    See ‘Writing portable packages’ in the ‘Writing R Extensions’ manual.
Flavors: r-devel-linux-x86_64-fedora-clang, r-devel-linux-x86_64-fedora-gcc