CRAN Package Check Results for Package truncnorm

Last updated on 2017-02-20 13:51:24.

Flavor Version Tinstall Tcheck Ttotal Status Flags
r-devel-linux-x86_64-debian-clang 1.0-7 1.22 10.70 11.92 NOTE
r-devel-linux-x86_64-debian-gcc 1.0-7 1.26 10.31 11.57 NOTE
r-devel-linux-x86_64-fedora-clang 1.0-7 18.02 NOTE --no-stop-on-test-error
r-devel-linux-x86_64-fedora-gcc 1.0-7 17.53 NOTE --no-stop-on-test-error
r-devel-macos-x86_64-clang 1.0-7 17.31 NOTE --no-stop-on-test-error
r-devel-windows-ix86+x86_64 1.0-7 9.00 28.00 37.00 NOTE
r-patched-linux-x86_64 1.0-7 1.12 8.67 9.79 NOTE
r-patched-solaris-sparc 1.0-7 95.00 NOTE
r-patched-solaris-x86 1.0-7 22.80 NOTE
r-release-linux-x86_64 1.0-7 1.22 8.92 10.15 NOTE
r-release-osx-x86_64-mavericks 1.0-7 NOTE
r-release-windows-ix86+x86_64 1.0-7 24.00 25.00 49.00 NOTE
r-oldrel-windows-ix86+x86_64 1.0-7 35.00 36.00 71.00 NOTE

Check Details

Version: 1.0-7
Check: DESCRIPTION meta-information
Result: NOTE
    Malformed Description field: should contain one or more complete sentences.
Flavors: r-devel-linux-x86_64-debian-clang, r-devel-linux-x86_64-debian-gcc, r-devel-windows-ix86+x86_64, r-patched-linux-x86_64, r-patched-solaris-sparc, r-patched-solaris-x86, r-release-linux-x86_64, r-release-osx-x86_64-mavericks, r-release-windows-ix86+x86_64, r-oldrel-windows-ix86+x86_64

Version: 1.0-7
Check: compiled code
Result: NOTE
    File ‘truncnorm/libs/truncnorm.so’:
     Found no calls to: ‘R_registerRoutines’, ‘R_useDynamicSymbols’
    
    It is good practice to register native routines and to disable symbol
    search.
    
    See ‘Writing portable packages’ in the ‘Writing R Extensions’ manual.
Flavors: r-devel-linux-x86_64-debian-clang, r-devel-linux-x86_64-debian-gcc

Version: 1.0-7
Flags: --no-stop-on-test-error
Check: DESCRIPTION meta-information
Result: NOTE
    Malformed Description field: should contain one or more complete sentences.
Flavors: r-devel-linux-x86_64-fedora-clang, r-devel-linux-x86_64-fedora-gcc, r-devel-macos-x86_64-clang

Version: 1.0-7
Flags: --no-stop-on-test-error
Check: compiled code
Result: NOTE
    File ‘truncnorm/libs/truncnorm.so’:
     Found no calls to: ‘R_registerRoutines’, ‘R_useDynamicSymbols’
    
    It is good practice to register native routines and to disable symbol
    search.
    
    See ‘Writing portable packages’ in the ‘Writing R Extensions’ manual.
Flavors: r-devel-linux-x86_64-fedora-clang, r-devel-linux-x86_64-fedora-gcc, r-devel-macos-x86_64-clang