CRAN Package Check Results for Package truncnorm

Last updated on 2018-01-19 05:50:19 CET.

Flavor Version Tinstall Tcheck Ttotal Status Flags
r-devel-linux-x86_64-debian-clang 1.0-7 1.61 15.37 16.98 NOTE
r-devel-linux-x86_64-debian-gcc 1.0-7 1.40 13.03 14.43 NOTE
r-devel-linux-x86_64-fedora-clang 1.0-7 21.21 NOTE
r-devel-linux-x86_64-fedora-gcc 1.0-7 19.76 NOTE
r-devel-windows-ix86+x86_64 1.0-7 10.00 40.00 50.00 NOTE
r-patched-linux-x86_64 1.0-7 1.47 14.84 16.31 NOTE
r-patched-solaris-x86 1.0-7 31.20 NOTE
r-release-linux-x86_64 1.0-7 1.56 15.44 17.00 NOTE
r-release-windows-ix86+x86_64 1.0-7 10.00 29.00 39.00 NOTE
r-release-osx-x86_64 1.0-7 NOTE
r-oldrel-windows-ix86+x86_64 1.0-7 24.00 25.00 49.00 NOTE
r-oldrel-osx-x86_64 1.0-7 NOTE

Check Details

Version: 1.0-7
Check: DESCRIPTION meta-information
Result: NOTE
    Malformed Description field: should contain one or more complete sentences.
Flavors: r-devel-linux-x86_64-debian-clang, r-devel-linux-x86_64-debian-gcc, r-devel-linux-x86_64-fedora-clang, r-devel-linux-x86_64-fedora-gcc, r-devel-windows-ix86+x86_64, r-patched-linux-x86_64, r-patched-solaris-x86, r-release-linux-x86_64, r-release-windows-ix86+x86_64, r-release-osx-x86_64, r-oldrel-windows-ix86+x86_64, r-oldrel-osx-x86_64

Version: 1.0-7
Check: compiled code
Result: NOTE
    File ‘truncnorm/libs/truncnorm.so’:
     Found no calls to: ‘R_registerRoutines’, ‘R_useDynamicSymbols’
    
    It is good practice to register native routines and to disable symbol
    search.
    
    See ‘Writing portable packages’ in the ‘Writing R Extensions’ manual.
Flavors: r-devel-linux-x86_64-debian-clang, r-devel-linux-x86_64-debian-gcc, r-devel-linux-x86_64-fedora-clang, r-devel-linux-x86_64-fedora-gcc, r-patched-linux-x86_64, r-release-linux-x86_64