CRAN Package Check Results for Package truncreg

Last updated on 2015-02-28 07:50:19.

Flavor Version Tinstall Tcheck Ttotal Status Flags
r-devel-linux-x86_64-debian-clang 0.2-1 0.68 10.64 11.32 NOTE
r-devel-linux-x86_64-debian-gcc 0.2-1 0.65 10.24 10.88 NOTE
r-devel-linux-x86_64-fedora-clang 0.2-1 21.53 NOTE
r-devel-linux-x86_64-fedora-gcc 0.2-1 20.44 NOTE
r-devel-osx-x86_64-clang 0.2-1 24.52 NOTE
r-devel-windows-ix86+x86_64 0.2-1 5.00 18.00 23.00 NOTE
r-patched-linux-x86_64 0.2-1 0.88 13.30 14.19 NOTE
r-patched-solaris-sparc 0.2-1 152.40 NOTE
r-patched-solaris-x86 0.2-1 38.40 NOTE
r-release-linux-ix86 0.2-1 1.39 18.86 20.24 NOTE
r-release-linux-x86_64 0.2-1 1.16 13.15 14.31 NOTE
r-release-osx-x86_64-mavericks 0.2-1 NOTE
r-release-osx-x86_64-snowleopard 0.2-1 OK
r-release-windows-ix86+x86_64 0.2-1 4.00 25.00 29.00 NOTE
r-oldrel-windows-ix86+x86_64 0.2-1 4.00 25.00 29.00 NOTE

Check Details

Version: 0.2-1
Check: dependencies in R code
Result: NOTE
    Package in Depends field not imported from: ‘maxLik’
     These packages need to be imported from (in the NAMESPACE file)
     for when this namespace is loaded but not attached.
Flavors: r-devel-linux-x86_64-debian-clang, r-devel-linux-x86_64-debian-gcc, r-devel-linux-x86_64-fedora-clang, r-devel-linux-x86_64-fedora-gcc, r-devel-osx-x86_64-clang, r-devel-windows-ix86+x86_64, r-patched-linux-x86_64, r-patched-solaris-x86

Version: 0.2-1
Check: R code for possible problems
Result: NOTE
    truncreg.fit: no visible global function definition for ‘maxLik’
Flavors: r-devel-linux-x86_64-debian-clang, r-devel-linux-x86_64-debian-gcc, r-devel-linux-x86_64-fedora-clang, r-devel-linux-x86_64-fedora-gcc, r-devel-osx-x86_64-clang, r-devel-windows-ix86+x86_64, r-patched-linux-x86_64, r-patched-solaris-sparc, r-patched-solaris-x86, r-release-linux-ix86, r-release-linux-x86_64, r-release-osx-x86_64-mavericks, r-release-windows-ix86+x86_64

Version: 0.2-1
Check: dependencies in R code
Result: NOTE
    Package in Depends field not imported from: ‘maxLik’
     These packages need to be imported from (in the NAMESPACE file)
     for when this namespace is loaded but not attached.
    See the information on DESCRIPTION files in the chapter ‘Creating R
    packages’ of the ‘Writing R Extensions’ manual.
Flavors: r-patched-solaris-sparc, r-release-linux-ix86, r-release-linux-x86_64, r-release-osx-x86_64-mavericks, r-release-windows-ix86+x86_64, r-oldrel-windows-ix86+x86_64