CRAN Package Check Results for Package truncreg

Last updated on 2015-03-30 08:50:14.

Flavor Version Tinstall Tcheck Ttotal Status Flags
r-devel-linux-x86_64-debian-clang 0.2-1 0.67 10.22 10.89 NOTE
r-devel-linux-x86_64-debian-gcc 0.2-1 0.67 10.80 11.48 NOTE
r-devel-linux-x86_64-fedora-clang 0.2-1 21.56 NOTE
r-devel-linux-x86_64-fedora-gcc 0.2-1 20.01 NOTE
r-devel-osx-x86_64-clang 0.2-1 27.07 NOTE
r-prerel-windows-ix86+x86_64 0.2-1 3.00 19.00 22.00 NOTE
r-prerel-linux-x86_64 0.2-1 0.65 10.40 11.06 NOTE
r-prerel-solaris-sparc 0.2-1 135.40 NOTE
r-prerel-solaris-x86 0.2-1 30.50 NOTE
r-release-linux-x86_64 0.2-1 0.90 12.82 13.73 NOTE
r-release-osx-x86_64-mavericks 0.2-1 NOTE
r-release-osx-x86_64-snowleopard 0.2-1 OK
r-release-windows-ix86+x86_64 0.2-1 4.00 24.00 28.00 NOTE
r-oldrel-windows-ix86+x86_64 0.2-1 4.00 36.00 40.00 NOTE

Check Details

Version: 0.2-1
Check: dependencies in R code
Result: NOTE
    Package in Depends field not imported from: ‘maxLik’
     These packages need to be imported from (in the NAMESPACE file)
     for when this namespace is loaded but not attached.
Flavors: r-devel-linux-x86_64-debian-clang, r-devel-linux-x86_64-debian-gcc, r-devel-linux-x86_64-fedora-clang, r-devel-linux-x86_64-fedora-gcc, r-devel-osx-x86_64-clang, r-prerel-windows-ix86+x86_64, r-prerel-linux-x86_64, r-prerel-solaris-sparc, r-prerel-solaris-x86, r-release-linux-x86_64, r-release-windows-ix86+x86_64

Version: 0.2-1
Check: R code for possible problems
Result: NOTE
    truncreg.fit: no visible global function definition for ‘maxLik’
Flavors: r-devel-linux-x86_64-debian-clang, r-devel-linux-x86_64-debian-gcc, r-devel-linux-x86_64-fedora-clang, r-devel-linux-x86_64-fedora-gcc, r-devel-osx-x86_64-clang, r-prerel-windows-ix86+x86_64, r-prerel-linux-x86_64, r-prerel-solaris-sparc, r-prerel-solaris-x86, r-release-linux-x86_64, r-release-osx-x86_64-mavericks, r-release-windows-ix86+x86_64

Version: 0.2-1
Check: dependencies in R code
Result: NOTE
    Package in Depends field not imported from: ‘maxLik’
     These packages need to be imported from (in the NAMESPACE file)
     for when this namespace is loaded but not attached.
    See the information on DESCRIPTION files in the chapter ‘Creating R
    packages’ of the ‘Writing R Extensions’ manual.
Flavors: r-release-osx-x86_64-mavericks, r-oldrel-windows-ix86+x86_64