CRAN Package Check Results for Package truncreg

Last updated on 2014-04-19 18:47:51.

Flavor Version Tinstall Tcheck Ttotal Status Flags
r-devel-linux-x86_64-debian-clang 0.2-1 0.85 12.98 13.83 NOTE
r-devel-linux-x86_64-debian-gcc 0.2-1 0.83 13.09 13.92 NOTE
r-devel-linux-x86_64-fedora-clang 0.2-1 26.84 NOTE
r-devel-linux-x86_64-fedora-gcc 0.2-1 25.63 NOTE
r-devel-macosx-x86_64-clang 0.2-1 31.18 NOTE
r-devel-macosx-x86_64-gcc 0.2-1 ERROR
r-devel-windows-ix86+x86_64 0.2-1 3.00 35.00 38.00 NOTE
r-patched-linux-x86_64 0.2-1 0.83 13.20 14.03 NOTE
r-patched-solaris-sparc 0.2-1 195.30 NOTE
r-patched-solaris-x86 0.2-1 37.40 NOTE
r-release-linux-ix86 NOTE
r-release-linux-x86_64 0.2-1 0.82 12.92 13.73 NOTE
r-release-macosx-x86_64 0.2-1 OK
r-release-windows-ix86+x86_64 0.2-1 5.00 22.00 27.00 NOTE
r-oldrel-windows-ix86+x86_64 0.2-1 4.00 22.00 26.00 NOTE

Check Details

Version: 0.2-1
Check: dependencies in R code
Result: NOTE
    Package in Depends field not imported from: ‘maxLik’
     These packages need to be imported from (in the NAMESPACE file)
     for when this namespace is loaded but not attached.
    See the information on DESCRIPTION files in the chapter ‘Creating R
    packages’ of the ‘Writing R Extensions’ manual.
Flavors: r-devel-linux-x86_64-debian-clang, r-devel-linux-x86_64-debian-gcc, r-devel-linux-x86_64-fedora-clang, r-devel-linux-x86_64-fedora-gcc, r-devel-macosx-x86_64-clang, r-devel-windows-ix86+x86_64, r-patched-linux-x86_64, r-patched-solaris-sparc, r-patched-solaris-x86, r-release-linux-ix86, r-release-linux-x86_64, r-release-windows-ix86+x86_64, r-oldrel-windows-ix86+x86_64

Version: 0.2-1
Check: package dependencies
Result: ERROR
    Package required but not available: ‘maxLik’
    
    See the information on DESCRIPTION files in the chapter ‘Creating R
    packages’ of the ‘Writing R Extensions’ manual.
Flavor: r-devel-macosx-x86_64-gcc