CRAN Package Check Results for Package truncreg

Last updated on 2015-05-26 08:48:11.

Flavor Version Tinstall Tcheck Ttotal Status Flags
r-devel-linux-x86_64-debian-clang 0.2-1 0.80 10.25 11.05 NOTE
r-devel-linux-x86_64-debian-gcc 0.2-1 0.67 10.81 11.48 NOTE
r-devel-linux-x86_64-fedora-clang 0.2-1 20.95 NOTE
r-devel-linux-x86_64-fedora-gcc 0.2-1 19.50 NOTE
r-devel-osx-x86_64-clang 0.2-1 24.34 NOTE
r-devel-windows-ix86+x86_64 0.2-1 3.00 18.00 21.00 NOTE
r-patched-linux-x86_64 0.2-1 0.65 10.37 11.02 NOTE
r-patched-solaris-sparc 0.2-1 133.00 NOTE
r-patched-solaris-x86 0.2-1 30.90 NOTE
r-release-linux-x86_64 0.2-1 0.67 10.19 10.86 NOTE
r-release-osx-x86_64-mavericks 0.2-1 NOTE
r-release-osx-x86_64-snowleopard 0.2-1 ERROR
r-release-windows-ix86+x86_64 0.2-1 3.00 19.00 22.00 NOTE
r-oldrel-windows-ix86+x86_64 0.2-1 4.00 41.00 45.00 NOTE

Check Details

Version: 0.2-1
Check: dependencies in R code
Result: NOTE
    Package in Depends field not imported from: ‘maxLik’
     These packages need to be imported from (in the NAMESPACE file)
     for when this namespace is loaded but not attached.
Flavors: r-devel-linux-x86_64-debian-clang, r-devel-linux-x86_64-debian-gcc, r-devel-linux-x86_64-fedora-clang, r-devel-linux-x86_64-fedora-gcc, r-devel-osx-x86_64-clang, r-devel-windows-ix86+x86_64, r-patched-linux-x86_64, r-patched-solaris-sparc, r-patched-solaris-x86, r-release-linux-x86_64, r-release-osx-x86_64-mavericks, r-release-windows-ix86+x86_64, r-oldrel-windows-ix86+x86_64

Version: 0.2-1
Check: R code for possible problems
Result: NOTE
    truncreg.fit: no visible global function definition for ‘maxLik’
Flavors: r-devel-linux-x86_64-debian-clang, r-devel-linux-x86_64-debian-gcc, r-devel-linux-x86_64-fedora-clang, r-devel-linux-x86_64-fedora-gcc, r-devel-osx-x86_64-clang, r-devel-windows-ix86+x86_64, r-patched-linux-x86_64, r-patched-solaris-sparc, r-patched-solaris-x86, r-release-linux-x86_64, r-release-osx-x86_64-mavericks, r-release-windows-ix86+x86_64, r-oldrel-windows-ix86+x86_64

Version: 0.2-1
Check: package dependencies
Result: ERROR
    Package required but not available: ‘maxLik’
    
    See section ‘The DESCRIPTION file’ in the ‘Writing R Extensions’
    manual.
Flavor: r-release-osx-x86_64-snowleopard