CRAN Package Check Results for Package truncreg

Last updated on 2015-04-26 17:47:55.

Flavor Version Tinstall Tcheck Ttotal Status Flags
r-devel-linux-x86_64-debian-clang 0.2-1 0.88 11.03 11.90 NOTE
r-devel-linux-x86_64-debian-gcc 0.2-1 0.65 10.45 11.10 NOTE
r-devel-linux-x86_64-fedora-clang 0.2-1 21.17 NOTE
r-devel-linux-x86_64-fedora-gcc 0.2-1 20.40 NOTE
r-devel-osx-x86_64-clang 0.2-1 24.73 NOTE
r-devel-windows-ix86+x86_64 0.2-1 2.00 20.00 22.00 NOTE
r-patched-linux-x86_64 0.2-1 0.68 10.32 11.00 NOTE
r-patched-solaris-sparc 0.2-1 135.40 NOTE
r-patched-solaris-x86 0.2-1 30.50 NOTE
r-release-linux-x86_64 0.2-1 0.68 10.24 10.92 NOTE
r-release-osx-x86_64-mavericks 0.2-1 NOTE
r-release-osx-x86_64-snowleopard 0.2-1 ERROR
r-release-windows-ix86+x86_64 0.2-1 2.00 18.00 20.00 NOTE
r-oldrel-windows-ix86+x86_64 0.2-1 3.00 24.00 27.00 NOTE

Check Details

Version: 0.2-1
Check: dependencies in R code
Result: NOTE
    Package in Depends field not imported from: ‘maxLik’
     These packages need to be imported from (in the NAMESPACE file)
     for when this namespace is loaded but not attached.
Flavors: r-devel-linux-x86_64-fedora-clang, r-devel-linux-x86_64-fedora-gcc, r-devel-osx-x86_64-clang, r-devel-windows-ix86+x86_64, r-patched-solaris-sparc, r-patched-solaris-x86, r-release-osx-x86_64-mavericks, r-release-windows-ix86+x86_64, r-oldrel-windows-ix86+x86_64

Version: 0.2-1
Check: R code for possible problems
Result: NOTE
    truncreg.fit: no visible global function definition for ‘maxLik’
Flavors: r-devel-linux-x86_64-fedora-clang, r-devel-linux-x86_64-fedora-gcc, r-devel-osx-x86_64-clang, r-devel-windows-ix86+x86_64, r-patched-solaris-sparc, r-patched-solaris-x86, r-release-osx-x86_64-mavericks, r-release-windows-ix86+x86_64, r-oldrel-windows-ix86+x86_64

Version: 0.2-1
Check: package dependencies
Result: ERROR
    Package required but not available: ‘maxLik’
    
    See section ‘The DESCRIPTION file’ in the ‘Writing R Extensions’
    manual.
Flavor: r-release-osx-x86_64-snowleopard