CRAN Package Check Results for Package truncreg

Last updated on 2014-09-19 00:47:09.

Flavor Version Tinstall Tcheck Ttotal Status Flags
r-devel-linux-x86_64-debian-clang 0.2-1 0.92 12.22 13.14 NOTE
r-devel-linux-x86_64-debian-gcc 0.2-1 0.74 12.02 12.76 NOTE
r-devel-linux-x86_64-fedora-clang 0.2-1 25.89 NOTE
r-devel-linux-x86_64-fedora-gcc 0.2-1 23.91 NOTE
r-devel-osx-x86_64-clang 0.2-1 27.65 NOTE
r-devel-windows-ix86+x86_64 0.2-1 3.00 23.00 26.00 NOTE
r-patched-linux-x86_64 0.2-1 0.84 12.81 13.65 NOTE
r-patched-solaris-sparc 0.2-1 161.60 NOTE
r-patched-solaris-x86 0.2-1 37.30 NOTE
r-release-linux-ix86 0.2-1 1.12 19.02 20.14 NOTE
r-release-linux-x86_64 0.2-1 0.80 12.86 13.66 NOTE
r-release-osx-x86_64-mavericks 0.2-1 NOTE
r-release-osx-x86_64-snowleopard 0.2-1 OK
r-release-windows-ix86+x86_64 0.2-1 5.00 22.00 27.00 NOTE
r-oldrel-windows-ix86+x86_64 0.2-1 4.00 24.00 28.00 NOTE

Check Details

Version: 0.2-1
Check: dependencies in R code
Result: NOTE
    Package in Depends field not imported from: ‘maxLik’
     These packages need to be imported from (in the NAMESPACE file)
     for when this namespace is loaded but not attached.
    See the information on DESCRIPTION files in the chapter ‘Creating R
    packages’ of the ‘Writing R Extensions’ manual.
Flavors: r-devel-linux-x86_64-debian-clang, r-devel-linux-x86_64-debian-gcc, r-devel-linux-x86_64-fedora-clang, r-devel-linux-x86_64-fedora-gcc, r-devel-osx-x86_64-clang, r-devel-windows-ix86+x86_64, r-patched-linux-x86_64, r-patched-solaris-sparc, r-patched-solaris-x86, r-release-linux-ix86, r-release-linux-x86_64, r-release-osx-x86_64-mavericks, r-release-windows-ix86+x86_64, r-oldrel-windows-ix86+x86_64

Version: 0.2-1
Check: R code for possible problems
Result: NOTE
    truncreg.fit: no visible global function definition for ‘maxLik’
Flavors: r-devel-linux-x86_64-debian-clang, r-devel-linux-x86_64-debian-gcc, r-devel-linux-x86_64-fedora-clang, r-devel-linux-x86_64-fedora-gcc, r-devel-osx-x86_64-clang, r-devel-windows-ix86+x86_64