CRAN Package Check Results for Package truncreg

Last updated on 2015-07-05 22:47:52.

Flavor Version Tinstall Tcheck Ttotal Status Flags
r-devel-linux-x86_64-debian-clang 0.2-1 0.68 9.94 10.62 NOTE
r-devel-linux-x86_64-debian-gcc 0.2-1 0.62 9.74 10.35 NOTE
r-devel-linux-x86_64-fedora-clang 0.2-1 20.46 NOTE
r-devel-linux-x86_64-fedora-gcc 0.2-1 19.00 NOTE
r-devel-osx-x86_64-clang 0.2-1 19.15 NOTE
r-devel-windows-ix86+x86_64 0.2-1 3.00 20.00 23.00 NOTE
r-patched-linux-x86_64 0.2-1 0.67 10.39 11.06 NOTE
r-patched-solaris-sparc 0.2-1 133.00 NOTE
r-patched-solaris-x86 0.2-1 30.80 NOTE
r-release-linux-x86_64 0.2-1 0.67 10.32 10.99 NOTE
r-release-osx-x86_64-mavericks 0.2-1 NOTE
r-release-windows-ix86+x86_64 0.2-1 4.00 18.00 22.00 NOTE
r-oldrel-windows-ix86+x86_64 0.2-1 7.00 24.00 31.00 NOTE

Check Details

Version: 0.2-1
Check: dependencies in R code
Result: NOTE
    Package in Depends field not imported from: ‘maxLik’
     These packages need to be imported from (in the NAMESPACE file)
     for when this namespace is loaded but not attached.
Flavors: r-devel-linux-x86_64-debian-clang, r-devel-linux-x86_64-debian-gcc, r-devel-linux-x86_64-fedora-clang, r-devel-linux-x86_64-fedora-gcc, r-devel-osx-x86_64-clang, r-devel-windows-ix86+x86_64, r-patched-linux-x86_64, r-patched-solaris-sparc, r-patched-solaris-x86, r-release-linux-x86_64, r-release-osx-x86_64-mavericks, r-release-windows-ix86+x86_64, r-oldrel-windows-ix86+x86_64

Version: 0.2-1
Check: R code for possible problems
Result: NOTE
    ml.truncreg: no visible global function definition for ‘dnorm’
    ml.truncreg: no visible global function definition for ‘pnorm’
    model.matrix.truncreg: no visible global function definition for
     ‘model.matrix’
    model.matrix.truncreg: no visible global function definition for
     ‘model.frame’
    predict.truncreg: no visible binding for global variable ‘na.pass’
    predict.truncreg: no visible global function definition for
     ‘delete.response’
    predict.truncreg: no visible global function definition for
     ‘model.matrix’
    predict.truncreg: no visible global function definition for
     ‘model.frame’
    predict.truncreg: no visible global function definition for ‘head’
    print.summary.truncreg: no visible global function definition for
     ‘printCoefmat’
    print.truncreg: no visible global function definition for ‘coef’
    residuals.truncreg: no visible global function definition for
     ‘model.frame’
    residuals.truncreg: no visible global function definition for ‘fitted’
    summary.truncreg: no visible global function definition for ‘coef’
    summary.truncreg: no visible global function definition for ‘vcov’
    summary.truncreg: no visible global function definition for ‘pnorm’
    truncreg: no visible global function definition for ‘model.matrix’
    truncreg: no visible global function definition for ‘model.response’
    truncreg: no visible global function definition for ‘terms’
    truncreg.fit: no visible global function definition for ‘lm.fit’
    truncreg.fit: no visible global function definition for ‘maxLik’
    Undefined global functions or variables:
     coef delete.response dnorm fitted head lm.fit maxLik model.frame
     model.matrix model.response na.pass pnorm printCoefmat terms vcov
Flavors: r-devel-linux-x86_64-debian-clang, r-devel-linux-x86_64-debian-gcc, r-devel-linux-x86_64-fedora-clang, r-devel-linux-x86_64-fedora-gcc, r-devel-windows-ix86+x86_64

Version: 0.2-1
Check: R code for possible problems
Result: NOTE
    truncreg.fit: no visible global function definition for ‘maxLik’
    Undefined global functions or variables:
     maxLik
Flavor: r-devel-osx-x86_64-clang

Version: 0.2-1
Check: R code for possible problems
Result: NOTE
    truncreg.fit: no visible global function definition for ‘maxLik’
Flavors: r-patched-linux-x86_64, r-patched-solaris-sparc, r-patched-solaris-x86, r-release-linux-x86_64, r-release-osx-x86_64-mavericks, r-release-windows-ix86+x86_64, r-oldrel-windows-ix86+x86_64