CRAN Package Check Results for Package trust

Last updated on 2015-02-27 16:48:05.

Flavor Version Tinstall Tcheck Ttotal Status Flags
r-devel-linux-x86_64-debian-clang 0.1-6 0.70 14.97 15.67 NOTE
r-devel-linux-x86_64-debian-gcc 0.1-6 0.69 15.22 15.92 NOTE
r-devel-linux-x86_64-fedora-clang 0.1-6 31.63 NOTE
r-devel-linux-x86_64-fedora-gcc 0.1-6 29.32 NOTE
r-devel-osx-x86_64-clang 0.1-6 35.97 NOTE
r-devel-windows-ix86+x86_64 0.1-6 4.00 27.00 31.00 NOTE
r-patched-linux-x86_64 0.1-6 0.74 15.78 16.52 OK
r-patched-solaris-sparc 0.1-6 200.10 OK
r-release-linux-ix86 0.1-6 1.04 24.50 25.54 OK
r-release-linux-x86_64 0.1-6 0.79 15.86 16.65 OK
r-release-osx-x86_64-mavericks 0.1-6 OK
r-release-osx-x86_64-snowleopard 0.1-6 OK
r-release-windows-ix86+x86_64 0.1-6 2.00 32.00 34.00 OK
r-oldrel-windows-ix86+x86_64 0.1-6 2.00 26.00 28.00 OK

Check Details

Version: 0.1-6
Check: DESCRIPTION meta-information
Result: NOTE
    Malformed Description field: should contain one or more complete sentences.
Flavors: r-devel-linux-x86_64-debian-clang, r-devel-linux-x86_64-debian-gcc, r-devel-linux-x86_64-fedora-clang, r-devel-linux-x86_64-fedora-gcc, r-devel-osx-x86_64-clang, r-devel-windows-ix86+x86_64