CRAN Package Check Results for Package trust

Last updated on 2015-04-26 16:47:18.

Flavor Version Tinstall Tcheck Ttotal Status Flags
r-devel-linux-x86_64-debian-clang 0.1-6 0.70 15.01 15.71 NOTE
r-devel-linux-x86_64-debian-gcc 0.1-6 0.73 15.10 15.82 NOTE
r-devel-linux-x86_64-fedora-clang 0.1-6 30.88 NOTE
r-devel-linux-x86_64-fedora-gcc 0.1-6 28.82 NOTE
r-devel-osx-x86_64-clang 0.1-6 35.79 NOTE
r-devel-windows-ix86+x86_64 0.1-6 2.00 27.00 29.00 NOTE
r-patched-linux-x86_64 0.1-6 0.68 14.98 15.66 NOTE
r-patched-solaris-sparc 0.1-6 207.50 NOTE
r-patched-solaris-x86 0.1-6 42.10 NOTE
r-release-linux-x86_64 0.1-6 0.68 14.90 15.58 NOTE
r-release-osx-x86_64-mavericks 0.1-6 NOTE
r-release-osx-x86_64-snowleopard 0.1-6 NOTE
r-release-windows-ix86+x86_64 0.1-6 2.00 27.00 29.00 NOTE
r-oldrel-windows-ix86+x86_64 0.1-6 4.00 25.00 29.00 OK

Check Details

Version: 0.1-6
Check: DESCRIPTION meta-information
Result: NOTE
    Malformed Description field: should contain one or more complete sentences.
Flavors: r-devel-linux-x86_64-fedora-clang, r-devel-linux-x86_64-fedora-gcc, r-devel-osx-x86_64-clang, r-devel-windows-ix86+x86_64, r-patched-solaris-sparc, r-patched-solaris-x86, r-release-osx-x86_64-mavericks, r-release-windows-ix86+x86_64