CRAN Package Check Results for Package trust

Last updated on 2015-07-02 19:47:45.

Flavor Version Tinstall Tcheck Ttotal Status Flags
r-devel-linux-x86_64-debian-clang 0.1-6 0.67 13.19 13.86 NOTE
r-devel-linux-x86_64-debian-gcc 0.1-6 0.70 14.25 14.95 NOTE
r-devel-linux-x86_64-fedora-clang 0.1-6 28.66 NOTE
r-devel-linux-x86_64-fedora-gcc 0.1-6 27.03 NOTE
r-devel-osx-x86_64-clang 0.1-6 27.36 NOTE
r-devel-windows-ix86+x86_64 0.1-6 4.00 26.00 30.00 NOTE
r-patched-linux-x86_64 0.1-6 0.67 14.94 15.61 NOTE
r-patched-solaris-sparc 0.1-6 201.90 NOTE
r-patched-solaris-x86 0.1-6 44.10 NOTE
r-release-linux-x86_64 0.1-6 0.72 14.92 15.64 NOTE
r-release-osx-x86_64-mavericks 0.1-6 NOTE
r-release-windows-ix86+x86_64 0.1-6 2.00 26.00 28.00 NOTE
r-oldrel-windows-ix86+x86_64 0.1-6 4.00 25.00 29.00 OK

Check Details

Version: 0.1-6
Check: DESCRIPTION meta-information
Result: NOTE
    Malformed Description field: should contain one or more complete sentences.
Flavors: r-devel-linux-x86_64-debian-clang, r-devel-linux-x86_64-debian-gcc, r-devel-linux-x86_64-fedora-clang, r-devel-linux-x86_64-fedora-gcc, r-devel-osx-x86_64-clang, r-devel-windows-ix86+x86_64, r-patched-linux-x86_64, r-patched-solaris-sparc, r-patched-solaris-x86, r-release-linux-x86_64, r-release-osx-x86_64-mavericks, r-release-windows-ix86+x86_64

Version: 0.1-6
Check: R code for possible problems
Result: NOTE
    trust: no visible global function definition for ‘uniroot’
    Undefined global functions or variables:
     uniroot
Flavors: r-devel-linux-x86_64-debian-clang, r-devel-linux-x86_64-fedora-clang, r-devel-linux-x86_64-fedora-gcc

Version: 0.1-6
Check: R code for possible problems
Result: NOTE
    trust: no visible global function definition for ‘uniroot’
Flavor: r-devel-linux-x86_64-debian-gcc