CRAN Package Check Results for Package trustOptim

Last updated on 2022-09-30 00:49:30 CEST.

Flavor Version Tinstall Tcheck Ttotal Status Flags
r-devel-linux-x86_64-debian-clang 0.8.7.3 48.76 89.22 137.98 OK
r-devel-linux-x86_64-debian-gcc 0.8.7.3 39.30 70.42 109.72 OK
r-devel-linux-x86_64-fedora-clang 0.8.7.3 191.05 OK
r-devel-linux-x86_64-fedora-gcc 0.8.7.3 189.91 OK
r-devel-windows-x86_64 0.8.7.3 42.00 135.00 177.00 OK
r-patched-linux-x86_64 0.8.7.3 45.23 89.04 134.27 OK
r-release-linux-x86_64 0.8.7.3 42.19 89.46 131.65 OK
r-release-macos-arm64 0.8.7.3 51.00 NOTE
r-release-macos-x86_64 0.8.7.3 70.00 NOTE
r-release-windows-x86_64 0.8.7.3 55.00 147.00 202.00 OK
r-oldrel-macos-arm64 0.8.7.3 55.00 NOTE
r-oldrel-macos-x86_64 0.8.7.3 69.00 NOTE
r-oldrel-windows-ix86+x86_64 0.8.7.3 103.00 144.00 247.00 OK

Check Details

Version: 0.8.7.3
Check: installed package size
Result: NOTE
     installed size is 8.9Mb
     sub-directories of 1Mb or more:
     libs 8.6Mb
Flavors: r-release-macos-arm64, r-release-macos-x86_64, r-oldrel-macos-arm64, r-oldrel-macos-x86_64