CRAN Package Check Results for Package trustOptim

Last updated on 2014-12-17 23:47:29.

Flavor Version Tinstall Tcheck Ttotal Status Flags
r-devel-linux-x86_64-debian-clang 0.8.4.1 14.90 41.20 56.10 NOTE
r-devel-linux-x86_64-debian-gcc 0.8.4.1 16.96 39.52 56.47 NOTE
r-devel-linux-x86_64-fedora-clang 0.8.4.1 135.94 NOTE
r-devel-linux-x86_64-fedora-gcc 0.8.4.1 118.14 NOTE
r-devel-osx-x86_64-clang 0.8.4.1 109.93 OK
r-devel-windows-ix86+x86_64 0.8.4.1 45.00 82.00 127.00 OK
r-patched-linux-x86_64 0.8.4.1 17.00 42.72 59.72 NOTE
r-patched-solaris-sparc 0.8.4.1 687.10 NOTE
r-patched-solaris-x86 0.8.4.1 175.20 NOTE
r-release-linux-ix86 0.8.4.1 18.81 50.31 69.12 NOTE
r-release-linux-x86_64 0.8.4.1 17.07 41.31 58.38 NOTE
r-release-osx-x86_64-mavericks 0.8.4.1 NOTE
r-release-osx-x86_64-snowleopard 0.8.4.1 NOTE
r-release-windows-ix86+x86_64 0.8.4.1 40.00 93.00 133.00 OK
r-oldrel-windows-ix86+x86_64 0.8.3 45.00 93.00 138.00 OK

Check Details

Version: 0.8.4.1
Check: installed package size
Result: NOTE
     installed size is 9.1Mb
     sub-directories of 1Mb or more:
     libs 8.6Mb
Flavors: r-devel-linux-x86_64-debian-clang, r-devel-linux-x86_64-debian-gcc, r-devel-linux-x86_64-fedora-clang, r-devel-linux-x86_64-fedora-gcc, r-patched-linux-x86_64, r-patched-solaris-sparc, r-patched-solaris-x86, r-release-linux-ix86, r-release-linux-x86_64, r-release-osx-x86_64-mavericks, r-release-osx-x86_64-snowleopard

Version: 0.8.4.1
Check: re-building of vignette outputs
Result: NOTE
    Error in re-building vignettes:
     ...
    Error in texi2dvi(file = file, pdf = TRUE, clean = clean, quiet = quiet, :
     Running 'texi2dvi' on 'trustOptim.tex' failed.
    LaTeX errors:
    ! LaTeX Error: File `placeins.sty' not found.
    
    Type X to quit or <RETURN> to proceed,
    or enter new name. (Default extension: sty)
    
    ign_test/trustOptim/vignettes/trustOptim.tex:14: ==> Fatal error occurred, no
    output PDF file produced!
    Calls: buildVignettes -> texi2pdf -> texi2dvi
    Execution halted
Flavor: r-release-osx-x86_64-mavericks