CRAN Package Check Results for Package trustOptim

Last updated on 2017-04-28 23:52:50.

Flavor Version Tinstall Tcheck Ttotal Status Flags
r-devel-linux-x86_64-debian-clang 0.8.6 24.92 230.27 255.19 OK
r-devel-linux-x86_64-debian-gcc 0.8.6 24.08 45.37 69.45 OK
r-devel-linux-x86_64-fedora-clang 0.8.6 89.00 NOTE --no-stop-on-test-error
r-devel-linux-x86_64-fedora-gcc 0.8.6 84.27 NOTE --no-stop-on-test-error
r-devel-windows-ix86+x86_64 0.8.6 62.00 143.00 205.00 OK
r-patched-linux-x86_64 0.8.6 20.79 44.87 65.66 OK
r-patched-solaris-sparc 0.8.6 786.70 OK
r-patched-solaris-x86 0.8.6 147.90 OK
r-release-linux-x86_64 0.8.6 20.24 44.91 65.15 OK
r-release-windows-ix86+x86_64 0.8.6 67.00 133.00 200.00 OK
r-release-osx-x86_64 0.8.6 NOTE
r-oldrel-windows-ix86+x86_64 0.8.6 72.00 124.00 196.00 OK
r-oldrel-osx-x86_64 0.8.6 NOTE

Check Details

Version: 0.8.6
Flags: --no-stop-on-test-error
Check: installed package size
Result: NOTE
     installed size is 8.4Mb
     sub-directories of 1Mb or more:
     libs 8.1Mb
Flavors: r-devel-linux-x86_64-fedora-clang, r-devel-linux-x86_64-fedora-gcc

Version: 0.8.6
Check: installed package size
Result: NOTE
     installed size is 8.5Mb
     sub-directories of 1Mb or more:
     libs 8.2Mb
Flavors: r-release-osx-x86_64, r-oldrel-osx-x86_64