CRAN Package Check Results for Package trustOptim

Last updated on 2015-05-28 12:48:11.

Flavor Version Tinstall Tcheck Ttotal Status Flags
r-devel-linux-x86_64-debian-clang 0.8.5 19.57 42.59 62.16 NOTE
r-devel-linux-x86_64-debian-gcc 0.8.5 22.14 46.42 68.56 NOTE
r-devel-linux-x86_64-fedora-clang 0.8.5 127.98 NOTE
r-devel-linux-x86_64-fedora-gcc 0.8.5 108.47 NOTE
r-devel-osx-x86_64-clang 0.8.5 103.61 OK
r-devel-windows-ix86+x86_64 0.8.5 52.00 89.00 141.00 OK
r-patched-linux-x86_64 0.8.5 23.12 41.11 64.23 NOTE
r-patched-solaris-sparc 0.8.5 744.40 NOTE
r-patched-solaris-x86 0.8.5 166.40 NOTE
r-release-linux-x86_64 0.8.5 21.84 42.48 64.32 NOTE
r-release-osx-x86_64-mavericks 0.8.5 NOTE
r-release-osx-x86_64-snowleopard 0.8.5 ERROR
r-release-windows-ix86+x86_64 0.8.5 46.00 85.00 131.00 OK
r-oldrel-windows-ix86+x86_64 0.8.5 47.00 103.00 150.00 OK

Memtest notes: UBSAN-gcc

Check Details

Version: 0.8.5
Check: installed package size
Result: NOTE
     installed size is 8.7Mb
     sub-directories of 1Mb or more:
     libs 8.4Mb
Flavors: r-devel-linux-x86_64-debian-clang, r-devel-linux-x86_64-debian-gcc, r-devel-linux-x86_64-fedora-clang, r-devel-linux-x86_64-fedora-gcc, r-patched-linux-x86_64, r-patched-solaris-sparc, r-patched-solaris-x86, r-release-linux-x86_64, r-release-osx-x86_64-mavericks

Version: 0.8.5
Check: whether package can be installed
Result: ERROR
    Installation failed.
Flavor: r-release-osx-x86_64-snowleopard