CRAN Package Check Results for Package trustOptim

Last updated on 2015-07-30 11:49:00.

Flavor Version Tinstall Tcheck Ttotal Status Flags
r-devel-linux-x86_64-debian-clang 0.8.5 19.26 43.10 62.36 NOTE
r-devel-linux-x86_64-debian-gcc 0.8.5 22.90 41.42 64.32 NOTE
r-devel-linux-x86_64-fedora-clang 0.8.5 130.74 NOTE
r-devel-linux-x86_64-fedora-gcc 0.8.5 126.00 NOTE
r-devel-osx-x86_64-clang 0.8.5 93.75 OK
r-devel-windows-ix86+x86_64 0.8.5 68.00 91.00 159.00 NOTE
r-patched-linux-x86_64 0.8.5 26.58 42.04 68.62 NOTE
r-patched-solaris-sparc 0.8.5 820.80 OK
r-patched-solaris-x86 0.8.5 154.90 OK
r-release-linux-x86_64 0.8.5 22.42 41.82 64.24 NOTE
r-release-osx-x86_64-mavericks 0.8.5 NOTE
r-release-windows-ix86+x86_64 0.8.5 65.00 91.00 156.00 OK
r-oldrel-windows-ix86+x86_64 0.8.5 54.00 161.00 215.00 OK

Memtest notes: UBSAN-gcc

Check Details

Version: 0.8.5
Check: installed package size
Result: NOTE
     installed size is 8.6Mb
     sub-directories of 1Mb or more:
     libs 8.3Mb
Flavors: r-devel-linux-x86_64-debian-clang, r-devel-linux-x86_64-debian-gcc, r-devel-linux-x86_64-fedora-clang, r-devel-linux-x86_64-fedora-gcc, r-patched-linux-x86_64, r-release-linux-x86_64, r-release-osx-x86_64-mavericks

Version: 0.8.5
Check: R code for possible problems
Result: NOTE
    binary.hess: no visible global function definition for ‘as’
    trust.optim: no visible global function definition for ‘as’
    Undefined global functions or variables:
     as
    Consider adding
     importFrom("methods", "as")
    to your NAMESPACE.
Flavors: r-devel-linux-x86_64-debian-clang, r-devel-linux-x86_64-debian-gcc, r-devel-linux-x86_64-fedora-clang, r-devel-linux-x86_64-fedora-gcc, r-devel-windows-ix86+x86_64