CRAN Package Check Results for Package trustOptim

Last updated on 2015-09-01 06:48:27.

Flavor Version Tinstall Tcheck Ttotal Status Flags
r-devel-linux-x86_64-debian-clang 0.8.5 19.00 40.79 59.79 NOTE
r-devel-linux-x86_64-debian-gcc 0.8.5 22.04 41.66 63.70 NOTE
r-devel-linux-x86_64-fedora-clang 0.8.5 127.29 NOTE
r-devel-linux-x86_64-fedora-gcc 0.8.5 122.52 NOTE
r-devel-osx-x86_64-clang 0.8.5 89.14 OK
r-devel-windows-ix86+x86_64 0.8.5 76.00 92.00 168.00 NOTE
r-patched-linux-x86_64 0.8.5 22.24 42.24 64.48 NOTE
r-patched-solaris-sparc 0.8.5 820.80 OK
r-patched-solaris-x86 0.8.5 159.70 OK
r-release-linux-x86_64 0.8.5 21.47 42.58 64.05 NOTE
r-release-osx-x86_64-mavericks 0.8.5 NOTE
r-release-windows-ix86+x86_64 0.8.5 66.00 129.00 195.00 OK
r-oldrel-windows-ix86+x86_64 0.8.5 72.00 111.00 183.00 OK

Memtest notes: clang-UBSAN gcc-UBSAN

Check Details

Version: 0.8.5
Check: installed package size
Result: NOTE
     installed size is 8.6Mb
     sub-directories of 1Mb or more:
     libs 8.3Mb
Flavors: r-devel-linux-x86_64-debian-clang, r-devel-linux-x86_64-debian-gcc, r-devel-linux-x86_64-fedora-clang, r-devel-linux-x86_64-fedora-gcc, r-patched-linux-x86_64, r-release-linux-x86_64, r-release-osx-x86_64-mavericks

Version: 0.8.5
Check: R code for possible problems
Result: NOTE
    binary.hess: no visible global function definition for ‘as’
    trust.optim: no visible global function definition for ‘as’
    Undefined global functions or variables:
     as
    Consider adding
     importFrom("methods", "as")
    to your NAMESPACE (and ensure that your DESCRIPTION Imports field
    contains 'methods').
Flavors: r-devel-linux-x86_64-debian-clang, r-devel-linux-x86_64-debian-gcc, r-devel-linux-x86_64-fedora-clang, r-devel-linux-x86_64-fedora-gcc, r-devel-windows-ix86+x86_64