CRAN Package Check Results for Package trustOptim

Last updated on 2016-07-30 14:50:01.

Flavor Version Tinstall Tcheck Ttotal Status Flags
r-devel-linux-x86_64-debian-clang 0.8.5 24.18 43.17 67.35 NOTE
r-devel-linux-x86_64-debian-gcc 0.8.5 23.95 41.55 65.49 NOTE
r-devel-linux-x86_64-fedora-clang 0.8.5 131.30 NOTE
r-devel-linux-x86_64-fedora-gcc 0.8.5 121.45 NOTE
r-devel-osx-x86_64-clang 0.8.5 98.17 NOTE
r-devel-windows-ix86+x86_64 0.8.5 52.00 93.00 145.00 NOTE
r-patched-linux-x86_64 0.8.5 20.47 40.58 61.06 NOTE
r-patched-solaris-sparc 0.8.5 663.90 NOTE
r-patched-solaris-x86 0.8.5 139.50 NOTE
r-release-linux-x86_64 0.8.5 23.52 46.58 70.10 NOTE
r-release-osx-x86_64-mavericks 0.8.5 NOTE
r-release-windows-ix86+x86_64 0.8.5 82.00 91.00 173.00 NOTE
r-oldrel-windows-ix86+x86_64 0.8.5 64.00 133.00 197.00 OK

Check Details

Version: 0.8.5
Check: installed package size
Result: NOTE
     installed size is 8.5Mb
     sub-directories of 1Mb or more:
     libs 8.2Mb
Flavors: r-devel-linux-x86_64-debian-clang, r-devel-linux-x86_64-debian-gcc, r-devel-linux-x86_64-fedora-clang, r-devel-linux-x86_64-fedora-gcc, r-patched-linux-x86_64, r-release-linux-x86_64, r-release-osx-x86_64-mavericks

Version: 0.8.5
Check: R code for possible problems
Result: NOTE
    binary.hess: no visible global function definition for ‘as’
    trust.optim: no visible global function definition for ‘as’
    Undefined global functions or variables:
     as
    Consider adding
     importFrom("methods", "as")
    to your NAMESPACE file (and ensure that your DESCRIPTION Imports field
    contains 'methods').
Flavors: r-devel-linux-x86_64-debian-clang, r-devel-linux-x86_64-debian-gcc, r-devel-linux-x86_64-fedora-clang, r-devel-linux-x86_64-fedora-gcc, r-devel-osx-x86_64-clang, r-devel-windows-ix86+x86_64, r-patched-linux-x86_64, r-patched-solaris-sparc, r-patched-solaris-x86, r-release-linux-x86_64, r-release-osx-x86_64-mavericks, r-release-windows-ix86+x86_64