CRAN Package Check Results for Package trustOptim

Last updated on 2016-08-29 21:49:26.

Flavor Version Tinstall Tcheck Ttotal Status Flags
r-devel-linux-x86_64-debian-clang 0.8.5 24.10 472.54 496.64 NOTE
r-devel-linux-x86_64-debian-gcc 0.8.5 23.59 37.19 60.78 NOTE
r-devel-linux-x86_64-fedora-clang 0.8.5 131.86 NOTE
r-devel-linux-x86_64-fedora-gcc 0.8.5 124.62 NOTE
r-devel-osx-x86_64-clang 0.8.5 100.50 NOTE
r-devel-windows-ix86+x86_64 0.8.5 78.00 91.00 169.00 NOTE
r-patched-linux-x86_64 0.8.5 20.12 40.00 60.12 NOTE
r-patched-solaris-sparc 0.8.5 663.90 NOTE
r-patched-solaris-x86 0.8.5 142.50 NOTE
r-release-linux-x86_64 0.8.5 19.33 36.78 56.10 NOTE
r-release-osx-x86_64-mavericks 0.8.5 NOTE
r-release-windows-ix86+x86_64 0.8.5 49.00 74.00 123.00 NOTE
r-oldrel-windows-ix86+x86_64 0.8.5 67.00 136.00 203.00 OK

Check Details

Version: 0.8.5
Check: installed package size
Result: NOTE
     installed size is 8.5Mb
     sub-directories of 1Mb or more:
     libs 8.2Mb
Flavors: r-devel-linux-x86_64-debian-clang, r-devel-linux-x86_64-debian-gcc, r-devel-linux-x86_64-fedora-clang, r-devel-linux-x86_64-fedora-gcc, r-patched-linux-x86_64, r-release-linux-x86_64, r-release-osx-x86_64-mavericks

Version: 0.8.5
Check: R code for possible problems
Result: NOTE
    binary.hess: no visible global function definition for ‘as’
    trust.optim: no visible global function definition for ‘as’
    Undefined global functions or variables:
     as
    Consider adding
     importFrom("methods", "as")
    to your NAMESPACE file (and ensure that your DESCRIPTION Imports field
    contains 'methods').
Flavors: r-devel-linux-x86_64-debian-clang, r-devel-linux-x86_64-debian-gcc, r-devel-linux-x86_64-fedora-clang, r-devel-linux-x86_64-fedora-gcc, r-devel-osx-x86_64-clang, r-devel-windows-ix86+x86_64, r-patched-linux-x86_64, r-patched-solaris-sparc, r-patched-solaris-x86, r-release-linux-x86_64, r-release-osx-x86_64-mavericks, r-release-windows-ix86+x86_64