CRAN Package Check Results for Package trustOptim

Last updated on 2014-04-24 11:48:58.

Flavor Version Tinstall Tcheck Ttotal Status Flags
r-devel-linux-x86_64-debian-clang 0.8.3 14.20 41.26 55.46 NOTE
r-devel-linux-x86_64-debian-gcc 0.8.3 17.34 41.03 58.36 NOTE
r-devel-linux-x86_64-fedora-clang 0.8.3 131.19 NOTE
r-devel-linux-x86_64-fedora-gcc 0.8.3 132.86 NOTE
r-devel-osx-x86_64-clang 0.8.3 107.79 OK
r-devel-osx-x86_64-gcc 0.8.3 NOTE
r-devel-windows-ix86+x86_64 0.8.3 47.00 90.00 137.00 OK
r-patched-linux-x86_64 0.8.3 17.60 41.18 58.78 NOTE
r-patched-solaris-sparc 0.8.3 757.80 NOTE
r-patched-solaris-x86 0.8.3 169.80 NOTE
r-release-linux-ix86 0.8.3 24.00 70.00 94.00 NOTE
r-release-linux-x86_64 0.8.3 17.26 41.04 58.30 NOTE
r-release-osx-x86_64-mavericks 0.8.3 WARN
r-release-osx-x86_64-snowleopard 0.8.3 NOTE
r-release-windows-ix86+x86_64 0.8.3 37.00 87.00 124.00 OK
r-oldrel-windows-ix86+x86_64 0.8.3 41.00 80.00 121.00 OK

Check Details

Version: 0.8.3
Check: installed package size
Result: NOTE
     installed size is 7.7Mb
     sub-directories of 1Mb or more:
     libs 7.2Mb
Flavors: r-devel-linux-x86_64-debian-clang, r-devel-linux-x86_64-debian-gcc, r-devel-linux-x86_64-fedora-clang, r-devel-linux-x86_64-fedora-gcc, r-devel-osx-x86_64-gcc, r-patched-linux-x86_64, r-patched-solaris-sparc, r-patched-solaris-x86, r-release-linux-ix86, r-release-linux-x86_64, r-release-osx-x86_64-mavericks, r-release-osx-x86_64-snowleopard

Version: 0.8.3
Check: re-building of vignette outputs
Result: NOTE
    Error in re-building vignettes:
     ...
    Error in texi2dvi(file = file, pdf = TRUE, clean = clean, quiet = quiet, :
     Running 'texi2dvi' on 'trustOptim.tex' failed.
    LaTeX errors:
    ! LaTeX Error: File `placeins.sty' not found.
    
    Type X to quit or <RETURN> to proceed,
    or enter new name. (Default extension: sty)
    
    ign_test/trustOptim/vignettes/trustOptim.tex:8: ==> Fatal error occurred, no o
    utput PDF file produced!
    Calls: buildVignettes -> texi2pdf -> texi2dvi
    Execution halted
Flavor: r-release-osx-x86_64-mavericks

Version: 0.8.3
Check: PDF version of manual
Result: WARNING
    LaTeX errors when creating PDF version.
    This typically indicates Rd problems.
    LaTeX errors found:
    ! LaTeX Error: File `upquote.sty' not found.
    
    Type X to quit or <RETURN> to proceed,
    or enter new name. (Default extension: sty)
    
    fb54b92/Rd2.tex:8: ==> Fatal error occurred, no output PDF file produced!
Flavor: r-release-osx-x86_64-mavericks

Version: 0.8.3
Check: re-building of vignette outputs
Result: NOTE
    Error in re-building vignettes:
     ...
    Error in texi2dvi(file = file, pdf = TRUE, clean = clean, quiet = quiet, :
     Running 'texi2dvi' on 'trustOptim.tex' failed.
    LaTeX errors:
    ! LaTeX Error: File `placeins.sty' not found.
    
    Type X to quit or <RETURN> to proceed,
    or enter new name. (Default extension: sty)
    Calls: buildVignettes -> texi2pdf -> texi2dvi
    Execution halted
Flavor: r-release-osx-x86_64-snowleopard