CRAN Package Check Results for Package trustOptim

Last updated on 2014-08-21 10:13:35.

Flavor Version Tinstall Tcheck Ttotal Status Flags
r-devel-linux-x86_64-debian-clang 0.8.3 13.80 39.36 53.16 NOTE
r-devel-linux-x86_64-debian-gcc 0.8.3 18.42 39.46 57.88 NOTE
r-devel-linux-x86_64-fedora-clang 0.8.3 126.19 NOTE
r-devel-linux-x86_64-fedora-gcc 0.8.3 126.30 NOTE
r-devel-osx-x86_64-clang 0.8.3 102.15 NOTE
r-devel-windows-ix86+x86_64 0.8.3 50.00 82.00 132.00 OK
r-patched-linux-x86_64 0.8.3 17.50 39.90 57.39 NOTE
r-patched-solaris-sparc 0.8.3 708.00 NOTE
r-patched-solaris-x86 0.8.3 174.50 NOTE
r-release-linux-ix86 0.8.3 20.39 51.28 71.67 NOTE
r-release-linux-x86_64 0.8.3 17.63 39.91 57.54 NOTE
r-release-osx-x86_64-mavericks 0.8.3 NOTE
r-release-osx-x86_64-snowleopard 0.8.3 NOTE
r-release-windows-ix86+x86_64 0.8.3 43.00 86.00 129.00 OK
r-oldrel-windows-ix86+x86_64 0.8.3 43.00 84.00 127.00 OK

Check Details

Version: 0.8.3
Check: installed package size
Result: NOTE
     installed size is 7.7Mb
     sub-directories of 1Mb or more:
     libs 7.2Mb
Flavors: r-devel-linux-x86_64-debian-clang, r-devel-linux-x86_64-debian-gcc, r-devel-linux-x86_64-fedora-clang, r-devel-linux-x86_64-fedora-gcc, r-patched-linux-x86_64, r-patched-solaris-sparc, r-patched-solaris-x86, r-release-linux-ix86, r-release-linux-x86_64, r-release-osx-x86_64-mavericks, r-release-osx-x86_64-snowleopard

Version: 0.8.3
Check: R code for possible problems
Result: NOTE
    demo.get.hess.struct: no visible global function definition for
     ‘Matrix.to.Coord’
Flavors: r-devel-linux-x86_64-fedora-clang, r-devel-linux-x86_64-fedora-gcc, r-devel-osx-x86_64-clang

Version: 0.8.3
Check: re-building of vignette outputs
Result: NOTE
    Error in re-building vignettes:
     ...
    Error in texi2dvi(file = file, pdf = TRUE, clean = clean, quiet = quiet, :
     Running 'texi2dvi' on 'trustOptim.tex' failed.
    LaTeX errors:
    ! LaTeX Error: File `placeins.sty' not found.
    
    Type X to quit or <RETURN> to proceed,
    or enter new name. (Default extension: sty)
    
    ign_test/trustOptim/vignettes/trustOptim.tex:8: ==> Fatal error occurred, no o
    utput PDF file produced!
    Calls: buildVignettes -> texi2pdf -> texi2dvi
    Execution halted
Flavor: r-release-osx-x86_64-mavericks

Version: 0.8.3
Check: re-building of vignette outputs
Result: NOTE
    Error in re-building vignettes:
     ...
    Error in texi2dvi(file = file, pdf = TRUE, clean = clean, quiet = quiet, :
     Running 'texi2dvi' on 'trustOptim.tex' failed.
    LaTeX errors:
    ! LaTeX Error: File `placeins.sty' not found.
    
    Type X to quit or <RETURN> to proceed,
    or enter new name. (Default extension: sty)
    Calls: buildVignettes -> texi2pdf -> texi2dvi
    Execution halted
Flavor: r-release-osx-x86_64-snowleopard