CRAN Package Check Results for Package trustOptim

Last updated on 2016-12-11 03:47:46.

Flavor Version Tinstall Tcheck Ttotal Status Flags
r-devel-linux-x86_64-debian-clang 0.8.5 24.69 43.66 68.35 NOTE
r-devel-linux-x86_64-debian-gcc 0.8.5 24.65 42.34 66.99 NOTE
r-devel-linux-x86_64-fedora-clang 0.8.5 144.51 NOTE --no-stop-on-test-error
r-devel-linux-x86_64-fedora-gcc 0.8.5 139.75 NOTE --no-stop-on-test-error
r-devel-macos-x86_64-clang 0.8.5 96.37 NOTE --no-stop-on-test-error
r-devel-windows-ix86+x86_64 0.8.5 59.00 121.00 180.00 WARN
r-patched-linux-x86_64 0.8.5 20.09 36.68 56.77 NOTE
r-patched-solaris-sparc 0.8.5 654.60 NOTE
r-patched-solaris-x86 0.8.5 133.80 NOTE
r-release-linux-x86_64 0.8.5 19.62 36.67 56.28 NOTE
r-release-osx-x86_64-mavericks 0.8.5 NOTE
r-release-windows-ix86+x86_64 0.8.5 82.00 79.00 161.00 NOTE
r-oldrel-windows-ix86+x86_64 0.8.5 68.00 95.00 163.00 OK

Check Details

Version: 0.8.5
Check: R code for possible problems
Result: NOTE
    binary.hess: no visible global function definition for ‘as’
    trust.optim: no visible global function definition for ‘as’
    Undefined global functions or variables:
     as
    Consider adding
     importFrom("methods", "as")
    to your NAMESPACE file (and ensure that your DESCRIPTION Imports field
    contains 'methods').
Flavors: r-devel-linux-x86_64-debian-clang, r-devel-linux-x86_64-debian-gcc, r-devel-windows-ix86+x86_64, r-patched-linux-x86_64, r-patched-solaris-sparc, r-patched-solaris-x86, r-release-linux-x86_64, r-release-osx-x86_64-mavericks, r-release-windows-ix86+x86_64

Version: 0.8.5
Flags: --no-stop-on-test-error
Check: installed package size
Result: NOTE
     installed size is 8.3Mb
     sub-directories of 1Mb or more:
     libs 8.0Mb
Flavors: r-devel-linux-x86_64-fedora-clang, r-devel-linux-x86_64-fedora-gcc

Version: 0.8.5
Flags: --no-stop-on-test-error
Check: R code for possible problems
Result: NOTE
    binary.hess: no visible global function definition for ‘as’
    trust.optim: no visible global function definition for ‘as’
    Undefined global functions or variables:
     as
    Consider adding
     importFrom("methods", "as")
    to your NAMESPACE file (and ensure that your DESCRIPTION Imports field
    contains 'methods').
Flavors: r-devel-linux-x86_64-fedora-clang, r-devel-linux-x86_64-fedora-gcc, r-devel-macos-x86_64-clang

Version: 0.8.5
Check: files in ‘vignettes’
Result: WARN
    Files in the 'vignettes' directory newer than same file in 'inst/doc':
     'trustOptim-quick.Rmd'
Flavor: r-devel-windows-ix86+x86_64

Version: 0.8.5
Check: installed package size
Result: NOTE
     installed size is 8.3Mb
     sub-directories of 1Mb or more:
     libs 8.0Mb
Flavor: r-release-osx-x86_64-mavericks