CRAN Package Check Results for Package trustOptim

Last updated on 2015-01-30 09:54:36.

Flavor Version Tinstall Tcheck Ttotal Status Flags
r-devel-linux-x86_64-debian-clang 0.8.4.1 20.03 37.72 57.75 NOTE
r-devel-linux-x86_64-debian-gcc 0.8.4.1 16.73 37.78 54.51 NOTE
r-devel-linux-x86_64-fedora-clang 0.8.4.1 131.90 NOTE
r-devel-linux-x86_64-fedora-gcc 0.8.4.1 126.06 NOTE
r-devel-osx-x86_64-clang 0.8.4.1 110.92 OK
r-devel-windows-ix86+x86_64 0.8.4.1 57.00 75.00 132.00 OK
r-patched-linux-x86_64 0.8.4.1 17.73 42.48 60.22 NOTE
r-patched-solaris-sparc 0.8.4.1 725.10 NOTE
r-patched-solaris-x86 0.8.4.1 175.40 NOTE
r-release-linux-ix86 0.8.4.1 18.94 50.82 69.75 NOTE
r-release-linux-x86_64 0.8.4.1 17.16 41.94 59.10 NOTE
r-release-osx-x86_64-mavericks 0.8.4.1 NOTE
r-release-osx-x86_64-snowleopard 0.8.4.1 NOTE
r-release-windows-ix86+x86_64 0.8.4.1 43.00 89.00 132.00 OK
r-oldrel-windows-ix86+x86_64 0.8.3 45.00 93.00 138.00 OK

Check Details

Version: 0.8.4.1
Check: installed package size
Result: NOTE
     installed size is 9.2Mb
     sub-directories of 1Mb or more:
     libs 8.6Mb
Flavors: r-devel-linux-x86_64-debian-clang, r-devel-linux-x86_64-debian-gcc, r-devel-linux-x86_64-fedora-clang, r-devel-linux-x86_64-fedora-gcc, r-patched-linux-x86_64, r-patched-solaris-sparc, r-patched-solaris-x86, r-release-linux-ix86, r-release-linux-x86_64, r-release-osx-x86_64-mavericks, r-release-osx-x86_64-snowleopard