CRAN Package Check Results for Package trustOptim

Last updated on 2015-04-01 17:48:52.

Flavor Version Tinstall Tcheck Ttotal Status Flags
r-devel-linux-x86_64-debian-clang 0.8.5 19.44 49.63 69.07 NOTE
r-devel-linux-x86_64-debian-gcc 0.8.5 20.68 48.20 68.89 NOTE
r-devel-linux-x86_64-fedora-clang 0.8.5 148.45 NOTE
r-devel-linux-x86_64-fedora-gcc 0.8.5 139.24 NOTE
r-devel-osx-x86_64-clang 0.8.5 128.61 OK
r-prerel-windows-ix86+x86_64 0.8.5 53.00 106.00 159.00 OK
r-prerel-linux-x86_64 0.8.5 21.12 48.04 69.16 NOTE
r-prerel-solaris-sparc 0.8.5 852.80 NOTE
r-prerel-solaris-x86 0.8.5 180.80 NOTE
r-release-linux-x86_64 0.8.5 22.17 60.90 83.06 NOTE
r-release-osx-x86_64-mavericks 0.8.5 NOTE
r-release-osx-x86_64-snowleopard 0.8.5 ERROR
r-release-windows-ix86+x86_64 0.8.5 49.00 113.00 162.00 OK
r-oldrel-windows-ix86+x86_64 0.8.3 45.00 93.00 138.00 OK

Memtest notes: UBSAN-gcc

Check Details

Version: 0.8.5
Check: installed package size
Result: NOTE
     installed size is 8.7Mb
     sub-directories of 1Mb or more:
     libs 8.4Mb
Flavors: r-devel-linux-x86_64-debian-clang, r-devel-linux-x86_64-debian-gcc, r-devel-linux-x86_64-fedora-clang, r-devel-linux-x86_64-fedora-gcc, r-prerel-linux-x86_64, r-prerel-solaris-sparc, r-prerel-solaris-x86, r-release-linux-x86_64, r-release-osx-x86_64-mavericks

Version: 0.8.5
Check: whether package can be installed
Result: ERROR
    Installation failed.
Flavor: r-release-osx-x86_64-snowleopard