CRAN Package Check Results for Package trustOptim

Last updated on 2015-03-02 05:47:57.

Flavor Version Tinstall Tcheck Ttotal Status Flags
r-devel-linux-x86_64-debian-clang 0.8.5 18.43 49.49 67.92 NOTE
r-devel-linux-x86_64-debian-gcc 0.8.5 21.03 47.75 68.78 NOTE
r-devel-linux-x86_64-fedora-clang 0.8.5 146.11 NOTE
r-devel-linux-x86_64-fedora-gcc 0.8.5 135.12 NOTE
r-devel-osx-x86_64-clang 0.8.5 119.39 OK
r-devel-windows-ix86+x86_64 0.8.5 75.00 132.00 207.00 OK
r-patched-linux-x86_64 0.8.5 21.64 63.09 84.73 NOTE
r-patched-solaris-sparc 0.8.5 944.60 NOTE
r-patched-solaris-x86 0.8.5 228.00 NOTE
r-release-linux-ix86 0.8.5 24.77 73.78 98.56 NOTE
r-release-linux-x86_64 0.8.5 21.95 64.08 86.02 NOTE
r-release-osx-x86_64-mavericks 0.8.5 NOTE
r-release-osx-x86_64-snowleopard 0.8.5 ERROR
r-release-windows-ix86+x86_64 0.8.5 74.00 163.00 237.00 OK
r-oldrel-windows-ix86+x86_64 0.8.3 45.00 93.00 138.00 OK

Memtest notes: UBSAN-gcc

Check Details

Version: 0.8.5
Check: installed package size
Result: NOTE
     installed size is 9.0Mb
     sub-directories of 1Mb or more:
     libs 8.7Mb
Flavors: r-devel-linux-x86_64-debian-clang, r-devel-linux-x86_64-debian-gcc, r-devel-linux-x86_64-fedora-clang, r-devel-linux-x86_64-fedora-gcc, r-patched-linux-x86_64, r-patched-solaris-sparc, r-patched-solaris-x86, r-release-linux-ix86, r-release-linux-x86_64, r-release-osx-x86_64-mavericks

Version: 0.8.5
Check: whether package can be installed
Result: ERROR
    Installation failed.
Flavor: r-release-osx-x86_64-snowleopard