CRAN Package Check Results for Package trustOptim

Last updated on 2018-05-22 05:49:51 CEST.

Flavor Version Tinstall Tcheck Ttotal Status Flags
r-devel-linux-x86_64-debian-clang 0.8.6.2 38.89 74.95 113.84 OK
r-devel-linux-x86_64-debian-gcc 0.8.6.2 31.01 65.25 96.26 OK
r-devel-linux-x86_64-fedora-clang 0.8.6.2 158.79 NOTE
r-devel-linux-x86_64-fedora-gcc 0.8.6.2 151.24 NOTE
r-devel-windows-ix86+x86_64 0.8.6.2 66.00 170.00 236.00 OK
r-patched-linux-x86_64 0.8.6.2 36.79 68.93 105.72 OK
r-patched-solaris-x86 0.8.6.2 174.90 ERROR
r-release-linux-x86_64 0.8.6.2 37.43 68.67 106.10 OK
r-release-windows-ix86+x86_64 0.8.6.2 85.00 139.00 224.00 OK
r-release-osx-x86_64 0.8.6.2 NOTE
r-oldrel-windows-ix86+x86_64 0.8.6.2 82.00 140.00 222.00 OK
r-oldrel-osx-x86_64 0.8.6.2 NOTE

Check Details

Version: 0.8.6.2
Check: installed package size
Result: NOTE
     installed size is 8.3Mb
     sub-directories of 1Mb or more:
     libs 8.0Mb
Flavors: r-devel-linux-x86_64-fedora-clang, r-devel-linux-x86_64-fedora-gcc, r-release-osx-x86_64, r-oldrel-osx-x86_64

Version: 0.8.6.2
Check: tests
Result: ERROR
     Running ‘testthat.R’
    Running the tests in ‘tests/testthat.R’ failed.
    Complete output:
     > library(testthat)
     > library(trustOptim)
     >
     > test_check("trustOptim")
     Beginning optimization
    
     Iteration has terminated
    
     iter f nrm_gr status
     50 0.000000 0.000000 Success
    
     Beginning optimization
    
     Iteration has terminated
    
     iter f nrm_gr status
     128 0.000000 0.000000 Success
    
     Beginning optimization
    
     Iteration has terminated
    
     iter f nrm_gr status
     287 0.000000 0.000000Radius of trust region is less than stop.trust.radius
    
     ── 1. Failure: Rosenbrock (@test_rosenbrock.R#67) ─────────────────────────────
     opt0\$status does not match "Success".
     Actual value: "Radius of trust region is less than stop\.trust\.radius"
    
     Beginning optimization
    
     Iteration has terminated
    
     iter f nrm_gr status
     65 0.000000 0.000000 Success
    
     ══ testthat results ═══════════════════════════════════════════════════════════
     OK: 15 SKIPPED: 0 FAILED: 1
     1. Failure: Rosenbrock (@test_rosenbrock.R#67)
    
     Error: testthat unit tests failed
     Execution halted
Flavor: r-patched-solaris-x86