CRAN Package Check Results for Package trustOptim

Last updated on 2017-01-17 19:50:12.

Flavor Version Tinstall Tcheck Ttotal Status Flags
r-devel-linux-x86_64-debian-clang 0.8.5 24.42 45.69 70.10 NOTE
r-devel-linux-x86_64-debian-gcc 0.8.5 23.43 41.41 64.85 NOTE
r-devel-linux-x86_64-fedora-clang 0.8.5 147.46 NOTE --no-stop-on-test-error
r-devel-linux-x86_64-fedora-gcc 0.8.5 145.78 NOTE --no-stop-on-test-error
r-devel-macos-x86_64-clang 0.8.5 100.58 NOTE --no-stop-on-test-error
r-devel-windows-ix86+x86_64 0.8.5 78.00 120.00 198.00 NOTE
r-patched-linux-x86_64 0.8.5 20.20 36.88 57.08 NOTE
r-patched-solaris-sparc 0.8.5 659.70 NOTE
r-patched-solaris-x86 0.8.5 142.90 NOTE
r-release-linux-x86_64 0.8.5 19.84 36.64 56.48 NOTE
r-release-osx-x86_64-mavericks 0.8.5 NOTE
r-release-windows-ix86+x86_64 0.8.5 63.00 81.00 144.00 NOTE
r-oldrel-windows-ix86+x86_64 0.8.5 51.00 87.00 138.00 OK

Check Details

Version: 0.8.5
Check: R code for possible problems
Result: NOTE
    binary.hess: no visible global function definition for ‘as’
    trust.optim: no visible global function definition for ‘as’
    Undefined global functions or variables:
     as
    Consider adding
     importFrom("methods", "as")
    to your NAMESPACE file (and ensure that your DESCRIPTION Imports field
    contains 'methods').
Flavors: r-devel-linux-x86_64-debian-clang, r-devel-linux-x86_64-debian-gcc, r-devel-windows-ix86+x86_64, r-patched-linux-x86_64, r-patched-solaris-sparc, r-patched-solaris-x86, r-release-linux-x86_64, r-release-osx-x86_64-mavericks, r-release-windows-ix86+x86_64

Version: 0.8.5
Flags: --no-stop-on-test-error
Check: installed package size
Result: NOTE
     installed size is 8.3Mb
     sub-directories of 1Mb or more:
     libs 8.0Mb
Flavors: r-devel-linux-x86_64-fedora-clang, r-devel-linux-x86_64-fedora-gcc

Version: 0.8.5
Flags: --no-stop-on-test-error
Check: R code for possible problems
Result: NOTE
    binary.hess: no visible global function definition for ‘as’
    trust.optim: no visible global function definition for ‘as’
    Undefined global functions or variables:
     as
    Consider adding
     importFrom("methods", "as")
    to your NAMESPACE file (and ensure that your DESCRIPTION Imports field
    contains 'methods').
Flavors: r-devel-linux-x86_64-fedora-clang, r-devel-linux-x86_64-fedora-gcc, r-devel-macos-x86_64-clang

Version: 0.8.5
Check: installed package size
Result: NOTE
     installed size is 8.3Mb
     sub-directories of 1Mb or more:
     libs 8.0Mb
Flavor: r-release-osx-x86_64-mavericks