CRAN Package Check Results for Package trustOptim

Last updated on 2017-12-17 23:53:32 CET.

Flavor Version Tinstall Tcheck Ttotal Status Flags
r-devel-linux-x86_64-debian-clang 0.8.6.1 34.51 60.50 95.01 OK
r-devel-linux-x86_64-debian-gcc OK
r-devel-linux-x86_64-fedora-clang 0.8.6.1 141.22 NOTE
r-devel-linux-x86_64-fedora-gcc 0.8.6.1 138.06 NOTE
r-devel-windows-ix86+x86_64 0.8.6.1 63.00 113.00 176.00 OK
r-patched-linux-x86_64 0.8.6.1 34.82 73.28 108.10 OK
r-patched-solaris-x86 0.8.6.1 167.00 ERROR
r-release-linux-x86_64 0.8.6.1 35.70 73.60 109.30 OK
r-release-windows-ix86+x86_64 0.8.6.1 64.00 103.00 167.00 OK
r-release-osx-x86_64 0.8.6.1 NOTE
r-oldrel-windows-ix86+x86_64 0.8.6 68.00 101.00 169.00 OK
r-oldrel-osx-x86_64 0.8.6.1 ERROR

Check Details

Version: 0.8.6.1
Check: installed package size
Result: NOTE
     installed size is 8.2Mb
     sub-directories of 1Mb or more:
     libs 7.9Mb
Flavors: r-devel-linux-x86_64-fedora-clang, r-devel-linux-x86_64-fedora-gcc, r-release-osx-x86_64

Version: 0.8.6.1
Check: tests
Result: ERROR
     Running ‘testthat.R’
    Running the tests in ‘tests/testthat.R’ failed.
    Complete output:
     > library(testthat)
     > library(trustOptim)
     >
     > test_check("trustOptim")
     Beginning optimization
    
     Iteration has terminated
    
     iter f nrm_gr status
     50 0.000000 0.000000 Success
    
     Beginning optimization
    
     Iteration has terminated
    
     iter f nrm_gr status
     128 0.000000 0.000000 Success
    
     Beginning optimization
    
     Iteration has terminated
    
     iter f nrm_gr status
     287 0.000000 0.000000Radius of trust region is less than stop.trust.radius
    
     ── 1. Failure: Rosenbrock (@test_rosenbrock.R#67) ─────────────────────────────
     opt0\$status does not match "Success".
     Actual value: "Radius of trust region is less than stop\.trust\.radius"
    
     Beginning optimization
    
     Iteration has terminated
    
     iter f nrm_gr status
     65 0.000000 0.000000 Success
    
     ══ testthat results ═══════════════════════════════════════════════════════════
     OK: 15 SKIPPED: 0 FAILED: 1
     1. Failure: Rosenbrock (@test_rosenbrock.R#67)
    
     Error: testthat unit tests failed
     Execution halted
Flavor: r-patched-solaris-x86

Version: 0.8.6.1
Check: whether package can be installed
Result: ERROR
    Installation failed.
Flavor: r-oldrel-osx-x86_64