CRAN Package Check Results for Package trustOptim

Last updated on 2016-02-12 18:49:58.

Flavor Version Tinstall Tcheck Ttotal Status Flags
r-devel-linux-x86_64-debian-gcc 0.8.5 20.74 40.06 60.80 NOTE
r-devel-linux-x86_64-fedora-clang 0.8.5 124.70 NOTE
r-devel-linux-x86_64-fedora-gcc 0.8.5 120.58 NOTE
r-devel-osx-x86_64-clang 0.8.5 118.60 NOTE
r-devel-windows-ix86+x86_64 0.8.5 69.00 93.00 162.00 NOTE
r-patched-linux-x86_64 0.8.5 21.66 43.34 65.01 NOTE
r-patched-solaris-sparc 0.8.5 694.10 OK
r-patched-solaris-x86 0.8.5 148.20 OK
r-release-linux-x86_64 0.8.5 21.40 44.45 65.85 NOTE
r-release-osx-x86_64-mavericks 0.8.5 NOTE
r-release-windows-ix86+x86_64 0.8.5 65.00 93.00 158.00 OK
r-oldrel-windows-ix86+x86_64 0.8.5 76.00 113.00 189.00 OK

Memtest notes: clang-UBSAN gcc6-UBSAN gcc-UBSAN

Check Details

Version: 0.8.5
Check: installed package size
Result: NOTE
     installed size is 8.4Mb
     sub-directories of 1Mb or more:
     libs 8.1Mb
Flavors: r-devel-linux-x86_64-debian-gcc, r-devel-linux-x86_64-fedora-clang, r-devel-linux-x86_64-fedora-gcc, r-patched-linux-x86_64, r-release-linux-x86_64, r-release-osx-x86_64-mavericks

Version: 0.8.5
Check: R code for possible problems
Result: NOTE
    binary.hess: no visible global function definition for ‘as’
    trust.optim: no visible global function definition for ‘as’
    Undefined global functions or variables:
     as
    Consider adding
     importFrom("methods", "as")
    to your NAMESPACE file (and ensure that your DESCRIPTION Imports field
    contains 'methods').
Flavors: r-devel-linux-x86_64-debian-gcc, r-devel-linux-x86_64-fedora-clang, r-devel-linux-x86_64-fedora-gcc, r-devel-osx-x86_64-clang, r-devel-windows-ix86+x86_64