CRAN Package Check Results for Package trustOptim

Last updated on 2017-02-26 23:48:49.

Flavor Version Tinstall Tcheck Ttotal Status Flags
r-devel-linux-x86_64-debian-clang 0.8.5 24.47 45.66 70.13 NOTE
r-devel-linux-x86_64-debian-gcc 0.8.5 24.12 43.75 67.87 NOTE
r-devel-linux-x86_64-fedora-clang 0.8.5 145.88 NOTE --no-stop-on-test-error
r-devel-linux-x86_64-fedora-gcc 0.8.5 161.23 NOTE --no-stop-on-test-error
r-devel-macos-x86_64-clang 0.8.5 107.36 NOTE --no-stop-on-test-error
r-devel-windows-ix86+x86_64 0.8.5 56.00 142.00 198.00 NOTE
r-patched-linux-x86_64 0.8.5 20.47 38.34 58.82 NOTE
r-patched-solaris-sparc 0.8.5 659.70 NOTE
r-patched-solaris-x86 0.8.5 128.90 NOTE
r-release-linux-x86_64 0.8.5 20.48 38.31 58.79 NOTE
r-release-osx-x86_64-mavericks 0.8.5 NOTE
r-release-windows-ix86+x86_64 0.8.5 87.00 124.00 211.00 NOTE
r-oldrel-windows-ix86+x86_64 0.8.5 68.00 165.00 233.00 OK

Check Details

Version: 0.8.5
Check: R code for possible problems
Result: NOTE
    binary.hess: no visible global function definition for ‘as’
    trust.optim: no visible global function definition for ‘as’
    Undefined global functions or variables:
     as
    Consider adding
     importFrom("methods", "as")
    to your NAMESPACE file (and ensure that your DESCRIPTION Imports field
    contains 'methods').
Flavors: r-devel-linux-x86_64-debian-clang, r-devel-linux-x86_64-debian-gcc, r-devel-windows-ix86+x86_64, r-patched-linux-x86_64, r-patched-solaris-sparc, r-patched-solaris-x86, r-release-linux-x86_64, r-release-osx-x86_64-mavericks, r-release-windows-ix86+x86_64

Version: 0.8.5
Check: compiled code
Result: NOTE
    File ‘trustOptim/libs/trustOptim.so’:
     Found no calls to: ‘R_registerRoutines’, ‘R_useDynamicSymbols’
    
    It is good practice to register native routines and to disable symbol
    search.
    
    See ‘Writing portable packages’ in the ‘Writing R Extensions’ manual.
Flavors: r-devel-linux-x86_64-debian-clang, r-devel-linux-x86_64-debian-gcc

Version: 0.8.5
Flags: --no-stop-on-test-error
Check: installed package size
Result: NOTE
     installed size is 8.3Mb
     sub-directories of 1Mb or more:
     libs 8.0Mb
Flavors: r-devel-linux-x86_64-fedora-clang, r-devel-linux-x86_64-fedora-gcc

Version: 0.8.5
Flags: --no-stop-on-test-error
Check: R code for possible problems
Result: NOTE
    binary.hess: no visible global function definition for ‘as’
    trust.optim: no visible global function definition for ‘as’
    Undefined global functions or variables:
     as
    Consider adding
     importFrom("methods", "as")
    to your NAMESPACE file (and ensure that your DESCRIPTION Imports field
    contains 'methods').
Flavors: r-devel-linux-x86_64-fedora-clang, r-devel-linux-x86_64-fedora-gcc, r-devel-macos-x86_64-clang

Version: 0.8.5
Flags: --no-stop-on-test-error
Check: compiled code
Result: NOTE
    File ‘trustOptim/libs/trustOptim.so’:
     Found no calls to: ‘R_registerRoutines’, ‘R_useDynamicSymbols’
    
    It is good practice to register native routines and to disable symbol
    search.
    
    See ‘Writing portable packages’ in the ‘Writing R Extensions’ manual.
Flavors: r-devel-linux-x86_64-fedora-clang, r-devel-linux-x86_64-fedora-gcc, r-devel-macos-x86_64-clang

Version: 0.8.5
Check: installed package size
Result: NOTE
     installed size is 8.3Mb
     sub-directories of 1Mb or more:
     libs 8.0Mb
Flavor: r-release-osx-x86_64-mavericks