CRAN Package Check Results for Package trustOptim

Last updated on 2017-08-18 02:49:30.

Flavor Version Tinstall Tcheck Ttotal Status Flags
r-devel-linux-x86_64-debian-clang 0.8.6 27.09 45.37 72.46 OK
r-devel-linux-x86_64-debian-gcc 0.8.6 27.09 44.73 71.82 OK
r-devel-linux-x86_64-fedora-clang 0.8.6 155.68 NOTE
r-devel-linux-x86_64-fedora-gcc 0.8.6 152.10 NOTE
r-devel-windows-ix86+x86_64 0.8.6 67.00 105.00 172.00 OK
r-patched-linux-x86_64 0.8.6 27.26 45.19 72.45 OK
r-patched-solaris-x86 0.8.6 178.50 ERROR
r-release-linux-x86_64 0.8.6 26.70 46.35 73.05 OK
r-release-windows-ix86+x86_64 0.8.6 70.00 122.00 192.00 OK
r-release-osx-x86_64 0.8.6 NOTE
r-oldrel-windows-ix86+x86_64 0.8.6 57.00 92.00 149.00 OK
r-oldrel-osx-x86_64 0.8.6 NOTE

Check Details

Version: 0.8.6
Check: installed package size
Result: NOTE
     installed size is 8.2Mb
     sub-directories of 1Mb or more:
     libs 7.9Mb
Flavors: r-devel-linux-x86_64-fedora-clang, r-devel-linux-x86_64-fedora-gcc, r-release-osx-x86_64, r-oldrel-osx-x86_64

Version: 0.8.6
Check: tests
Result: ERROR
     Running ‘testthat.R’
    Running the tests in ‘tests/testthat.R’ failed.
    Complete output:
     > library(testthat)
     > library(trustOptim)
     >
     > test_check("trustOptim")
     Beginning optimization
    
     Iteration has terminated
    
     iter f nrm_gr status
     50 0.000000 0.000000 Success
    
     Beginning optimization
    
     Iteration has terminated
    
     iter f nrm_gr status
     128 0.000000 0.000000 Success
    
     Beginning optimization
    
     Iteration has terminated
    
     iter f nrm_gr status
     287 0.000000 0.000000Radius of trust region is less than stop.trust.radius
    
     1. Failure: Rosenbrock (@test_rosenbrock.R#67) ---------------------------------
     opt0$status does not match "Success".
     Actual value: "Radius of trust region is less than stop.trust.radius"
    
    
     Beginning optimization
    
     Iteration has terminated
    
     iter f nrm_gr status
     65 0.000000 0.000000 Success
    
     testthat results ================================================================
     OK: 15 SKIPPED: 0 FAILED: 1
     1. Failure: Rosenbrock (@test_rosenbrock.R#67)
    
     Error: testthat unit tests failed
     Execution halted
Flavor: r-patched-solaris-x86