CRAN Package Check Results for Package trustOptim

Last updated on 2016-05-28 06:47:29.

Flavor Version Tinstall Tcheck Ttotal Status Flags
r-devel-linux-x86_64-debian-gcc 0.8.5 23.08 40.99 64.07 NOTE
r-devel-linux-x86_64-fedora-clang 0.8.5 128.00 NOTE
r-devel-linux-x86_64-fedora-gcc 0.8.5 120.68 NOTE
r-devel-osx-x86_64-clang 0.8.5 129.65 NOTE
r-devel-windows-ix86+x86_64 0.8.5 59.00 93.00 152.00 NOTE
r-patched-linux-x86_64 0.8.5 19.78 40.15 59.93 NOTE
r-patched-solaris-sparc 0.8.5 655.60 NOTE
r-patched-solaris-x86 0.8.5 139.00 NOTE
r-release-linux-x86_64 0.8.5 19.69 40.91 60.60 NOTE
r-release-osx-x86_64-mavericks 0.8.5 NOTE
r-release-windows-ix86+x86_64 0.8.5 82.00 95.00 177.00 NOTE

Check Details

Version: 0.8.5
Check: installed package size
Result: NOTE
     installed size is 8.6Mb
     sub-directories of 1Mb or more:
     libs 8.3Mb
Flavors: r-devel-linux-x86_64-debian-gcc, r-devel-linux-x86_64-fedora-clang, r-devel-linux-x86_64-fedora-gcc, r-patched-linux-x86_64, r-release-linux-x86_64, r-release-osx-x86_64-mavericks

Version: 0.8.5
Check: R code for possible problems
Result: NOTE
    binary.hess: no visible global function definition for ‘as’
    trust.optim: no visible global function definition for ‘as’
    Undefined global functions or variables:
     as
    Consider adding
     importFrom("methods", "as")
    to your NAMESPACE file (and ensure that your DESCRIPTION Imports field
    contains 'methods').
Flavors: r-devel-linux-x86_64-debian-gcc, r-devel-linux-x86_64-fedora-clang, r-devel-linux-x86_64-fedora-gcc, r-devel-osx-x86_64-clang, r-devel-windows-ix86+x86_64, r-patched-linux-x86_64, r-patched-solaris-sparc, r-patched-solaris-x86, r-release-linux-x86_64, r-release-osx-x86_64-mavericks, r-release-windows-ix86+x86_64