CRAN Package Check Results for Package trustOptim

Last updated on 2017-06-25 16:52:36.

Flavor Version Tinstall Tcheck Ttotal Status Flags
r-devel-linux-x86_64-debian-clang 0.8.6 28.30 73.93 102.23 OK
r-devel-linux-x86_64-debian-gcc 0.8.6 26.26 45.18 71.44 OK
r-devel-linux-x86_64-fedora-clang 0.8.6 158.97 NOTE
r-devel-linux-x86_64-fedora-gcc 0.8.6 154.31 NOTE
r-devel-windows-ix86+x86_64 0.8.6 89.00 111.00 200.00 OK
r-patched-linux-x86_64 0.8.6 23.27 45.51 68.78 OK
r-patched-solaris-sparc 0.8.6 645.60 OK
r-patched-solaris-x86 0.8.6 171.50 ERROR
r-release-linux-x86_64 0.8.6 26.21 46.31 72.52 OK
r-release-windows-ix86+x86_64 0.8.6 99.00 148.00 247.00 OK
r-release-osx-x86_64 0.8.6 NOTE
r-oldrel-windows-ix86+x86_64 0.8.6 73.00 131.00 204.00 OK
r-oldrel-osx-x86_64 0.8.6 NOTE

Check Details

Version: 0.8.6
Check: installed package size
Result: NOTE
     installed size is 8.1Mb
     sub-directories of 1Mb or more:
     libs 7.8Mb
Flavors: r-devel-linux-x86_64-fedora-clang, r-devel-linux-x86_64-fedora-gcc, r-release-osx-x86_64, r-oldrel-osx-x86_64

Version: 0.8.6
Check: tests
Result: ERROR
     Running ‘testthat.R’
    Running the tests in ‘tests/testthat.R’ failed.
    Complete output:
     > library(testthat)
     > library(trustOptim)
     >
     > test_check("trustOptim")
     Beginning optimization
    
     Iteration has terminated
    
     iter f nrm_gr status
     50 0.000000 0.000000 Success
    
     Beginning optimization
    
     Iteration has terminated
    
     iter f nrm_gr status
     128 0.000000 0.000000 Success
    
     Beginning optimization
    
     Iteration has terminated
    
     iter f nrm_gr status
     287 0.000000 0.000000Radius of trust region is less than stop.trust.radius
    
     1. Failure: Rosenbrock (@test_rosenbrock.R#67) ---------------------------------
     opt0$status does not match "Success".
     Actual value: "Radius of trust region is less than stop.trust.radius"
    
    
     Beginning optimization
    
     Iteration has terminated
    
     iter f nrm_gr status
     65 0.000000 0.000000 Success
    
     testthat results ================================================================
     OK: 15 SKIPPED: 0 FAILED: 1
     1. Failure: Rosenbrock (@test_rosenbrock.R#67)
    
     Error: testthat unit tests failed
     Execution halted
Flavor: r-patched-solaris-x86