CRAN Package Check Results for Package trustOptim

Last updated on 2017-03-23 23:51:16.

Flavor Version Tinstall Tcheck Ttotal Status Flags
r-devel-linux-x86_64-debian-clang 0.8.5 15.07 45.45 60.52 NOTE
r-devel-linux-x86_64-debian-gcc 0.8.5 16.39 45.79 62.18 NOTE
r-devel-linux-x86_64-fedora-clang 0.8.5 147.19 NOTE --no-stop-on-test-error
r-devel-linux-x86_64-fedora-gcc 0.8.5 141.55 NOTE --no-stop-on-test-error
r-devel-macos-x86_64-clang 0.8.5 106.52 NOTE --no-stop-on-test-error
r-devel-windows-ix86+x86_64 0.8.5 67.00 101.00 168.00 NOTE
r-patched-linux-x86_64 0.8.5 19.90 38.68 58.58 NOTE
r-patched-solaris-sparc 0.8.5 724.20 NOTE
r-patched-solaris-x86 0.8.5 165.10 NOTE
r-release-linux-x86_64 0.8.5 20.30 38.11 58.41 NOTE
r-release-osx-x86_64-mavericks 0.8.5 NOTE
r-release-windows-ix86+x86_64 0.8.5 74.00 100.00 174.00 NOTE
r-oldrel-windows-ix86+x86_64 0.8.5 68.00 127.00 195.00 OK

Check Details

Version: 0.8.5
Check: R code for possible problems
Result: NOTE
    binary.hess: no visible global function definition for ‘as’
    trust.optim: no visible global function definition for ‘as’
    Undefined global functions or variables:
     as
    Consider adding
     importFrom("methods", "as")
    to your NAMESPACE file (and ensure that your DESCRIPTION Imports field
    contains 'methods').
Flavors: r-devel-linux-x86_64-debian-clang, r-devel-linux-x86_64-debian-gcc, r-devel-windows-ix86+x86_64, r-patched-linux-x86_64, r-patched-solaris-sparc, r-patched-solaris-x86, r-release-linux-x86_64, r-release-osx-x86_64-mavericks, r-release-windows-ix86+x86_64

Version: 0.8.5
Check: compiled code
Result: NOTE
    File ‘trustOptim/libs/trustOptim.so’:
     Found no calls to: ‘R_registerRoutines’, ‘R_useDynamicSymbols’
    
    It is good practice to register native routines and to disable symbol
    search.
    
    See ‘Writing portable packages’ in the ‘Writing R Extensions’ manual.
Flavors: r-devel-linux-x86_64-debian-clang, r-devel-linux-x86_64-debian-gcc

Version: 0.8.5
Flags: --no-stop-on-test-error
Check: installed package size
Result: NOTE
     installed size is 8.4Mb
     sub-directories of 1Mb or more:
     libs 8.1Mb
Flavors: r-devel-linux-x86_64-fedora-clang, r-devel-linux-x86_64-fedora-gcc

Version: 0.8.5
Flags: --no-stop-on-test-error
Check: R code for possible problems
Result: NOTE
    binary.hess: no visible global function definition for ‘as’
    trust.optim: no visible global function definition for ‘as’
    Undefined global functions or variables:
     as
    Consider adding
     importFrom("methods", "as")
    to your NAMESPACE file (and ensure that your DESCRIPTION Imports field
    contains 'methods').
Flavors: r-devel-linux-x86_64-fedora-clang, r-devel-linux-x86_64-fedora-gcc, r-devel-macos-x86_64-clang

Version: 0.8.5
Flags: --no-stop-on-test-error
Check: compiled code
Result: NOTE
    File ‘trustOptim/libs/trustOptim.so’:
     Found no calls to: ‘R_registerRoutines’, ‘R_useDynamicSymbols’
    
    It is good practice to register native routines and to disable symbol
    search.
    
    See ‘Writing portable packages’ in the ‘Writing R Extensions’ manual.
Flavors: r-devel-linux-x86_64-fedora-clang, r-devel-linux-x86_64-fedora-gcc, r-devel-macos-x86_64-clang

Version: 0.8.5
Check: installed package size
Result: NOTE
     installed size is 8.3Mb
     sub-directories of 1Mb or more:
     libs 8.0Mb
Flavor: r-release-osx-x86_64-mavericks