CRAN Package Check Results for Package trustOptim

Last updated on 2014-07-29 17:48:00.

Flavor Version Tinstall Tcheck Ttotal Status Flags
r-devel-linux-x86_64-debian-clang 0.8.3 14.07 39.64 53.72 NOTE
r-devel-linux-x86_64-debian-gcc 0.8.3 17.44 39.24 56.68 NOTE
r-devel-linux-x86_64-fedora-clang 0.8.3 128.60 NOTE
r-devel-linux-x86_64-fedora-gcc 0.8.3 127.35 NOTE
r-devel-osx-x86_64-clang 0.8.3 105.02 OK
r-devel-windows-ix86+x86_64 0.8.3 49.00 79.00 128.00 OK
r-patched-linux-x86_64 0.8.3 17.47 39.18 56.65 NOTE
r-patched-solaris-sparc 0.8.3 682.10 NOTE
r-patched-solaris-x86 0.8.3 174.40 NOTE
r-release-linux-ix86 0.8.3 20.22 51.04 71.27 NOTE
r-release-linux-x86_64 0.8.3 17.51 39.79 57.30 NOTE
r-release-osx-x86_64-mavericks 0.8.3 NOTE
r-release-osx-x86_64-snowleopard 0.8.3 NOTE
r-release-windows-ix86+x86_64 0.8.3 41.00 85.00 126.00 OK
r-oldrel-windows-ix86+x86_64 0.8.3 43.00 85.00 128.00 OK

Check Details

Version: 0.8.3
Check: installed package size
Result: NOTE
     installed size is 7.7Mb
     sub-directories of 1Mb or more:
     libs 7.2Mb
Flavors: r-devel-linux-x86_64-debian-clang, r-devel-linux-x86_64-debian-gcc, r-devel-linux-x86_64-fedora-clang, r-devel-linux-x86_64-fedora-gcc, r-patched-linux-x86_64, r-patched-solaris-sparc, r-patched-solaris-x86, r-release-linux-ix86, r-release-linux-x86_64, r-release-osx-x86_64-mavericks, r-release-osx-x86_64-snowleopard

Version: 0.8.3
Check: re-building of vignette outputs
Result: NOTE
    Error in re-building vignettes:
     ...
    Error in texi2dvi(file = file, pdf = TRUE, clean = clean, quiet = quiet, :
     Running 'texi2dvi' on 'trustOptim.tex' failed.
    LaTeX errors:
    ! LaTeX Error: File `placeins.sty' not found.
    
    Type X to quit or <RETURN> to proceed,
    or enter new name. (Default extension: sty)
    
    ign_test/trustOptim/vignettes/trustOptim.tex:8: ==> Fatal error occurred, no o
    utput PDF file produced!
    Calls: buildVignettes -> texi2pdf -> texi2dvi
    Execution halted
Flavor: r-release-osx-x86_64-mavericks

Version: 0.8.3
Check: re-building of vignette outputs
Result: NOTE
    Error in re-building vignettes:
     ...
    Error in texi2dvi(file = file, pdf = TRUE, clean = clean, quiet = quiet, :
     Running 'texi2dvi' on 'trustOptim.tex' failed.
    LaTeX errors:
    ! LaTeX Error: File `placeins.sty' not found.
    
    Type X to quit or <RETURN> to proceed,
    or enter new name. (Default extension: sty)
    Calls: buildVignettes -> texi2pdf -> texi2dvi
    Execution halted
Flavor: r-release-osx-x86_64-snowleopard