Last updated on 2021-04-11 20:47:26 CEST.
Flavor | Version | Tinstall | Tcheck | Ttotal | Status | Flags |
---|---|---|---|---|---|---|
r-devel-linux-x86_64-debian-clang | 1.2.4 | 5.34 | 79.30 | 84.64 | OK | |
r-devel-linux-x86_64-debian-gcc | 1.2.4 | 4.30 | 58.69 | 62.99 | OK | |
r-devel-linux-x86_64-fedora-clang | 1.2.4 | 106.99 | NOTE | |||
r-devel-linux-x86_64-fedora-gcc | 1.2.4 | 92.93 | NOTE | |||
r-devel-windows-ix86+x86_64 | 1.2.4 | 12.00 | 100.00 | 112.00 | OK | |
r-devel-windows-x86_64-gcc10-UCRT | 1.2.4 | NOTE | ||||
r-patched-linux-x86_64 | 1.2.4 | 4.92 | 75.22 | 80.14 | OK | |
r-patched-solaris-x86 | 1.2.4 | 137.40 | NOTE | |||
r-release-linux-x86_64 | 1.2.4 | 4.95 | 75.28 | 80.23 | OK | |
r-release-macos-x86_64 | 1.2.4 | NOTE | ||||
r-release-windows-ix86+x86_64 | 1.2.4 | 11.00 | 105.00 | 116.00 | OK | |
r-oldrel-macos-x86_64 | 1.2.4 | NOTE | ||||
r-oldrel-windows-ix86+x86_64 | 1.2.4 | 5.00 | 79.00 | 84.00 | OK |
Version: 1.2.4
Check: dependencies in R code
Result: NOTE
Namespaces in Imports field not imported from:
‘DT’ ‘ez’ ‘forcats’ ‘ggplot2’
All declared Imports should be used.
Flavors: r-devel-linux-x86_64-fedora-clang, r-devel-linux-x86_64-fedora-gcc, r-devel-windows-x86_64-gcc10-UCRT, r-patched-solaris-x86, r-release-macos-x86_64, r-oldrel-macos-x86_64
Version: 1.2.4
Check: data for non-ASCII characters
Result: NOTE
Note: found 118 marked UTF-8 strings
Flavors: r-devel-linux-x86_64-fedora-clang, r-devel-linux-x86_64-fedora-gcc, r-devel-windows-x86_64-gcc10-UCRT, r-patched-solaris-x86, r-release-macos-x86_64, r-oldrel-macos-x86_64