CRAN Package Check Results for Package tsBSS

Last updated on 2022-07-04 00:52:39 CEST.

Flavor Version Tinstall Tcheck Ttotal Status Flags
r-devel-linux-x86_64-debian-clang 1.0.0 42.67 165.58 208.25 OK
r-devel-linux-x86_64-debian-gcc 1.0.0 34.72 118.97 153.69 OK
r-devel-linux-x86_64-fedora-clang 1.0.0 267.78 OK
r-devel-linux-x86_64-fedora-gcc 1.0.0 254.34 OK
r-devel-windows-x86_64 1.0.0 48.00 205.00 253.00 OK
r-patched-linux-x86_64 1.0.0 42.22 149.07 191.29 OK
r-release-linux-x86_64 1.0.0 30.17 150.92 181.09 OK
r-release-macos-arm64 1.0.0 70.00 OK
r-release-macos-x86_64 1.0.0 124.00 NOTE
r-release-windows-x86_64 1.0.0 50.00 206.00 256.00 OK
r-oldrel-macos-arm64 1.0.0 80.00 OK
r-oldrel-macos-x86_64 1.0.0 87.00 OK
r-oldrel-windows-ix86+x86_64 1.0.0 105.00 271.00 376.00 OK

Check Details

Version: 1.0.0
Check: package dependencies
Result: NOTE
    Package suggested but not available for checking: ‘MTS’
Flavor: r-release-macos-x86_64

Version: 1.0.0
Check: Rd cross-references
Result: NOTE
    Package unavailable to check Rd xrefs: ‘MTS’
Flavor: r-release-macos-x86_64