CRAN Package Check Results for Package tsDyn

Last updated on 2015-02-27 20:49:51.

Flavor Version Tinstall Tcheck Ttotal Status Flags
r-devel-linux-x86_64-debian-clang 0.9-41 4.98 148.18 153.16 NOTE
r-devel-linux-x86_64-debian-gcc 0.9-41 5.15 144.12 149.27 NOTE
r-devel-linux-x86_64-fedora-clang 0.9-41 308.73 NOTE
r-devel-linux-x86_64-fedora-gcc 0.9-41 291.29 NOTE
r-devel-osx-x86_64-clang 0.9-41 272.51 NOTE
r-devel-windows-ix86+x86_64 0.9-41 31.00 307.00 338.00 NOTE
r-patched-linux-x86_64 0.9-41 6.69 178.58 185.27 NOTE
r-patched-solaris-sparc 0.9-41 2015.80 NOTE
r-release-linux-ix86 0.9-41 8.04 206.82 214.86 OK
r-release-linux-x86_64 0.9-41 6.67 180.88 187.55 OK
r-release-osx-x86_64-mavericks 0.9-41 OK
r-release-osx-x86_64-snowleopard 0.9-41 OK
r-release-windows-ix86+x86_64 0.9-41 19.00 376.00 395.00 OK
r-oldrel-windows-ix86+x86_64 0.9-41 21.00 375.00 396.00 OK

Check Details

Version: 0.9-41
Check: DESCRIPTION meta-information
Result: NOTE
    Authors@R field gives more than one person with maintainer role:
     Antonio Fabio Di Narzo [aut, cre]
     Matthieu Stigler <Matthieu.Stigler@gmail.com> [aut, cre]
Flavors: r-devel-linux-x86_64-debian-clang, r-devel-linux-x86_64-debian-gcc, r-devel-linux-x86_64-fedora-clang, r-devel-linux-x86_64-fedora-gcc, r-devel-osx-x86_64-clang, r-devel-windows-ix86+x86_64, r-patched-linux-x86_64, r-patched-solaris-sparc