CRAN Package Check Results for Package tsDyn

Last updated on 2017-07-25 07:47:15.

Flavor Version Tinstall Tcheck Ttotal Status Flags
r-devel-linux-x86_64-debian-clang 0.9-44 5.30 167.52 172.82 NOTE
r-devel-linux-x86_64-debian-gcc 0.9-44 4.95 163.30 168.24 NOTE
r-devel-linux-x86_64-fedora-clang 0.9-44 339.53 NOTE
r-devel-linux-x86_64-fedora-gcc 0.9-44 329.34 NOTE
r-devel-windows-ix86+x86_64 0.9-44 18.00 391.00 409.00 OK
r-patched-linux-x86_64 0.9-44 5.40 166.70 172.10 NOTE
r-patched-solaris-x86 0.9-44 412.40 OK
r-release-linux-x86_64 0.9-44 5.11 167.59 172.70 NOTE
r-release-windows-ix86+x86_64 0.9-44 21.00 521.00 542.00 OK
r-release-osx-x86_64 0.9-44 OK
r-oldrel-windows-ix86+x86_64 0.9-44 17.00 341.00 358.00 OK
r-oldrel-osx-x86_64 0.9-44 NOTE

Check Details

Version: 0.9-44
Check: compiled code
Result: NOTE
    File ‘tsDyn/libs/tsDyn.so’:
     Found no calls to: ‘R_registerRoutines’, ‘R_useDynamicSymbols’
    
    It is good practice to register native routines and to disable symbol
    search.
    
    See ‘Writing portable packages’ in the ‘Writing R Extensions’ manual.
Flavors: r-devel-linux-x86_64-debian-clang, r-devel-linux-x86_64-debian-gcc, r-devel-linux-x86_64-fedora-clang, r-devel-linux-x86_64-fedora-gcc, r-patched-linux-x86_64, r-release-linux-x86_64

Version: 0.9-44
Check: dependencies in R code
Result: NOTE
    Invalid MIT-MAGIC-COOKIE-1 key
Flavor: r-oldrel-osx-x86_64