CRAN Package Check Results for Package tsDyn

Last updated on 2017-01-19 03:53:18.

Flavor Version Tinstall Tcheck Ttotal Status Flags
r-devel-linux-x86_64-debian-clang 0.9-44 5.05 270.17 275.22 OK
r-devel-linux-x86_64-debian-gcc 0.9-44 4.92 156.28 161.21 OK
r-devel-linux-x86_64-fedora-clang 0.9-44 335.13 OK --no-stop-on-test-error
r-devel-linux-x86_64-fedora-gcc 0.9-44 334.17 OK --no-stop-on-test-error
r-devel-macos-x86_64-clang 0.9-44 237.34 OK --no-stop-on-test-error
r-devel-windows-ix86+x86_64 0.9-44 25.00 476.00 501.00 OK
r-patched-linux-x86_64 0.9-44 4.76 135.84 140.60 OK
r-patched-solaris-sparc 0.9-44 1663.40 OK
r-patched-solaris-x86 0.9-44 334.70 OK
r-release-linux-x86_64 0.9-44 4.61 137.20 141.81 OK
r-release-osx-x86_64-mavericks 0.9-44 NOTE
r-release-windows-ix86+x86_64 0.9-44 16.00 299.00 315.00 OK
r-oldrel-windows-ix86+x86_64 0.9-44 22.00 357.00 379.00 OK

Check Details

Version: 0.9-44
Check: dependencies in R code
Result: NOTE
    Invalid MIT-MAGIC-COOKIE-1 key
Flavor: r-release-osx-x86_64-mavericks