CRAN Package Check Results for Package tsDyn

Last updated on 2015-06-30 18:47:40.

Flavor Version Tinstall Tcheck Ttotal Status Flags
r-devel-linux-x86_64-debian-clang 0.9-43 4.80 151.00 155.81 NOTE
r-devel-linux-x86_64-debian-gcc 0.9-43 4.98 146.50 151.49 NOTE
r-devel-linux-x86_64-fedora-clang 0.9-43 309.02 NOTE
r-devel-linux-x86_64-fedora-gcc 0.9-43 291.85 OK
r-devel-osx-x86_64-clang 0.9-43 227.93 OK
r-devel-windows-ix86+x86_64 0.9-43 21.00 297.00 318.00 NOTE
r-patched-linux-x86_64 0.9-43 4.78 146.51 151.30 OK
r-patched-solaris-sparc 0.9-43 1823.90 OK
r-patched-solaris-x86 0.9-43 373.40 OK
r-release-linux-x86_64 0.9-43 4.85 147.02 151.87 OK
r-release-osx-x86_64-mavericks 0.9-43 OK
r-release-windows-ix86+x86_64 0.9-43 22.00 316.00 338.00 OK
r-oldrel-windows-ix86+x86_64 0.9-43 23.00 386.00 409.00 OK

Check Details

Version: 0.9-43
Check: R code for possible problems
Result: NOTE
    AIC.VECM: no visible global function definition for ‘residuals’
    AIC.nlVar: no visible global function definition for ‘residuals’
    BBCTest : Wald: no visible global function definition for ‘lm.fit’
    BBCTest : LM: no visible global function definition for ‘lm.fit’
    BIC.VECM: no visible global function definition for ‘residuals’
    BIC.nlVar: no visible global function definition for ‘residuals’
    G: no visible binding for global variable ‘plogis’
    G: no visible global function definition for ‘plogis’
    KapShinTest: no visible global function definition for ‘residuals’
    KapShinTest: no visible global function definition for ‘lm’
    KapShinTest : wald: no visible global function definition for ‘lm.fit’
    KapShinTest: no visible global function definition for ‘na.omit’
    TVAR: no visible global function definition for ‘embed’
    TVAR : loop1_onedummy: no visible global function definition for
     ‘lm.fit’
    TVAR : loop1_twodummy: no visible global function definition for
     ‘lm.fit’
    TVAR : loop1_twodummy_oneIntercept: no visible global function
     definition for ‘lm.fit’
    TVAR : loop2: no visible global function definition for ‘lm.fit’
    TVAR : loop2_oneIntercept: no visible global function definition for
     ‘lm.fit’
    TVAR: no visible global function definition for ‘lm.fit’
    TVAR: no visible global function definition for ‘layout’
    TVAR.LRtest: no visible global function definition for ‘embed’
    TVAR.LRtest : bootstraploop: no visible global function definition for
     ‘embed’
    TVAR.LRtest: no visible global function definition for ‘quantile’
    TVAR.LRtest: no visible global function definition for ‘layout’
    TVAR.LRtest: no visible global function definition for ‘density’
    TVAR.LRtest: no visible global function definition for ‘dchisq’
    TVAR.LRtest: no visible global function definition for ‘abline’
    TVAR.LRtest : dchis1: no visible global function definition for
     ‘dchisq’
    TVAR.LRtest: no visible global function definition for ‘curve’
    TVAR.LRtest: no visible global function definition for ‘legend’
    TVAR.LRtest : dchis2: no visible global function definition for
     ‘dchisq’
    TVAR.LRtest : dchis: no visible global function definition for ‘dchisq’
    TVAR.gen: no visible global function definition for ‘quantile’
    TVAR.gen: no visible global function definition for ‘residuals’
    TVAR.gen: no visible global function definition for ‘tail’
    TVAR_thresh: no visible global function definition for ‘embed’
    TVECM: no visible global function definition for ‘embed’
    TVECM: no visible global function definition for ‘lm’
    TVECM: no visible global function definition for ‘pt’
    TVECM : oneSearch: no visible global function definition for ‘points’
    TVECM : oneSearch: no visible global function definition for ‘layout’
    TVECM : oneSearch: no visible global function definition for ‘abline’
    TVECM : oneSearch: no visible global function definition for ‘legend’
    TVECM.HStest: no visible global function definition for ‘embed’
    TVECM.HStest : lmtest02: no visible global function definition for
     ‘lm.fit’
    TVECM.HStest : lmtest02_boot: no visible global function definition for
     ‘lm.fit’
    TVECM.HStest : lmtest_withBoot: no visible global function definition
     for ‘rnorm’
    TVECM.HStest: no visible global function definition for ‘residuals’
    TVECM.HStest: no visible global function definition for ‘quantile’
    TVECM.SeoTest: no visible global function definition for ‘embed’
    TVECM.SeoTest: no visible global function definition for ‘lm’
    TVECM.SeoTest : bootstraploop: no visible global function definition
     for ‘embed’
    TVECM.SeoTest: no visible global function definition for ‘quantile’
    TVECM.SeoTest: no visible global function definition for ‘density’
    TVECM.SeoTest: no visible global function definition for ‘abline’
    TVECM.SeoTest: no visible global function definition for ‘legend’
    TVECM.sim: no visible global function definition for ‘residuals’
    VAR.boot: no visible global function definition for ‘coef’
    VAR.boot: no visible global function definition for ‘residuals’
    VAR.boot: no visible global function definition for ‘rnorm’
    VARrep.VAR: no visible global function definition for ‘coef’
    VARrep.VAR: no visible global function definition for ‘tail’
    VARrep.VECM: no visible global function definition for ‘tail’
    aar: no visible global function definition for ‘as.formula’
    aar: no visible global function definition for ‘coef’
    accuracy_stat.pred_roll: no visible global function definition for
     ‘aggregate’
    accuracy_stat.pred_roll: no visible binding for global variable
     ‘weighted.mean’
    acf.custom: no visible global function definition for ‘acf’
    acf.custom: no visible global function definition for ‘plot’
    addRegime.star: no visible global function definition for ‘rnorm’
    autopairs : <anonymous>: no visible global function definition for
     ‘plot’
    autotriples : <anonymous>: no visible global function definition for
     ‘contour’
    autotriples : <anonymous>: no visible global function definition for
     ‘persp’
    autotriples : <anonymous>: no visible global function definition for
     ‘image’
    coef.lstar: no visible global function definition for ‘head’
    coef.setar: no visible global function definition for ‘head’
    coefA.VECM: no visible global function definition for ‘coef’
    coefA.list: no visible global function definition for ‘coef’
    coefMat.default: no visible global function definition for
     ‘coefficients’
    condiStep: no visible global function definition for ‘head’
    confint.lstar: no visible global function definition for
     ‘confint.default’
    delta.lin: no visible global function definition for ‘var’
    delta.lin.test: no visible global function definition for ‘sd’
    delta.lin.test: no visible global function definition for ‘ar’
    delta.lin.test: no visible global function definition for ‘arima.sim’
    delta.lin.test : <anonymous>: no visible global function definition for
     ‘rnorm’
    delta.test: no visible global function definition for ‘sd’
    estimateParams.star: no visible global function definition for ‘optim’
    extendBoot: no visible global function definition for ‘quantile’
    fitted.nlar: no visible global function definition for ‘tsp<-’
    fitted.nlar: no visible global function definition for ‘tsp’
    fitted.nlar: no visible global function definition for ‘as.ts’
    gamma_doornik: no visible global function definition for ‘pgamma’
    gamma_doornik: no visible global function definition for ‘qgamma’
    getSSR: no visible global function definition for ‘lm.fit’
    getTh.default: no visible global function definition for ‘coef’
    isLinear.lstar: no visible global function definition for ‘lm’
    isLinear.lstar: no visible global function definition for ‘pf’
    lineVar: no visible global function definition for ‘embed’
    lineVar: no visible global function definition for ‘lm’
    lineVar: no visible global function definition for ‘tail’
    lineVar: no visible global function definition for ‘lm.fit’
    lineVar: no visible global function definition for ‘residuals’
    linear: no visible global function definition for ‘lm.fit’
    linear: no visible global function definition for ‘coef’
    linearityTest.star: no visible global function definition for ‘lm’
    linearityTest.star: no visible binding for global variable ‘sd’
    linearityTest.star: no visible global function definition for ‘pf’
    llar: no visible global function definition for ‘sd’
    llar.step: no visible global function definition for ‘lm.fit’
    lstar: no visible global function definition for ‘quantile’
    lstar: no visible global function definition for ‘as.ts’
    lstar: no visible global function definition for ‘lm.fit’
    lstar : gradEhat: no visible global function definition for ‘lm.fit’
    lstar : SS: no visible global function definition for ‘lm.fit’
    lstar: no visible global function definition for ‘optim’
    lstar: no visible global function definition for ‘optimHess’
    mutual.custom: no visible global function definition for ‘plot’
    mutual.custom: no visible global function definition for ‘abline’
    myHead: no visible binding for global variable ‘head’
    myHead: no visible global function definition for ‘head’
    myTail: no visible binding for global variable ‘tail’
    myTail: no visible global function definition for ‘tail’
    nlar.struct: no visible global function definition for ‘as.ts’
    npar.VECM: no visible global function definition for ‘coef’
    npar.default: no visible global function definition for ‘coef’
    oneStep.linear: no visible global function definition for ‘coef’
    oneStep.lstar: no visible global function definition for ‘plogis’
    oneStep.nnetTs: no visible global function definition for ‘predict’
    pacf.custom: no visible global function definition for ‘pacf’
    pacf.custom: no visible global function definition for ‘plot’
    plot.Hansen99Test: no visible global function definition for ‘layout’
    plot.Hansen99Test: no visible global function definition for ‘plot’
    plot.Hansen99Test: no visible global function definition for ‘density’
    plot.Hansen99Test: no visible global function definition for ‘dchisq’
    plot.Hansen99Test: no visible global function definition for ‘title’
    plot.Hansen99Test: no visible global function definition for ‘abline’
    plot.Hansen99Test: no visible global function definition for ‘curve’
    plot.Hansen99Test: no visible global function definition for ‘lines’
    plot.Hansen99Test: no visible global function definition for ‘legend’
    plot.TVAR: no visible global function definition for ‘par’
    plot.TVAR: no visible global function definition for ‘layout’
    plot.TVECMHanSeo02Test: no visible global function definition for ‘par’
    plot.TVECMHanSeo02Test: no visible global function definition for
     ‘layout’
    plot.TVECMHanSeo02Test: no visible global function definition for
     ‘plot’
    plot.TVECMHanSeo02Test: no visible global function definition for
     ‘title’
    plot.TVECMHanSeo02Test: no visible global function definition for
     ‘points’
    plot.TVECMHanSeo02Test: no visible global function definition for
     ‘segments’
    plot.TVECMHanSeo02Test: no visible global function definition for
     ‘na.omit’
    plot.TVECMHanSeo02Test: no visible global function definition for
     ‘tail’
    plot.TVECMHanSeo02Test: no visible global function definition for
     ‘abline’
    plot.TVECMHanSeo02Test: no visible global function definition for
     ‘legend’
    plot.TVECMHanSeo02Test: no visible global function definition for
     ‘density’
    plot.TVECMSeo06Test: no visible global function definition for ‘plot’
    plot.TVECMSeo06Test: no visible global function definition for
     ‘density’
    plot.TVECMSeo06Test: no visible global function definition for ‘abline’
    plot.TVECMSeo06Test: no visible global function definition for ‘legend’
    plot.aar: no visible global function definition for ‘par’
    plot.aar: no visible global function definition for ‘plot’
    plot.llar: no visible global function definition for ‘plot’
    plot.lstar: no visible global function definition for ‘par’
    plot.lstar: no visible global function definition for ‘tail’
    plot.lstar: no visible global function definition for ‘plogis’
    plot.lstar: no visible global function definition for ‘quantile’
    plot.lstar: no visible global function definition for ‘rgb’
    plot.lstar: no visible global function definition for ‘plot’
    plot.lstar: no visible global function definition for ‘lines.default’
    plot.lstar: no visible global function definition for ‘axis’
    plot.lstar: no visible global function definition for ‘segments’
    plot.nlar: no visible global function definition for ‘par’
    plot.nlar: no visible global function definition for ‘plot’
    plot.nlar: no visible global function definition for ‘residuals’
    plot.nlar: no visible global function definition for ‘acf’
    plot.nlar: no visible global function definition for ‘pacf’
    plot.setar: no visible global function definition for ‘par’
    plot.setar: no visible global function definition for ‘coef’
    plot.setar: no visible global function definition for ‘plot’
    plot.setar: no visible global function definition for ‘lines.default’
    plot.setar: no visible global function definition for ‘title’
    plot.setar: no visible global function definition for ‘abline’
    plot.setar: no visible global function definition for ‘axis’
    plot.setar: no visible global function definition for ‘segments’
    plot.setar: no visible global function definition for ‘layout’
    plot1: no visible global function definition for ‘plot.ts’
    plot1: no visible global function definition for ‘title’
    plot1: no visible global function definition for ‘abline’
    plot1: no visible global function definition for ‘legend’
    plot2: no visible global function definition for ‘ts.plot’
    plot2: no visible global function definition for ‘title’
    plot2: no visible global function definition for ‘abline’
    plot2: no visible global function definition for ‘points’
    plot2: no visible global function definition for ‘legend’
    plot3: no visible global function definition for ‘plot’
    plot3: no visible global function definition for ‘title’
    plot3: no visible global function definition for ‘points’
    plot3: no visible global function definition for ‘legend’
    predict.VAR: no visible global function definition for ‘coef’
    predict.VECMMiddleold: no visible global function definition for ‘tail’
    predict.nlar: no visible global function definition for ‘residuals’
    predict.nlar: no visible global function definition for ‘tsp<-’
    predict.nlar : pred_fun: no visible global function definition for
     ‘rnorm’
    predict.nlar: no visible binding for global variable ‘quantile’
    predict.nlar: no visible global function definition for ‘is.ts’
    predict.nlar: no visible global function definition for ‘ts’
    predict.nlar: no visible global function definition for ‘tsp’
    predict.nlar: no visible global function definition for ‘deltat’
    predict.nlar: no visible global function definition for ‘frequency’
    predict2.VAR: no visible global function definition for ‘coef’
    predict2.VAR: no visible global function definition for ‘tail’
    predictOld.VAR: no visible global function definition for ‘predict’
    predictOld.VECM: no visible global function definition for ‘predict’
    predict_rolling.nlar: no visible global function definition for
     ‘predict’
    predict_rolling_1step.nlVar: no visible binding for global variable
     ‘ts’
    predict_rolling_1step.nlVar: no visible global function definition for
     ‘predict’
    print.VAR: no visible global function definition for ‘coef’
    print.setar: no visible global function definition for ‘coef’
    print.summary.linear: no visible global function definition for
     ‘printCoefmat’
    print.summary.lstar: no visible global function definition for
     ‘printCoefmat’
    print.summary.nlar: no visible global function definition for
     ‘quantile’
    print.summary.setar: no visible global function definition for
     ‘printCoefmat’
    rank.select : <anonymous> : <anonymous>: no visible global function
     definition for ‘AIC’
    rank.select : <anonymous> : <anonymous>: no visible binding for global
     variable ‘AIC’
    rank.select : <anonymous> : <anonymous>: no visible binding for global
     variable ‘logLik’
    regime.lstar: no visible global function definition for ‘coef’
    regime.lstar: no visible global function definition for ‘window’
    regime.lstar: no visible global function definition for ‘time’
    regime.nlVar: no visible global function definition for ‘window’
    regime.nlVar: no visible global function definition for ‘time’
    regime.setar: no visible global function definition for ‘window’
    regime.setar: no visible global function definition for ‘time’
    resVar: no visible global function definition for ‘tail’
    resVar: no visible global function definition for ‘na.omit’
    resVar.nlVar: no visible global function definition for ‘residuals’
    resVar.nlVar: no visible global function definition for ‘aggregate’
    resVar.nlVar: no visible binding for global variable ‘var’
    residuals.nlar: no visible global function definition for ‘tsp<-’
    residuals.nlar: no visible global function definition for ‘tsp’
    residuals.nlar: no visible global function definition for ‘as.ts’
    selectLSTAR: no visible global function definition for ‘confint’
    selectLSTAR : <anonymous>: no visible global function definition for
     ‘coef’
    selectLSTAR: no visible global function definition for ‘AIC’
    selectLSTAR: no visible global function definition for ‘coef’
    selectNNET: no visible binding for global variable ‘AIC’
    selectSETAR: no visible global function definition for ‘embed’
    selectSETAR : pooledAIC: no visible global function definition for
     ‘AIC’
    selectSETAR : pooledAIC: no visible global function definition for ‘lm’
    setar: no visible global function definition for ‘embed’
    setar: no visible global function definition for ‘na.omit’
    setar: no visible global function definition for ‘lm.fit’
    setar: no visible global function definition for ‘head’
    setar.sim: no visible binding for global variable ‘rnorm’
    setar.sim: no visible global function definition for ‘coef’
    setar.sim: no visible global function definition for ‘na.omit’
    setar.sim: no visible global function definition for ‘residuals’
    setarTest: no visible global function definition for ‘deviance’
    setarTest: no visible global function definition for ‘na.omit’
    setarTest: no visible global function definition for ‘residuals’
    setarTest : bootHoAr: no visible global function definition for
     ‘deviance’
    setarTest: no visible global function definition for ‘quantile’
    star.predefined: no visible global function definition for ‘tail’
    star.predefined: no visible global function definition for ‘rnorm’
    star.predefined: no visible global function definition for ‘optim’
    startingValues.star: no visible global function definition for
     ‘quantile’
    startingValues.star: no visible global function definition for ‘as.ts’
    summary.TVAR: no visible global function definition for ‘tail.matrix’
    summary.TVAR: no visible global function definition for ‘pt’
    summary.TVAR: no visible global function definition for ‘symnum’
    summary.TVAR: no visible global function definition for ‘deviance’
    summary.TVECM: no visible global function definition for ‘tail.matrix’
    summary.TVECM: no visible global function definition for ‘pt’
    summary.TVECM: no visible global function definition for ‘symnum’
    summary.VAR: no visible global function definition for ‘pt’
    summary.VAR: no visible global function definition for ‘symnum’
    summary.linear: no visible global function definition for ‘pt’
    summary.lstar: no visible global function definition for ‘vcov’
    summary.lstar: no visible global function definition for ‘pnorm’
    summary.lstar: no visible global function definition for ‘tail’
    summary.lstar: no visible global function definition for ‘lm’
    summary.lstar: no visible global function definition for ‘update’
    summary.lstar: no visible global function definition for ‘anova’
    summary.nlar: no visible global function definition for ‘AIC’
    summary.nlar: no visible global function definition for ‘residuals’
    summary.setar: no visible global function definition for ‘pt’
    testRegime.star: no visible global function definition for ‘princomp’
    testRegime.star: no visible global function definition for ‘lm’
    testRegime.star: no visible binding for global variable ‘sd’
    testRegime.star: no visible global function definition for ‘pf’
    toLatex.setar: no visible global function definition for ‘coefficients’
    toMlm.default: no visible global function definition for ‘lm’
    toMlm.nlVar: no visible global function definition for ‘lm’
    vcov.VAR: no visible global function definition for ‘coef’
    vec2var.tsDyn: no visible global function definition for ‘coef’
    vec2var.tsDyn: no visible global function definition for ‘new’
    vec2var.tsDyn: no visible global function definition for ‘tail’
    vec2var.tsDyn: no visible global function definition for ‘residuals’
Flavors: r-devel-linux-x86_64-debian-clang, r-devel-linux-x86_64-debian-gcc, r-devel-linux-x86_64-fedora-clang, r-devel-windows-ix86+x86_64