CRAN Package Check Results for Package tsDyn

Last updated on 2017-11-23 00:47:57 CET.

Flavor Version Tinstall Tcheck Ttotal Status Flags
r-devel-linux-x86_64-debian-clang 0.9-44 4.56 973.43 977.98 NOTE
r-devel-linux-x86_64-debian-gcc 0.9-44 4.98 288.28 293.26 NOTE
r-devel-linux-x86_64-fedora-clang 0.9-44 283.46 NOTE
r-devel-linux-x86_64-fedora-gcc 0.9-44 360.67 NOTE
r-devel-windows-ix86+x86_64 0.9-44 18.00 369.00 387.00 OK
r-patched-linux-x86_64 0.9-44 5.17 159.03 164.20 NOTE
r-patched-solaris-x86 0.9-44 414.00 NOTE
r-release-linux-x86_64 0.9-44 5.12 157.51 162.62 NOTE
r-release-windows-ix86+x86_64 0.9-44 18.00 367.00 385.00 OK
r-release-osx-x86_64 0.9-44 OK
r-oldrel-windows-ix86+x86_64 0.9-44 19.00 338.00 357.00 OK
r-oldrel-osx-x86_64 0.9-44 NOTE

Check Details

Version: 0.9-44
Check: package dependencies
Result: NOTE
    Package suggested but not available for checking: ‘FinTS’
Flavors: r-devel-linux-x86_64-debian-clang, r-devel-linux-x86_64-debian-gcc, r-devel-linux-x86_64-fedora-clang, r-devel-linux-x86_64-fedora-gcc, r-patched-linux-x86_64, r-patched-solaris-x86, r-release-linux-x86_64

Version: 0.9-44
Check: compiled code
Result: NOTE
    File ‘tsDyn/libs/tsDyn.so’:
     Found no calls to: ‘R_registerRoutines’, ‘R_useDynamicSymbols’
    
    It is good practice to register native routines and to disable symbol
    search.
    
    See ‘Writing portable packages’ in the ‘Writing R Extensions’ manual.
Flavors: r-devel-linux-x86_64-debian-clang, r-devel-linux-x86_64-debian-gcc, r-devel-linux-x86_64-fedora-clang, r-devel-linux-x86_64-fedora-gcc, r-patched-linux-x86_64, r-release-linux-x86_64

Version: 0.9-44
Check: dependencies in R code
Result: NOTE
    Invalid MIT-MAGIC-COOKIE-1 key
Flavor: r-oldrel-osx-x86_64