CRAN Package Check Results for Package tsDyn

Last updated on 2017-09-22 05:48:34.

Flavor Version Tinstall Tcheck Ttotal Status Flags
r-devel-linux-x86_64-debian-clang 0.9-44 5.10 159.51 164.60 NOTE
r-devel-linux-x86_64-debian-gcc 0.9-44 5.02 156.14 161.16 NOTE
r-devel-linux-x86_64-fedora-clang 0.9-44 362.38 NOTE
r-devel-linux-x86_64-fedora-gcc 0.9-44 334.93 NOTE
r-devel-windows-ix86+x86_64 0.9-44 18.00 356.00 374.00 OK
r-patched-linux-x86_64 0.9-44 5.04 159.68 164.72 NOTE
r-patched-solaris-x86 0.9-44 426.10 NOTE
r-release-linux-x86_64 0.9-44 5.05 157.33 162.38 NOTE
r-release-windows-ix86+x86_64 0.9-44 18.00 399.00 417.00 OK
r-release-osx-x86_64 0.9-44 OK
r-oldrel-windows-ix86+x86_64 0.9-44 19.00 300.00 319.00 OK
r-oldrel-osx-x86_64 0.9-44 NOTE

Check Details

Version: 0.9-44
Check: package dependencies
Result: NOTE
    Package suggested but not available for checking: ‘FinTS’
Flavors: r-devel-linux-x86_64-debian-clang, r-devel-linux-x86_64-debian-gcc, r-devel-linux-x86_64-fedora-clang, r-devel-linux-x86_64-fedora-gcc, r-patched-linux-x86_64, r-patched-solaris-x86, r-release-linux-x86_64

Version: 0.9-44
Check: compiled code
Result: NOTE
    File ‘tsDyn/libs/tsDyn.so’:
     Found no calls to: ‘R_registerRoutines’, ‘R_useDynamicSymbols’
    
    It is good practice to register native routines and to disable symbol
    search.
    
    See ‘Writing portable packages’ in the ‘Writing R Extensions’ manual.
Flavors: r-devel-linux-x86_64-debian-clang, r-devel-linux-x86_64-debian-gcc, r-devel-linux-x86_64-fedora-clang, r-devel-linux-x86_64-fedora-gcc, r-patched-linux-x86_64, r-release-linux-x86_64

Version: 0.9-44
Check: dependencies in R code
Result: NOTE
    Invalid MIT-MAGIC-COOKIE-1 key
Flavor: r-oldrel-osx-x86_64