CRAN Package Check Results for Package tsDyn

Last updated on 2017-05-25 23:53:16.

Flavor Version Tinstall Tcheck Ttotal Status Flags
r-devel-linux-x86_64-debian-clang 0.9-44 5.18 155.95 161.13 NOTE
r-devel-linux-x86_64-debian-gcc 0.9-44 4.90 152.53 157.42 NOTE
r-devel-linux-x86_64-fedora-clang 0.9-44 338.51 NOTE --no-stop-on-test-error
r-devel-linux-x86_64-fedora-gcc 0.9-44 324.73 NOTE --no-stop-on-test-error
r-devel-windows-ix86+x86_64 0.9-44 18.00 375.00 393.00 OK
r-patched-linux-x86_64 0.9-44 5.09 156.37 161.46 NOTE
r-patched-solaris-sparc 0.9-44 1954.60 OK
r-patched-solaris-x86 0.9-44 401.30 OK
r-release-linux-x86_64 0.9-44 5.11 155.06 160.17 NOTE
r-release-windows-ix86+x86_64 0.9-44 23.00 512.00 535.00 OK
r-release-osx-x86_64 0.9-44 OK
r-oldrel-windows-ix86+x86_64 0.9-44 29.00 323.00 352.00 OK
r-oldrel-osx-x86_64 0.9-44 NOTE

Check Details

Version: 0.9-44
Check: compiled code
Result: NOTE
    File ‘tsDyn/libs/tsDyn.so’:
     Found no calls to: ‘R_registerRoutines’, ‘R_useDynamicSymbols’
    
    It is good practice to register native routines and to disable symbol
    search.
    
    See ‘Writing portable packages’ in the ‘Writing R Extensions’ manual.
Flavors: r-devel-linux-x86_64-debian-clang, r-devel-linux-x86_64-debian-gcc, r-patched-linux-x86_64, r-release-linux-x86_64

Version: 0.9-44
Flags: --no-stop-on-test-error
Check: compiled code
Result: NOTE
    File ‘tsDyn/libs/tsDyn.so’:
     Found no calls to: ‘R_registerRoutines’, ‘R_useDynamicSymbols’
    
    It is good practice to register native routines and to disable symbol
    search.
    
    See ‘Writing portable packages’ in the ‘Writing R Extensions’ manual.
Flavors: r-devel-linux-x86_64-fedora-clang, r-devel-linux-x86_64-fedora-gcc

Version: 0.9-44
Check: dependencies in R code
Result: NOTE
    Invalid MIT-MAGIC-COOKIE-1 key
Flavor: r-oldrel-osx-x86_64