CRAN Package Check Results for Package tsDyn

Last updated on 2017-03-22 23:53:46.

Flavor Version Tinstall Tcheck Ttotal Status Flags
r-devel-linux-x86_64-debian-clang 0.9-44 5.65 159.86 165.51 NOTE
r-devel-linux-x86_64-debian-gcc 0.9-44 4.64 153.20 157.84 NOTE
r-devel-linux-x86_64-fedora-clang 0.9-44 329.43 NOTE --no-stop-on-test-error
r-devel-linux-x86_64-fedora-gcc 0.9-44 327.22 NOTE --no-stop-on-test-error
r-devel-macos-x86_64-clang 0.9-44 246.92 NOTE --no-stop-on-test-error
r-devel-windows-ix86+x86_64 0.9-44 15.00 384.00 399.00 OK
r-patched-linux-x86_64 0.9-44 4.75 136.36 141.11 OK
r-patched-solaris-sparc 0.9-44 1954.60 OK
r-patched-solaris-x86 0.9-44 396.80 OK
r-release-linux-x86_64 0.9-44 4.71 135.70 140.41 OK
r-release-osx-x86_64-mavericks 0.9-44 NOTE
r-release-windows-ix86+x86_64 0.9-44 24.00 301.00 325.00 OK
r-oldrel-windows-ix86+x86_64 0.9-44 24.00 497.00 521.00 OK

Check Details

Version: 0.9-44
Check: compiled code
Result: NOTE
    File ‘tsDyn/libs/tsDyn.so’:
     Found no calls to: ‘R_registerRoutines’, ‘R_useDynamicSymbols’
    
    It is good practice to register native routines and to disable symbol
    search.
    
    See ‘Writing portable packages’ in the ‘Writing R Extensions’ manual.
Flavors: r-devel-linux-x86_64-debian-clang, r-devel-linux-x86_64-debian-gcc

Version: 0.9-44
Flags: --no-stop-on-test-error
Check: compiled code
Result: NOTE
    File ‘tsDyn/libs/tsDyn.so’:
     Found no calls to: ‘R_registerRoutines’, ‘R_useDynamicSymbols’
    
    It is good practice to register native routines and to disable symbol
    search.
    
    See ‘Writing portable packages’ in the ‘Writing R Extensions’ manual.
Flavors: r-devel-linux-x86_64-fedora-clang, r-devel-linux-x86_64-fedora-gcc, r-devel-macos-x86_64-clang

Version: 0.9-44
Check: dependencies in R code
Result: NOTE
    Invalid MIT-MAGIC-COOKIE-1 key
Flavor: r-release-osx-x86_64-mavericks