CRAN Package Check Results for Package tsDyn

Last updated on 2018-02-20 15:49:02 CET.

Flavor Version Tinstall Tcheck Ttotal Status Flags
r-devel-linux-x86_64-debian-clang 0.9-46 16.92 234.88 251.80 OK
r-devel-linux-x86_64-debian-gcc 0.9-46 14.74 178.95 193.69 OK
r-devel-linux-x86_64-fedora-clang 0.9-46 306.65 OK
r-devel-linux-x86_64-fedora-gcc 0.9-46 296.80 OK
r-devel-windows-ix86+x86_64 0.9-46 32.00 359.00 391.00 OK
r-patched-linux-x86_64 0.9-46 7.59 275.38 282.97 OK
r-patched-solaris-x86 0.9-46 436.10 OK
r-release-linux-x86_64 0.9-46 7.51 271.24 278.75 OK
r-release-windows-ix86+x86_64 0.9-46 37.00 519.00 556.00 OK
r-release-osx-x86_64 0.9-46 OK
r-oldrel-windows-ix86+x86_64 0.9-46 32.00 454.00 486.00 OK
r-oldrel-osx-x86_64 0.9-44 NOTE

Additional issues

noLD OpenBLAS

Check Details

Version: 0.9-44
Check: dependencies in R code
Result: NOTE
    Invalid MIT-MAGIC-COOKIE-1 key
Flavor: r-oldrel-osx-x86_64