CRAN Package Check Results for Package tsDyn

Last updated on 2017-02-26 05:49:07.

Flavor Version Tinstall Tcheck Ttotal Status Flags
r-devel-linux-x86_64-debian-clang 0.9-44 5.11 158.05 163.16 NOTE
r-devel-linux-x86_64-debian-gcc 0.9-44 5.10 152.83 157.94 NOTE
r-devel-linux-x86_64-fedora-clang 0.9-44 330.21 NOTE --no-stop-on-test-error
r-devel-linux-x86_64-fedora-gcc 0.9-44 361.23 NOTE --no-stop-on-test-error
r-devel-macos-x86_64-clang 0.9-44 249.45 NOTE --no-stop-on-test-error
r-devel-windows-ix86+x86_64 0.9-44 24.00 481.00 505.00 OK
r-patched-linux-x86_64 0.9-44 4.66 136.11 140.77 OK
r-patched-solaris-sparc 0.9-44 1663.40 OK
r-patched-solaris-x86 0.9-44 343.20 OK
r-release-linux-x86_64 0.9-44 4.73 134.25 138.98 OK
r-release-osx-x86_64-mavericks 0.9-44 NOTE
r-release-windows-ix86+x86_64 0.9-44 29.00 348.00 377.00 OK
r-oldrel-windows-ix86+x86_64 0.9-44 28.00 470.00 498.00 OK

Check Details

Version: 0.9-44
Check: compiled code
Result: NOTE
    File ‘tsDyn/libs/tsDyn.so’:
     Found no calls to: ‘R_registerRoutines’, ‘R_useDynamicSymbols’
    
    It is good practice to register native routines and to disable symbol
    search.
    
    See ‘Writing portable packages’ in the ‘Writing R Extensions’ manual.
Flavors: r-devel-linux-x86_64-debian-clang, r-devel-linux-x86_64-debian-gcc

Version: 0.9-44
Flags: --no-stop-on-test-error
Check: compiled code
Result: NOTE
    File ‘tsDyn/libs/tsDyn.so’:
     Found no calls to: ‘R_registerRoutines’, ‘R_useDynamicSymbols’
    
    It is good practice to register native routines and to disable symbol
    search.
    
    See ‘Writing portable packages’ in the ‘Writing R Extensions’ manual.
Flavors: r-devel-linux-x86_64-fedora-clang, r-devel-linux-x86_64-fedora-gcc, r-devel-macos-x86_64-clang

Version: 0.9-44
Check: dependencies in R code
Result: NOTE
    Invalid MIT-MAGIC-COOKIE-1 key
Flavor: r-release-osx-x86_64-mavericks