CRAN Package Check Results for Package tsModel

Last updated on 2015-04-18 15:47:59.

Flavor Version Tinstall Tcheck Ttotal Status Flags
r-devel-linux-x86_64-debian-clang 0.6 0.68 10.52 11.20 NOTE
r-devel-linux-x86_64-debian-gcc 0.6 0.62 10.25 10.86 NOTE
r-devel-linux-x86_64-fedora-clang 0.6 19.99 NOTE
r-devel-linux-x86_64-fedora-gcc 0.6 19.50 NOTE
r-devel-osx-x86_64-clang 0.6 24.34 NOTE
r-patched-linux-x86_64 0.6 0.61 10.62 11.22 NOTE
r-patched-solaris-sparc 0.6 135.50 NOTE
r-patched-solaris-x86 0.6 30.90 NOTE
r-release-linux-x86_64 0.6 0.58 9.29 9.87 NOTE
r-release-osx-x86_64-mavericks 0.6 NOTE
r-release-windows-ix86+x86_64 0.6 2.00 19.00 21.00 NOTE
r-oldrel-windows-ix86+x86_64 0.6 2.00 23.00 25.00 OK

Check Details

Version: 0.6
Check: DESCRIPTION meta-information
Result: NOTE
    Malformed Description field: should contain one or more complete sentences.
Flavors: r-devel-linux-x86_64-debian-clang, r-devel-linux-x86_64-debian-gcc, r-devel-linux-x86_64-fedora-clang, r-devel-linux-x86_64-fedora-gcc, r-devel-osx-x86_64-clang, r-patched-linux-x86_64, r-patched-solaris-sparc, r-patched-solaris-x86, r-release-linux-x86_64, r-release-osx-x86_64-mavericks, r-release-windows-ix86+x86_64