CRAN Package Check Results for Package tsModel

Last updated on 2015-05-24 14:47:14.

Flavor Version Tinstall Tcheck Ttotal Status Flags
r-devel-linux-x86_64-debian-clang 0.6 0.78 11.19 11.97 NOTE
r-devel-linux-x86_64-debian-gcc 0.6 0.58 10.40 10.98 NOTE
r-devel-linux-x86_64-fedora-clang 0.6 20.51 NOTE
r-devel-linux-x86_64-fedora-gcc 0.6 19.22 NOTE
r-devel-osx-x86_64-clang 0.6 24.25 NOTE
r-devel-windows-ix86+x86_64 0.6 3.00 19.00 22.00 NOTE
r-patched-linux-x86_64 0.6 0.58 10.58 11.16 NOTE
r-patched-solaris-sparc 0.6 127.80 NOTE
r-patched-solaris-x86 0.6 31.30 NOTE
r-release-linux-x86_64 0.6 0.58 10.26 10.84 NOTE
r-release-osx-x86_64-mavericks 0.6 NOTE
r-release-osx-x86_64-snowleopard 0.6 NOTE
r-release-windows-ix86+x86_64 0.6 2.00 18.00 20.00 NOTE
r-oldrel-windows-ix86+x86_64 0.6 3.00 31.00 34.00 OK

Check Details

Version: 0.6
Check: DESCRIPTION meta-information
Result: NOTE
    Malformed Description field: should contain one or more complete sentences.
Flavors: r-devel-linux-x86_64-debian-clang, r-devel-linux-x86_64-debian-gcc, r-devel-linux-x86_64-fedora-clang, r-devel-linux-x86_64-fedora-gcc, r-devel-osx-x86_64-clang, r-devel-windows-ix86+x86_64, r-patched-linux-x86_64, r-patched-solaris-sparc, r-patched-solaris-x86, r-release-linux-x86_64, r-release-osx-x86_64-mavericks, r-release-osx-x86_64-snowleopard, r-release-windows-ix86+x86_64