CRAN Package Check Results for Package tsModel

Last updated on 2015-07-29 08:50:26.

Flavor Version Tinstall Tcheck Ttotal Status Flags
r-devel-linux-x86_64-debian-clang 0.6 0.55 10.88 11.43 NOTE
r-devel-linux-x86_64-debian-gcc 0.6 0.56 10.12 10.68 NOTE
r-devel-linux-x86_64-fedora-clang 0.6 20.04 NOTE
r-devel-linux-x86_64-fedora-gcc 0.6 18.62 NOTE
r-devel-osx-x86_64-clang 0.6 19.17 NOTE
r-devel-windows-ix86+x86_64 0.6 2.00 31.00 33.00 NOTE
r-patched-linux-x86_64 0.6 0.64 10.22 10.85 NOTE
r-patched-solaris-sparc 0.6 130.80 NOTE
r-patched-solaris-x86 0.6 31.70 NOTE
r-release-linux-x86_64 0.6 0.58 10.39 10.96 NOTE
r-release-osx-x86_64-mavericks 0.6 NOTE
r-release-windows-ix86+x86_64 0.6 3.00 26.00 29.00 NOTE
r-oldrel-windows-ix86+x86_64 0.6 4.00 20.00 24.00 OK

Check Details

Version: 0.6
Check: DESCRIPTION meta-information
Result: NOTE
    Malformed Description field: should contain one or more complete sentences.
Flavors: r-devel-linux-x86_64-debian-clang, r-devel-linux-x86_64-debian-gcc, r-devel-linux-x86_64-fedora-clang, r-devel-linux-x86_64-fedora-gcc, r-devel-osx-x86_64-clang, r-devel-windows-ix86+x86_64, r-patched-linux-x86_64, r-patched-solaris-sparc, r-patched-solaris-x86, r-release-linux-x86_64, r-release-osx-x86_64-mavericks, r-release-windows-ix86+x86_64

Version: 0.6
Check: R code for possible problems
Result: NOTE
    dLag : dlag.f: no visible global function definition for
     ‘complete.cases’
    distmat: no visible global function definition for ‘dist’
    fitCity: no visible global function definition for ‘glm.control’
    fitCity: no visible global function definition for ‘terms’
    ldmvnorm: no visible global function definition for ‘mahalanobis’
    lspline: no visible global function definition for ‘quantile’
    plot.tsdecomp: no visible global function definition for ‘par’
    plot.tsdecomp: no visible global function definition for ‘plot’
    setupFormula: no visible global function definition for ‘as.formula’
    spatialgibbs: no visible global function definition for ‘rnorm’
    spatialgibbs: no visible global function definition for ‘rgamma’
    spatialgibbs: no visible global function definition for ‘runif’
    tsdecomp: no visible global function definition for ‘fft’
    Undefined global functions or variables:
     as.formula complete.cases dist fft glm.control mahalanobis par plot
     quantile rgamma rnorm runif terms
    Consider adding
     importFrom("graphics", "par", "plot")
     importFrom("stats", "as.formula", "complete.cases", "dist", "fft",
     "glm.control", "mahalanobis", "quantile", "rgamma", "rnorm",
     "runif", "terms")
    to your NAMESPACE.
Flavors: r-devel-linux-x86_64-debian-clang, r-devel-linux-x86_64-debian-gcc, r-devel-linux-x86_64-fedora-clang, r-devel-linux-x86_64-fedora-gcc, r-devel-windows-ix86+x86_64