CRAN Package Check Results for Package tsModel

Last updated on 2015-02-28 17:48:53.

Flavor Version Tinstall Tcheck Ttotal Status Flags
r-devel-linux-x86_64-debian-clang 0.6 0.71 10.70 11.41 NOTE
r-devel-linux-x86_64-debian-gcc 0.6 0.57 10.32 10.90 NOTE
r-devel-linux-x86_64-fedora-clang 0.6 20.96 NOTE
r-devel-linux-x86_64-fedora-gcc 0.6 19.65 NOTE
r-devel-osx-x86_64-clang 0.6 24.40 NOTE
r-devel-windows-ix86+x86_64 0.6 4.00 18.00 22.00 NOTE
r-patched-linux-x86_64 0.6 0.68 11.36 12.04 OK
r-patched-solaris-sparc 0.6 130.40 OK
r-patched-solaris-x86 0.6 34.30 OK
r-release-linux-ix86 0.6 1.11 17.05 18.16 OK
r-release-linux-x86_64 0.6 0.81 10.82 11.63 OK
r-release-osx-x86_64-mavericks 0.6 OK
r-release-windows-ix86+x86_64 0.6 3.00 20.00 23.00 OK
r-oldrel-windows-ix86+x86_64 0.6 2.00 30.00 32.00 OK

Check Details

Version: 0.6
Check: DESCRIPTION meta-information
Result: NOTE
    Malformed Description field: should contain one or more complete sentences.
Flavors: r-devel-linux-x86_64-debian-clang, r-devel-linux-x86_64-debian-gcc, r-devel-linux-x86_64-fedora-clang, r-devel-linux-x86_64-fedora-gcc, r-devel-osx-x86_64-clang, r-devel-windows-ix86+x86_64