CRAN Package Check Results for Package tsModel

Last updated on 2014-04-23 17:47:56.

Flavor Version Tinstall Tcheck Ttotal Status Flags
r-devel-linux-x86_64-debian-clang 0.6 0.65 11.03 11.68 OK
r-devel-linux-x86_64-debian-gcc 0.6 0.62 10.89 11.52 OK
r-devel-linux-x86_64-fedora-clang 0.6 22.36 OK
r-devel-linux-x86_64-fedora-gcc 0.6 21.79 OK
r-devel-osx-x86_64-clang 0.6 25.49 OK
r-devel-osx-x86_64-gcc 0.6 OK
r-devel-windows-ix86+x86_64 0.6 2.00 20.00 22.00 OK
r-patched-linux-x86_64 0.6 0.64 10.78 11.42 OK
r-patched-solaris-sparc 0.6 155.70 OK
r-patched-solaris-x86 0.6 33.50 OK
r-release-linux-ix86 0.6 1.00 23.00 24.00 OK
r-release-linux-x86_64 0.6 0.63 10.91 11.54 OK
r-release-osx-x86_64-mavericks 0.6 WARN
r-release-windows-ix86+x86_64 0.6 2.00 20.00 22.00 OK
r-oldrel-windows-ix86+x86_64 0.6 2.00 19.00 21.00 OK

Check Details

Version: 0.6
Check: PDF version of manual
Result: WARNING
    LaTeX errors when creating PDF version.
    This typically indicates Rd problems.
    LaTeX errors found:
    ! LaTeX Error: File `upquote.sty' not found.
    
    Type X to quit or <RETURN> to proceed,
    or enter new name. (Default extension: sty)
    
    445a2735/Rd2.tex:8: ==> Fatal error occurred, no output PDF file produced!
Flavor: r-release-osx-x86_64-mavericks