CRAN Package Check Results for Package tsbugs

Last updated on 2014-12-22 16:49:56.

Flavor Version Tinstall Tcheck Ttotal Status Flags
r-devel-linux-x86_64-debian-clang 1.2 0.76 10.52 11.27 NOTE
r-devel-linux-x86_64-debian-gcc 1.2 0.68 10.30 10.98 NOTE
r-devel-linux-x86_64-fedora-clang 1.2 23.07 NOTE
r-devel-linux-x86_64-fedora-gcc 1.2 21.26 NOTE
r-devel-osx-x86_64-clang 1.2 28.58 OK
r-devel-windows-ix86+x86_64 1.2 3.00 19.00 22.00 OK
r-patched-linux-x86_64 1.2 0.86 10.54 11.40 NOTE
r-patched-solaris-sparc 1.2 125.30 OK
r-patched-solaris-x86 1.2 31.70 OK
r-release-linux-ix86 1.2 0.92 15.58 16.51 OK
r-release-linux-x86_64 1.2 0.64 10.46 11.11 NOTE
r-release-osx-x86_64-mavericks 1.2 OK
r-release-windows-ix86+x86_64 1.2 3.00 20.00 23.00 OK
r-oldrel-windows-ix86+x86_64 1.2 2.00 21.00 23.00 OK

Check Details

Version: 1.2
Check: Rd line widths
Result: NOTE
    Rd file 'ar.bugs.Rd':
     \examples lines wider than 100 characters:
     ar2 <- ar.bugs(y = diff(LH), ar.order = 2, ar.prior = "dunif(-1,1)", var.prior = "dgamma(0.001,0.001)")
    
    Rd file 'rv.bugs.Rd':
     \usage lines wider than 90 characters:
     rv.tol0.prior = "dgamma(0.000001,0.000001)", rv.eps.prior = "dbeta(1, 100)",
     \examples lines wider than 100 characters:
     plot(NULL, type = "n", xlim = tsp(sigma.pn)[1:2], ylim = range(sigma.pn[, 1:95]), main = "sigma_t")
    
    Rd file 'sv.bugs.Rd':
     \examples lines wider than 100 characters:
     plot(NULL, type = "n", xlim = tsp(sigma.pn)[1:2], ylim = range(sigma.pn[, 1:95]), main = "sigma_t")
    
    These lines will be truncated in the PDF manual.
Flavors: r-devel-linux-x86_64-debian-clang, r-devel-linux-x86_64-debian-gcc, r-devel-linux-x86_64-fedora-clang, r-devel-linux-x86_64-fedora-gcc, r-patched-linux-x86_64, r-release-linux-x86_64