CRAN Package Check Results for Package tsbugs

Last updated on 2015-03-28 16:47:27.

Flavor Version Tinstall Tcheck Ttotal Status Flags
r-devel-linux-x86_64-debian-clang 1.2 0.57 10.16 10.73 NOTE
r-devel-linux-x86_64-debian-gcc 1.2 0.68 9.95 10.62 NOTE
r-devel-linux-x86_64-fedora-clang 1.2 19.84 NOTE
r-devel-linux-x86_64-fedora-gcc 1.2 18.59 NOTE
r-devel-osx-x86_64-clang 1.2 25.98 NOTE
r-prerel-windows-ix86+x86_64 1.2 3.00 16.00 19.00 NOTE
r-prerel-linux-x86_64 1.2 0.60 9.90 10.50 NOTE
r-prerel-solaris-sparc 1.2 123.80 NOTE
r-prerel-solaris-x86 1.2 28.70 NOTE
r-release-linux-x86_64 1.2 0.77 10.74 11.51 NOTE
r-release-osx-x86_64-mavericks 1.2 OK
r-release-windows-ix86+x86_64 1.2 3.00 20.00 23.00 OK
r-oldrel-windows-ix86+x86_64 1.2 3.00 25.00 28.00 OK

Check Details

Version: 1.2
Check: DESCRIPTION meta-information
Result: NOTE
    Malformed Title field: should not end in a period.
Flavors: r-devel-linux-x86_64-debian-clang, r-devel-linux-x86_64-debian-gcc, r-devel-linux-x86_64-fedora-clang, r-devel-linux-x86_64-fedora-gcc, r-devel-osx-x86_64-clang, r-prerel-windows-ix86+x86_64, r-prerel-linux-x86_64, r-prerel-solaris-sparc, r-prerel-solaris-x86

Version: 1.2
Check: S3 generic/method consistency
Result: NOTE
    Found the following apparent S3 methods exported but not registered:
     print.tsbugs
    See section ‘Registering S3 methods’ in the ‘Writing R Extensions’
    manual.
Flavors: r-devel-linux-x86_64-debian-clang, r-devel-linux-x86_64-debian-gcc, r-devel-linux-x86_64-fedora-clang, r-devel-linux-x86_64-fedora-gcc, r-devel-osx-x86_64-clang, r-prerel-linux-x86_64

Version: 1.2
Check: Rd line widths
Result: NOTE
    Rd file 'ar.bugs.Rd':
     \examples lines wider than 100 characters:
     ar2 <- ar.bugs(y = diff(LH), ar.order = 2, ar.prior = "dunif(-1,1)", var.prior = "dgamma(0.001,0.001)")
    
    Rd file 'rv.bugs.Rd':
     \usage lines wider than 90 characters:
     rv.tol0.prior = "dgamma(0.000001,0.000001)", rv.eps.prior = "dbeta(1, 100)",
     \examples lines wider than 100 characters:
     plot(NULL, type = "n", xlim = tsp(sigma.pn)[1:2], ylim = range(sigma.pn[, 1:95]), main = "sigma_t")
    
    Rd file 'sv.bugs.Rd':
     \examples lines wider than 100 characters:
     plot(NULL, type = "n", xlim = tsp(sigma.pn)[1:2], ylim = range(sigma.pn[, 1:95]), main = "sigma_t")
    
    These lines will be truncated in the PDF manual.
Flavors: r-devel-linux-x86_64-debian-clang, r-devel-linux-x86_64-debian-gcc, r-devel-linux-x86_64-fedora-clang, r-devel-linux-x86_64-fedora-gcc, r-prerel-linux-x86_64, r-release-linux-x86_64