CRAN Package Check Results for Package tsbugs

Last updated on 2014-04-23 12:48:30.

Flavor Version Tinstall Tcheck Ttotal Status Flags
r-devel-linux-x86_64-debian-clang 1.2 0.67 10.71 11.38 OK
r-devel-linux-x86_64-debian-gcc 1.2 0.62 10.80 11.42 OK
r-devel-linux-x86_64-fedora-clang 1.2 21.73 NOTE
r-devel-linux-x86_64-fedora-gcc 1.2 20.39 NOTE
r-devel-osx-x86_64-clang 1.2 24.58 OK
r-devel-osx-x86_64-gcc 1.2 NOTE
r-devel-windows-ix86+x86_64 1.2 2.00 18.00 20.00 OK
r-patched-linux-x86_64 1.2 0.62 10.47 11.10 OK
r-patched-solaris-sparc 1.2 124.50 OK
r-patched-solaris-x86 1.2 32.20 OK
r-release-linux-ix86 1.2 1.00 23.00 24.00 OK
r-release-linux-x86_64 1.2 0.62 10.71 11.33 OK
r-release-osx-x86_64-mavericks 1.2 WARN
r-release-windows-ix86+x86_64 1.2 2.00 19.00 21.00 OK
r-oldrel-windows-ix86+x86_64 1.2 2.00 21.00 23.00 OK

Check Details

Version: 1.2
Check: Rd line widths
Result: NOTE
    Rd file 'ar.bugs.Rd':
     \examples lines wider than 100 characters:
     ar2 <- ar.bugs(y = diff(LH), ar.order = 2, ar.prior = "dunif(-1,1)", var.prior = "dgamma(0.001,0.001)")
    
    Rd file 'rv.bugs.Rd':
     \usage lines wider than 90 characters:
     rv.tol0.prior = "dgamma(0.000001,0.000001)", rv.eps.prior = "dbeta(1, 100)",
     \examples lines wider than 100 characters:
     plot(NULL, type = "n", xlim = tsp(sigma.pn)[1:2], ylim = range(sigma.pn[, 1:95]), main = "sigma_t")
    
    Rd file 'sv.bugs.Rd':
     \examples lines wider than 100 characters:
     plot(NULL, type = "n", xlim = tsp(sigma.pn)[1:2], ylim = range(sigma.pn[, 1:95]), main = "sigma_t")
    
    These lines will be truncated in the PDF manual.
Flavors: r-devel-linux-x86_64-fedora-clang, r-devel-linux-x86_64-fedora-gcc

Version: 1.2
Check: package dependencies
Result: NOTE
    Package suggested but not available for checking: ‘R2OpenBUGS’
Flavor: r-devel-osx-x86_64-gcc

Version: 1.2
Check: PDF version of manual
Result: WARNING
    LaTeX errors when creating PDF version.
    This typically indicates Rd problems.
    LaTeX errors found:
    ! LaTeX Error: File `upquote.sty' not found.
    
    Type X to quit or <RETURN> to proceed,
    or enter new name. (Default extension: sty)
    
    572fb63f/Rd2.tex:8: ==> Fatal error occurred, no output PDF file produced!
Flavor: r-release-osx-x86_64-mavericks