CRAN Package Check Results for Package tscount

Last updated on 2020-10-20 18:52:43 CEST.

Flavor Version Tinstall Tcheck Ttotal Status Flags
r-devel-linux-x86_64-debian-clang 1.4.3 6.21 182.87 189.08 OK
r-devel-linux-x86_64-debian-gcc 1.4.3 5.14 121.67 126.81 OK
r-devel-linux-x86_64-fedora-clang 1.4.3 216.91 OK
r-devel-linux-x86_64-fedora-gcc 1.4.3 207.64 OK
r-devel-windows-ix86+x86_64 1.4.3 9.00 152.00 161.00 OK
r-patched-linux-x86_64 1.4.3 6.34 165.79 172.13 OK
r-patched-solaris-x86 1.4.3 237.10 OK
r-release-linux-x86_64 1.4.3 6.21 163.72 169.93 OK
r-release-macos-x86_64 1.4.3 OK
r-release-windows-ix86+x86_64 1.4.3 10.00 145.00 155.00 OK
r-oldrel-macos-x86_64 1.4.3 NOTE
r-oldrel-windows-ix86+x86_64 1.4.3 7.00 197.00 204.00 OK

Check Details

Version: 1.4.3
Check: re-building of vignette outputs
Result: NOTE
    Error(s) in re-building vignettes:
     ...
    --- re-building ‘tsglm.Rnw’ using Sweave
    Error: processing vignette 'tsglm.Rnw' failed with diagnostics:
    Running 'texi2dvi' on 'tsglm.tex' failed.
    LaTeX errors:
    !pdfTeX error: pdflatex (file bbm10): Font bbm10 at 657 not found
     ==> Fatal error occurred, no output PDF file produced!
    --- failed re-building 'tsglm.Rnw'
    
    SUMMARY: processing the following file failed:
     'tsglm.Rnw'
    
    Error: Vignette re-building failed.
    Execution halted
Flavor: r-oldrel-macos-x86_64