CRAN Package Check Results for Package tseries

Last updated on 2016-07-29 17:47:35.

Flavor Version Tinstall Tcheck Ttotal Status Flags
r-devel-linux-x86_64-debian-clang 0.10-35 3.34 24.63 27.96 OK
r-devel-linux-x86_64-debian-gcc 0.10-35 3.55 24.62 28.17 OK
r-devel-linux-x86_64-fedora-clang 0.10-35 41.98 OK
r-devel-linux-x86_64-fedora-gcc 0.10-35 39.17 OK
r-devel-osx-x86_64-clang 0.10-35 37.58 OK
r-devel-windows-ix86+x86_64 0.10-35 20.00 60.00 80.00 OK
r-patched-linux-x86_64 0.10-35 4.44 24.76 29.21 ERROR
r-patched-solaris-sparc 0.10-35 261.60 OK
r-patched-solaris-x86 0.10-35 54.20 OK
r-release-linux-x86_64 0.10-35 3.76 28.86 32.62 OK
r-release-osx-x86_64-mavericks 0.10-35 OK
r-release-windows-ix86+x86_64 0.10-35 19.00 108.00 127.00 OK
r-oldrel-windows-ix86+x86_64 0.10-35 23.00 83.00 106.00 OK

Check Details

Version: 0.10-35
Check: examples
Result: ERROR
    Running examples in ‘tseries-Ex.R’ failed
    The error most likely occurred in:
    
    > ### Name: get.hist.quote
    > ### Title: Download Historical Finance Data
    > ### Aliases: get.hist.quote
    > ### Keywords: ts
    >
    > ### ** Examples
    >
    > con <- url("http://quote.yahoo.com")
    > if(!inherits(try(open(con), silent = TRUE), "try-error")) {
    + close(con)
    + x <- get.hist.quote(instrument = "^gspc", start = "1998-01-01",
    + quote = "Close")
    + plot(x)
    +
    + x <- get.hist.quote(instrument = "ibm", quote = c("Cl", "Vol"))
    + plot(x, main = "International Business Machines Corp")
    +
    + spc <- get.hist.quote(instrument = "^gspc", start = "1998-01-01",
    + quote = "Close")
    + ibm <- get.hist.quote(instrument = "ibm", start = "1998-01-01",
    + quote = "AdjClose")
    + require("zoo") # For merge() method.
    + x <- merge(spc, ibm)
    + plot(x, main = "IBM vs S&P 500")
    + }
    trying URL 'http://chart.yahoo.com/table.csv?s=^gspc&a=0&b=01&c=1998&d=6&e=27&f=2016&g=d&q=q&y=0&z=^gspc&x=.csv'
    Content type 'text/html; charset=utf-8' length 793169 bytes (774 KB)
    ==================================================
    downloaded 774 KB
    
    Error in get.hist.quote(instrument = "^gspc", start = "1998-01-01", quote = "Close") :
     this quote is not available
    Execution halted
Flavor: r-patched-linux-x86_64