CRAN Package Check Results for Package tseries

Last updated on 2015-05-28 09:47:42.

Flavor Version Tinstall Tcheck Ttotal Status Flags
r-devel-linux-x86_64-debian-clang 0.10-34 2.76 22.96 25.72 OK
r-devel-linux-x86_64-debian-gcc 0.10-34 3.04 22.22 25.26 OK
r-devel-linux-x86_64-fedora-clang 0.10-34 43.62 OK
r-devel-linux-x86_64-fedora-gcc 0.10-34 40.70 OK
r-devel-osx-x86_64-clang 0.10-34 45.54 OK
r-devel-windows-ix86+x86_64 0.10-34 15.00 51.00 66.00 OK
r-patched-linux-x86_64 0.10-34 2.94 22.52 25.46 OK
r-patched-solaris-sparc 0.10-34 262.50 OK
r-patched-solaris-x86 0.10-34 58.20 OK
r-release-linux-x86_64 0.10-34 2.99 23.01 26.00 OK
r-release-osx-x86_64-mavericks 0.10-34 OK
r-release-osx-x86_64-snowleopard 0.10-34 ERROR
r-release-windows-ix86+x86_64 0.10-34 16.00 45.00 61.00 OK
r-oldrel-windows-ix86+x86_64 0.10-34 15.00 50.00 65.00 OK

Check Details

Version: 0.10-34
Check: package dependencies
Result: ERROR
    Package required but not available: ‘zoo’
    
    Package suggested but not available for checking: ‘its’
    
    See section ‘The DESCRIPTION file’ in the ‘Writing R Extensions’
    manual.
Flavor: r-release-osx-x86_64-snowleopard