CRAN Package Check Results for Package tseries

Last updated on 2023-06-06 11:57:56 CEST.

Flavor Version Tinstall Tcheck Ttotal Status Flags
r-devel-linux-x86_64-debian-clang 0.10-54 9.64 55.16 64.80 OK
r-devel-linux-x86_64-debian-gcc 0.10-54 6.95 43.92 50.87 OK
r-devel-linux-x86_64-fedora-clang 0.10-54 87.20 NOTE
r-devel-linux-x86_64-fedora-gcc 0.10-54 82.04 NOTE
r-devel-windows-x86_64 0.10-54 14.00 76.00 90.00 OK
r-patched-linux-x86_64 0.10-54 9.85 56.32 66.17 OK
r-release-linux-x86_64 0.10-54 8.04 54.78 62.82 OK
r-release-macos-arm64 0.10-54 43.00 OK
r-release-macos-x86_64 0.10-53 48.00 OK
r-release-windows-x86_64 0.10-54 15.00 85.00 100.00 OK
r-oldrel-macos-arm64 0.10-54 36.00 OK
r-oldrel-macos-x86_64 0.10-54 43.00 OK
r-oldrel-windows-x86_64 0.10-54 15.00 87.00 102.00 OK

Check Details

Version: 0.10-54
Check: dependencies in R code
Result: NOTE
    Namespace in Imports field not imported from: ‘jsonlite’
     All declared Imports should be used.
Flavors: r-devel-linux-x86_64-fedora-clang, r-devel-linux-x86_64-fedora-gcc