CRAN Package Check Results for Package tseries

Last updated on 2017-05-26 20:47:57.

Flavor Version Tinstall Tcheck Ttotal Status Flags
r-devel-linux-x86_64-debian-clang 0.10-40 4.02 69.19 73.22 ERROR
r-devel-linux-x86_64-debian-gcc 0.10-40 3.94 69.59 73.53 ERROR
r-devel-linux-x86_64-fedora-clang 0.10-40 42.49 ERROR
r-devel-linux-x86_64-fedora-gcc 0.10-40 40.47 ERROR
r-devel-windows-ix86+x86_64 0.10-40 17.00 155.00 172.00 ERROR
r-patched-linux-x86_64 0.10-40 3.66 24.11 27.76 ERROR
r-patched-solaris-sparc 0.10-40 269.40 OK
r-patched-solaris-x86 0.10-40 61.50 OK
r-release-linux-x86_64 0.10-40 4.26 69.31 73.57 ERROR
r-release-windows-ix86+x86_64 0.10-40 16.00 50.00 66.00 ERROR
r-release-osx-x86_64 0.10-40 OK
r-oldrel-windows-ix86+x86_64 0.10-40 23.00 136.00 159.00 ERROR
r-oldrel-osx-x86_64 0.10-40 OK

Check Details

Version: 0.10-40
Check: examples
Result: ERROR
    Running examples in ‘tseries-Ex.R’ failed
    The error most likely occurred in:
    
    > base::assign(".ptime", proc.time(), pos = "CheckExEnv")
    > ### Name: get.hist.quote
    > ### Title: Download Historical Finance Data
    > ### Aliases: get.hist.quote
    > ### Keywords: ts
    >
    > ### ** Examples
    >
    > con <- url("https://finance.yahoo.com")
    > if(!inherits(try(open(con), silent = TRUE), "try-error")) {
    + close(con)
    + x <- get.hist.quote(instrument = "^gspc", start = "1998-01-01",
    + quote = "Close")
    + plot(x)
    +
    + x <- get.hist.quote(instrument = "ibm", quote = c("Cl", "Vol"))
    + plot(x, main = "International Business Machines Corp")
    +
    + spc <- get.hist.quote(instrument = "^gspc", start = "1998-01-01",
    + quote = "Close")
    + ibm <- get.hist.quote(instrument = "ibm", start = "1998-01-01",
    + quote = "AdjClose")
    + require("zoo") # For merge() method.
    + x <- merge(spc, ibm)
    + plot(x, main = "IBM vs S&P 500")
    + }
    trying URL 'https://ichart.finance.yahoo.com/table.csv?s=^gspc&a=0&b=01&c=1998&d=4&e=21&f=2017&g=d&q=q&y=0&z=^gspc&x=.csv'
    Warning in download.file(url, destfile, method = method, quiet = quiet) :
     cannot open URL 'https://ichart.finance.yahoo.com/table.csv?s=^gspc&a=0&b=01&c=1998&d=4&e=21&f=2017&g=d&q=q&y=0&z=^gspc&x=.csv': HTTP status was '504 Gateway Timeout'
    download error, retrying ...
    trying URL 'https://ichart.finance.yahoo.com/table.csv?s=^gspc&a=0&b=01&c=1998&d=4&e=21&f=2017&g=d&q=q&y=0&z=^gspc&x=.csv'
    Warning in download.file(url, destfile, method = method, quiet = quiet) :
     cannot open URL 'https://ichart.finance.yahoo.com/table.csv?s=^gspc&a=0&b=01&c=1998&d=4&e=21&f=2017&g=d&q=q&y=0&z=^gspc&x=.csv': HTTP status was '504 Gateway Timeout'
    download error, retrying ...
    trying URL 'https://ichart.finance.yahoo.com/table.csv?s=^gspc&a=0&b=01&c=1998&d=4&e=21&f=2017&g=d&q=q&y=0&z=^gspc&x=.csv'
    Warning in download.file(url, destfile, method = method, quiet = quiet) :
     cannot open URL 'https://ichart.finance.yahoo.com/table.csv?s=^gspc&a=0&b=01&c=1998&d=4&e=21&f=2017&g=d&q=q&y=0&z=^gspc&x=.csv': HTTP status was '504 Gateway Timeout'
    download error, retrying ...
    trying URL 'https://ichart.finance.yahoo.com/table.csv?s=^gspc&a=0&b=01&c=1998&d=4&e=21&f=2017&g=d&q=q&y=0&z=^gspc&x=.csv'
    Warning in download.file(url, destfile, method = method, quiet = quiet) :
     cannot open URL 'https://ichart.finance.yahoo.com/table.csv?s=^gspc&a=0&b=01&c=1998&d=4&e=21&f=2017&g=d&q=q&y=0&z=^gspc&x=.csv': HTTP status was '504 Gateway Timeout'
    download error, retrying ...
    trying URL 'https://ichart.finance.yahoo.com/table.csv?s=^gspc&a=0&b=01&c=1998&d=4&e=21&f=2017&g=d&q=q&y=0&z=^gspc&x=.csv'
    Warning in download.file(url, destfile, method = method, quiet = quiet) :
     cannot open URL 'https://ichart.finance.yahoo.com/table.csv?s=^gspc&a=0&b=01&c=1998&d=4&e=21&f=2017&g=d&q=q&y=0&z=^gspc&x=.csv': HTTP status was '504 Gateway Timeout'
    Error in get.hist.quote(instrument = "^gspc", start = "1998-01-01", quote = "Close") :
     cannot open URL 'https://ichart.finance.yahoo.com/table.csv?s=^gspc&a=0&b=01&c=1998&d=4&e=21&f=2017&g=d&q=q&y=0&z=^gspc&x=.csv'
    Execution halted
Flavor: r-devel-linux-x86_64-debian-clang

Version: 0.10-40
Check: examples
Result: ERROR
    Running examples in ‘tseries-Ex.R’ failed
    The error most likely occurred in:
    
    > base::assign(".ptime", proc.time(), pos = "CheckExEnv")
    > ### Name: get.hist.quote
    > ### Title: Download Historical Finance Data
    > ### Aliases: get.hist.quote
    > ### Keywords: ts
    >
    > ### ** Examples
    >
    > con <- url("https://finance.yahoo.com")
    > if(!inherits(try(open(con), silent = TRUE), "try-error")) {
    + close(con)
    + x <- get.hist.quote(instrument = "^gspc", start = "1998-01-01",
    + quote = "Close")
    + plot(x)
    +
    + x <- get.hist.quote(instrument = "ibm", quote = c("Cl", "Vol"))
    + plot(x, main = "International Business Machines Corp")
    +
    + spc <- get.hist.quote(instrument = "^gspc", start = "1998-01-01",
    + quote = "Close")
    + ibm <- get.hist.quote(instrument = "ibm", start = "1998-01-01",
    + quote = "AdjClose")
    + require("zoo") # For merge() method.
    + x <- merge(spc, ibm)
    + plot(x, main = "IBM vs S&P 500")
    + }
    trying URL 'https://ichart.finance.yahoo.com/table.csv?s=^gspc&a=0&b=01&c=1998&d=4&e=24&f=2017&g=d&q=q&y=0&z=^gspc&x=.csv'
    Warning in download.file(url, destfile, method = method, quiet = quiet) :
     cannot open URL 'https://ichart.finance.yahoo.com/table.csv?s=^gspc&a=0&b=01&c=1998&d=4&e=24&f=2017&g=d&q=q&y=0&z=^gspc&x=.csv': HTTP status was '504 Gateway Timeout'
    download error, retrying ...
    trying URL 'https://ichart.finance.yahoo.com/table.csv?s=^gspc&a=0&b=01&c=1998&d=4&e=24&f=2017&g=d&q=q&y=0&z=^gspc&x=.csv'
    Warning in download.file(url, destfile, method = method, quiet = quiet) :
     cannot open URL 'https://ichart.finance.yahoo.com/table.csv?s=^gspc&a=0&b=01&c=1998&d=4&e=24&f=2017&g=d&q=q&y=0&z=^gspc&x=.csv': HTTP status was '504 Gateway Timeout'
    download error, retrying ...
    trying URL 'https://ichart.finance.yahoo.com/table.csv?s=^gspc&a=0&b=01&c=1998&d=4&e=24&f=2017&g=d&q=q&y=0&z=^gspc&x=.csv'
    Warning in download.file(url, destfile, method = method, quiet = quiet) :
     cannot open URL 'https://ichart.finance.yahoo.com/table.csv?s=^gspc&a=0&b=01&c=1998&d=4&e=24&f=2017&g=d&q=q&y=0&z=^gspc&x=.csv': HTTP status was '504 Gateway Timeout'
    download error, retrying ...
    trying URL 'https://ichart.finance.yahoo.com/table.csv?s=^gspc&a=0&b=01&c=1998&d=4&e=24&f=2017&g=d&q=q&y=0&z=^gspc&x=.csv'
    Warning in download.file(url, destfile, method = method, quiet = quiet) :
     cannot open URL 'https://ichart.finance.yahoo.com/table.csv?s=^gspc&a=0&b=01&c=1998&d=4&e=24&f=2017&g=d&q=q&y=0&z=^gspc&x=.csv': HTTP status was '504 Gateway Timeout'
    download error, retrying ...
    trying URL 'https://ichart.finance.yahoo.com/table.csv?s=^gspc&a=0&b=01&c=1998&d=4&e=24&f=2017&g=d&q=q&y=0&z=^gspc&x=.csv'
    Warning in download.file(url, destfile, method = method, quiet = quiet) :
     cannot open URL 'https://ichart.finance.yahoo.com/table.csv?s=^gspc&a=0&b=01&c=1998&d=4&e=24&f=2017&g=d&q=q&y=0&z=^gspc&x=.csv': HTTP status was '504 Gateway Timeout'
    Error in get.hist.quote(instrument = "^gspc", start = "1998-01-01", quote = "Close") :
     cannot open URL 'https://ichart.finance.yahoo.com/table.csv?s=^gspc&a=0&b=01&c=1998&d=4&e=24&f=2017&g=d&q=q&y=0&z=^gspc&x=.csv'
    Execution halted
Flavors: r-devel-linux-x86_64-debian-gcc, r-release-linux-x86_64

Version: 0.10-40
Check: examples
Result: ERROR
    Running examples in ‘tseries-Ex.R’ failed
    The error most likely occurred in:
    
    > ### Name: get.hist.quote
    > ### Title: Download Historical Finance Data
    > ### Aliases: get.hist.quote
    > ### Keywords: ts
    >
    > ### ** Examples
    >
    > con <- url("https://finance.yahoo.com")
    > if(!inherits(try(open(con), silent = TRUE), "try-error")) {
    + close(con)
    + x <- get.hist.quote(instrument = "^gspc", start = "1998-01-01",
    + quote = "Close")
    + plot(x)
    +
    + x <- get.hist.quote(instrument = "ibm", quote = c("Cl", "Vol"))
    + plot(x, main = "International Business Machines Corp")
    +
    + spc <- get.hist.quote(instrument = "^gspc", start = "1998-01-01",
    + quote = "Close")
    + ibm <- get.hist.quote(instrument = "ibm", start = "1998-01-01",
    + quote = "AdjClose")
    + require("zoo") # For merge() method.
    + x <- merge(spc, ibm)
    + plot(x, main = "IBM vs S&P 500")
    + }
    trying URL 'https://ichart.finance.yahoo.com/table.csv?s=^gspc&a=0&b=01&c=1998&d=4&e=20&f=2017&g=d&q=q&y=0&z=^gspc&x=.csv'
    Warning in download.file(url, destfile, method = method, quiet = quiet) :
     cannot open URL 'https://ichart.finance.yahoo.com/table.csv?s=^gspc&a=0&b=01&c=1998&d=4&e=20&f=2017&g=d&q=q&y=0&z=^gspc&x=.csv': HTTP status was '504 Gateway Timeout'
    download error, retrying ...
    trying URL 'https://ichart.finance.yahoo.com/table.csv?s=^gspc&a=0&b=01&c=1998&d=4&e=20&f=2017&g=d&q=q&y=0&z=^gspc&x=.csv'
    Warning in download.file(url, destfile, method = method, quiet = quiet) :
     cannot open URL 'https://ichart.finance.yahoo.com/table.csv?s=^gspc&a=0&b=01&c=1998&d=4&e=20&f=2017&g=d&q=q&y=0&z=^gspc&x=.csv': HTTP status was '504 Gateway Timeout'
    download error, retrying ...
    trying URL 'https://ichart.finance.yahoo.com/table.csv?s=^gspc&a=0&b=01&c=1998&d=4&e=20&f=2017&g=d&q=q&y=0&z=^gspc&x=.csv'
    Warning in download.file(url, destfile, method = method, quiet = quiet) :
     cannot open URL 'https://ichart.finance.yahoo.com/table.csv?s=^gspc&a=0&b=01&c=1998&d=4&e=20&f=2017&g=d&q=q&y=0&z=^gspc&x=.csv': HTTP status was '504 Gateway Timeout'
    download error, retrying ...
    trying URL 'https://ichart.finance.yahoo.com/table.csv?s=^gspc&a=0&b=01&c=1998&d=4&e=20&f=2017&g=d&q=q&y=0&z=^gspc&x=.csv'
    Warning in download.file(url, destfile, method = method, quiet = quiet) :
     cannot open URL 'https://ichart.finance.yahoo.com/table.csv?s=^gspc&a=0&b=01&c=1998&d=4&e=20&f=2017&g=d&q=q&y=0&z=^gspc&x=.csv': HTTP status was '504 Gateway Timeout'
    download error, retrying ...
    trying URL 'https://ichart.finance.yahoo.com/table.csv?s=^gspc&a=0&b=01&c=1998&d=4&e=20&f=2017&g=d&q=q&y=0&z=^gspc&x=.csv'
    Warning in download.file(url, destfile, method = method, quiet = quiet) :
     cannot open URL 'https://ichart.finance.yahoo.com/table.csv?s=^gspc&a=0&b=01&c=1998&d=4&e=20&f=2017&g=d&q=q&y=0&z=^gspc&x=.csv': HTTP status was '504 Gateway Timeout'
    Error in get.hist.quote(instrument = "^gspc", start = "1998-01-01", quote = "Close") :
     cannot open URL 'https://ichart.finance.yahoo.com/table.csv?s=^gspc&a=0&b=01&c=1998&d=4&e=20&f=2017&g=d&q=q&y=0&z=^gspc&x=.csv'
    Execution halted
Flavor: r-devel-linux-x86_64-fedora-clang

Version: 0.10-40
Check: examples
Result: ERROR
    Running examples in ‘tseries-Ex.R’ failed
    The error most likely occurred in:
    
    > ### Name: get.hist.quote
    > ### Title: Download Historical Finance Data
    > ### Aliases: get.hist.quote
    > ### Keywords: ts
    >
    > ### ** Examples
    >
    > con <- url("https://finance.yahoo.com")
    > if(!inherits(try(open(con), silent = TRUE), "try-error")) {
    + close(con)
    + x <- get.hist.quote(instrument = "^gspc", start = "1998-01-01",
    + quote = "Close")
    + plot(x)
    +
    + x <- get.hist.quote(instrument = "ibm", quote = c("Cl", "Vol"))
    + plot(x, main = "International Business Machines Corp")
    +
    + spc <- get.hist.quote(instrument = "^gspc", start = "1998-01-01",
    + quote = "Close")
    + ibm <- get.hist.quote(instrument = "ibm", start = "1998-01-01",
    + quote = "AdjClose")
    + require("zoo") # For merge() method.
    + x <- merge(spc, ibm)
    + plot(x, main = "IBM vs S&P 500")
    + }
    trying URL 'https://ichart.finance.yahoo.com/table.csv?s=^gspc&a=0&b=01&c=1998&d=4&e=19&f=2017&g=d&q=q&y=0&z=^gspc&x=.csv'
    Warning in download.file(url, destfile, method = method, quiet = quiet) :
     cannot open URL 'https://ichart.finance.yahoo.com/table.csv?s=^gspc&a=0&b=01&c=1998&d=4&e=19&f=2017&g=d&q=q&y=0&z=^gspc&x=.csv': HTTP status was '504 Gateway Timeout'
    download error, retrying ...
    trying URL 'https://ichart.finance.yahoo.com/table.csv?s=^gspc&a=0&b=01&c=1998&d=4&e=19&f=2017&g=d&q=q&y=0&z=^gspc&x=.csv'
    Warning in download.file(url, destfile, method = method, quiet = quiet) :
     cannot open URL 'https://ichart.finance.yahoo.com/table.csv?s=^gspc&a=0&b=01&c=1998&d=4&e=19&f=2017&g=d&q=q&y=0&z=^gspc&x=.csv': HTTP status was '504 Gateway Timeout'
    download error, retrying ...
    trying URL 'https://ichart.finance.yahoo.com/table.csv?s=^gspc&a=0&b=01&c=1998&d=4&e=19&f=2017&g=d&q=q&y=0&z=^gspc&x=.csv'
    Warning in download.file(url, destfile, method = method, quiet = quiet) :
     cannot open URL 'https://ichart.finance.yahoo.com/table.csv?s=^gspc&a=0&b=01&c=1998&d=4&e=19&f=2017&g=d&q=q&y=0&z=^gspc&x=.csv': HTTP status was '504 Gateway Timeout'
    download error, retrying ...
    trying URL 'https://ichart.finance.yahoo.com/table.csv?s=^gspc&a=0&b=01&c=1998&d=4&e=19&f=2017&g=d&q=q&y=0&z=^gspc&x=.csv'
    Warning in download.file(url, destfile, method = method, quiet = quiet) :
     cannot open URL 'https://ichart.finance.yahoo.com/table.csv?s=^gspc&a=0&b=01&c=1998&d=4&e=19&f=2017&g=d&q=q&y=0&z=^gspc&x=.csv': HTTP status was '504 Gateway Timeout'
    download error, retrying ...
    trying URL 'https://ichart.finance.yahoo.com/table.csv?s=^gspc&a=0&b=01&c=1998&d=4&e=19&f=2017&g=d&q=q&y=0&z=^gspc&x=.csv'
    Warning in download.file(url, destfile, method = method, quiet = quiet) :
     cannot open URL 'https://ichart.finance.yahoo.com/table.csv?s=^gspc&a=0&b=01&c=1998&d=4&e=19&f=2017&g=d&q=q&y=0&z=^gspc&x=.csv': HTTP status was '504 Gateway Timeout'
    Error in get.hist.quote(instrument = "^gspc", start = "1998-01-01", quote = "Close") :
     cannot open URL 'https://ichart.finance.yahoo.com/table.csv?s=^gspc&a=0&b=01&c=1998&d=4&e=19&f=2017&g=d&q=q&y=0&z=^gspc&x=.csv'
    Execution halted
Flavor: r-devel-linux-x86_64-fedora-gcc

Version: 0.10-40
Check: running examples for arch ‘i386’
Result: ERROR
    Running examples in 'tseries-Ex.R' failed
    The error most likely occurred in:
    
    > ### Name: get.hist.quote
    > ### Title: Download Historical Finance Data
    > ### Aliases: get.hist.quote
    > ### Keywords: ts
    >
    > ### ** Examples
    >
    > con <- url("https://finance.yahoo.com")
    > if(!inherits(try(open(con), silent = TRUE), "try-error")) {
    + close(con)
    + x <- get.hist.quote(instrument = "^gspc", start = "1998-01-01",
    + quote = "Close")
    + plot(x)
    +
    + x <- get.hist.quote(instrument = "ibm", quote = c("Cl", "Vol"))
    + plot(x, main = "International Business Machines Corp")
    +
    + spc <- get.hist.quote(instrument = "^gspc", start = "1998-01-01",
    + quote = "Close")
    + ibm <- get.hist.quote(instrument = "ibm", start = "1998-01-01",
    + quote = "AdjClose")
    + require("zoo") # For merge() method.
    + x <- merge(spc, ibm)
    + plot(x, main = "IBM vs S&P 500")
    + }
    trying URL 'https://ichart.finance.yahoo.com/table.csv?s=^gspc&a=0&b=01&c=1998&d=4&e=22&f=2017&g=d&q=q&y=0&z=^gspc&x=.csv'
    Warning in download.file(url, destfile, method = method, quiet = quiet) :
     cannot open URL 'https://ichart.finance.yahoo.com/table.csv?s=^gspc&a=0&b=01&c=1998&d=4&e=22&f=2017&g=d&q=q&y=0&z=^gspc&x=.csv': HTTP status was '504 Maximum Transaction Time Exceeded'
    download error, retrying ...
    trying URL 'https://ichart.finance.yahoo.com/table.csv?s=^gspc&a=0&b=01&c=1998&d=4&e=22&f=2017&g=d&q=q&y=0&z=^gspc&x=.csv'
    Warning in download.file(url, destfile, method = method, quiet = quiet) :
     cannot open URL 'https://ichart.finance.yahoo.com/table.csv?s=^gspc&a=0&b=01&c=1998&d=4&e=22&f=2017&g=d&q=q&y=0&z=^gspc&x=.csv': HTTP status was '504 Maximum Transaction Time Exceeded'
    download error, retrying ...
    trying URL 'https://ichart.finance.yahoo.com/table.csv?s=^gspc&a=0&b=01&c=1998&d=4&e=22&f=2017&g=d&q=q&y=0&z=^gspc&x=.csv'
    Warning in download.file(url, destfile, method = method, quiet = quiet) :
     cannot open URL 'https://ichart.finance.yahoo.com/table.csv?s=^gspc&a=0&b=01&c=1998&d=4&e=22&f=2017&g=d&q=q&y=0&z=^gspc&x=.csv': HTTP status was '504 Maximum Transaction Time Exceeded'
    download error, retrying ...
    trying URL 'https://ichart.finance.yahoo.com/table.csv?s=^gspc&a=0&b=01&c=1998&d=4&e=22&f=2017&g=d&q=q&y=0&z=^gspc&x=.csv'
    Warning in download.file(url, destfile, method = method, quiet = quiet) :
     cannot open URL 'https://ichart.finance.yahoo.com/table.csv?s=^gspc&a=0&b=01&c=1998&d=4&e=22&f=2017&g=d&q=q&y=0&z=^gspc&x=.csv': HTTP status was '504 Maximum Transaction Time Exceeded'
    download error, retrying ...
    trying URL 'https://ichart.finance.yahoo.com/table.csv?s=^gspc&a=0&b=01&c=1998&d=4&e=22&f=2017&g=d&q=q&y=0&z=^gspc&x=.csv'
    Warning in download.file(url, destfile, method = method, quiet = quiet) :
     cannot open URL 'https://ichart.finance.yahoo.com/table.csv?s=^gspc&a=0&b=01&c=1998&d=4&e=22&f=2017&g=d&q=q&y=0&z=^gspc&x=.csv': HTTP status was '504 Maximum Transaction Time Exceeded'
    Error in get.hist.quote(instrument = "^gspc", start = "1998-01-01", quote = "Close") :
     cannot open URL 'https://ichart.finance.yahoo.com/table.csv?s=^gspc&a=0&b=01&c=1998&d=4&e=22&f=2017&g=d&q=q&y=0&z=^gspc&x=.csv'
    Execution halted
Flavor: r-devel-windows-ix86+x86_64

Version: 0.10-40
Check: running examples for arch ‘x64’
Result: ERROR
    Running examples in 'tseries-Ex.R' failed
    The error most likely occurred in:
    
    > ### Name: get.hist.quote
    > ### Title: Download Historical Finance Data
    > ### Aliases: get.hist.quote
    > ### Keywords: ts
    >
    > ### ** Examples
    >
    > con <- url("https://finance.yahoo.com")
    > if(!inherits(try(open(con), silent = TRUE), "try-error")) {
    + close(con)
    + x <- get.hist.quote(instrument = "^gspc", start = "1998-01-01",
    + quote = "Close")
    + plot(x)
    +
    + x <- get.hist.quote(instrument = "ibm", quote = c("Cl", "Vol"))
    + plot(x, main = "International Business Machines Corp")
    +
    + spc <- get.hist.quote(instrument = "^gspc", start = "1998-01-01",
    + quote = "Close")
    + ibm <- get.hist.quote(instrument = "ibm", start = "1998-01-01",
    + quote = "AdjClose")
    + require("zoo") # For merge() method.
    + x <- merge(spc, ibm)
    + plot(x, main = "IBM vs S&P 500")
    + }
    trying URL 'https://ichart.finance.yahoo.com/table.csv?s=^gspc&a=0&b=01&c=1998&d=4&e=22&f=2017&g=d&q=q&y=0&z=^gspc&x=.csv'
    Warning in download.file(url, destfile, method = method, quiet = quiet) :
     cannot open URL 'https://ichart.finance.yahoo.com/table.csv?s=^gspc&a=0&b=01&c=1998&d=4&e=22&f=2017&g=d&q=q&y=0&z=^gspc&x=.csv': HTTP status was '504 Maximum Transaction Time Exceeded'
    download error, retrying ...
    trying URL 'https://ichart.finance.yahoo.com/table.csv?s=^gspc&a=0&b=01&c=1998&d=4&e=22&f=2017&g=d&q=q&y=0&z=^gspc&x=.csv'
    Warning in download.file(url, destfile, method = method, quiet = quiet) :
     cannot open URL 'https://ichart.finance.yahoo.com/table.csv?s=^gspc&a=0&b=01&c=1998&d=4&e=22&f=2017&g=d&q=q&y=0&z=^gspc&x=.csv': HTTP status was '504 Maximum Transaction Time Exceeded'
    download error, retrying ...
    trying URL 'https://ichart.finance.yahoo.com/table.csv?s=^gspc&a=0&b=01&c=1998&d=4&e=22&f=2017&g=d&q=q&y=0&z=^gspc&x=.csv'
    Warning in download.file(url, destfile, method = method, quiet = quiet) :
     cannot open URL 'https://ichart.finance.yahoo.com/table.csv?s=^gspc&a=0&b=01&c=1998&d=4&e=22&f=2017&g=d&q=q&y=0&z=^gspc&x=.csv': HTTP status was '504 Maximum Transaction Time Exceeded'
    download error, retrying ...
    trying URL 'https://ichart.finance.yahoo.com/table.csv?s=^gspc&a=0&b=01&c=1998&d=4&e=22&f=2017&g=d&q=q&y=0&z=^gspc&x=.csv'
    Warning in download.file(url, destfile, method = method, quiet = quiet) :
     cannot open URL 'https://ichart.finance.yahoo.com/table.csv?s=^gspc&a=0&b=01&c=1998&d=4&e=22&f=2017&g=d&q=q&y=0&z=^gspc&x=.csv': HTTP status was '504 Maximum Transaction Time Exceeded'
    download error, retrying ...
    trying URL 'https://ichart.finance.yahoo.com/table.csv?s=^gspc&a=0&b=01&c=1998&d=4&e=22&f=2017&g=d&q=q&y=0&z=^gspc&x=.csv'
    Warning in download.file(url, destfile, method = method, quiet = quiet) :
     cannot open URL 'https://ichart.finance.yahoo.com/table.csv?s=^gspc&a=0&b=01&c=1998&d=4&e=22&f=2017&g=d&q=q&y=0&z=^gspc&x=.csv': HTTP status was '504 Maximum Transaction Time Exceeded'
    Error in get.hist.quote(instrument = "^gspc", start = "1998-01-01", quote = "Close") :
     cannot open URL 'https://ichart.finance.yahoo.com/table.csv?s=^gspc&a=0&b=01&c=1998&d=4&e=22&f=2017&g=d&q=q&y=0&z=^gspc&x=.csv'
    Execution halted
Flavor: r-devel-windows-ix86+x86_64

Version: 0.10-40
Check: examples
Result: ERROR
    Running examples in ‘tseries-Ex.R’ failed
    The error most likely occurred in:
    
    > base::assign(".ptime", proc.time(), pos = "CheckExEnv")
    > ### Name: get.hist.quote
    > ### Title: Download Historical Finance Data
    > ### Aliases: get.hist.quote
    > ### Keywords: ts
    >
    > ### ** Examples
    >
    > con <- url("https://finance.yahoo.com")
    > if(!inherits(try(open(con), silent = TRUE), "try-error")) {
    + close(con)
    + x <- get.hist.quote(instrument = "^gspc", start = "1998-01-01",
    + quote = "Close")
    + plot(x)
    +
    + x <- get.hist.quote(instrument = "ibm", quote = c("Cl", "Vol"))
    + plot(x, main = "International Business Machines Corp")
    +
    + spc <- get.hist.quote(instrument = "^gspc", start = "1998-01-01",
    + quote = "Close")
    + ibm <- get.hist.quote(instrument = "ibm", start = "1998-01-01",
    + quote = "AdjClose")
    + require("zoo") # For merge() method.
    + x <- merge(spc, ibm)
    + plot(x, main = "IBM vs S&P 500")
    + }
    trying URL 'https://ichart.finance.yahoo.com/table.csv?s=^gspc&a=0&b=01&c=1998&d=4&e=25&f=2017&g=d&q=q&y=0&z=^gspc&x=.csv'
    Warning in download.file(url, destfile, method = method, quiet = quiet) :
     cannot open URL 'https://ichart.finance.yahoo.com/table.csv?s=^gspc&a=0&b=01&c=1998&d=4&e=25&f=2017&g=d&q=q&y=0&z=^gspc&x=.csv': HTTP status was '404 Not Found'
    download error, retrying ...
    trying URL 'https://ichart.finance.yahoo.com/table.csv?s=^gspc&a=0&b=01&c=1998&d=4&e=25&f=2017&g=d&q=q&y=0&z=^gspc&x=.csv'
    Warning in download.file(url, destfile, method = method, quiet = quiet) :
     cannot open URL 'https://ichart.finance.yahoo.com/table.csv?s=^gspc&a=0&b=01&c=1998&d=4&e=25&f=2017&g=d&q=q&y=0&z=^gspc&x=.csv': HTTP status was '404 Not Found'
    download error, retrying ...
    trying URL 'https://ichart.finance.yahoo.com/table.csv?s=^gspc&a=0&b=01&c=1998&d=4&e=25&f=2017&g=d&q=q&y=0&z=^gspc&x=.csv'
    Warning in download.file(url, destfile, method = method, quiet = quiet) :
     cannot open URL 'https://ichart.finance.yahoo.com/table.csv?s=^gspc&a=0&b=01&c=1998&d=4&e=25&f=2017&g=d&q=q&y=0&z=^gspc&x=.csv': HTTP status was '404 Not Found'
    download error, retrying ...
    trying URL 'https://ichart.finance.yahoo.com/table.csv?s=^gspc&a=0&b=01&c=1998&d=4&e=25&f=2017&g=d&q=q&y=0&z=^gspc&x=.csv'
    Warning in download.file(url, destfile, method = method, quiet = quiet) :
     cannot open URL 'https://ichart.finance.yahoo.com/table.csv?s=^gspc&a=0&b=01&c=1998&d=4&e=25&f=2017&g=d&q=q&y=0&z=^gspc&x=.csv': HTTP status was '404 Not Found'
    download error, retrying ...
    trying URL 'https://ichart.finance.yahoo.com/table.csv?s=^gspc&a=0&b=01&c=1998&d=4&e=25&f=2017&g=d&q=q&y=0&z=^gspc&x=.csv'
    Warning in download.file(url, destfile, method = method, quiet = quiet) :
     cannot open URL 'https://ichart.finance.yahoo.com/table.csv?s=^gspc&a=0&b=01&c=1998&d=4&e=25&f=2017&g=d&q=q&y=0&z=^gspc&x=.csv': HTTP status was '404 Not Found'
    Error in get.hist.quote(instrument = "^gspc", start = "1998-01-01", quote = "Close") :
     cannot open URL 'https://ichart.finance.yahoo.com/table.csv?s=^gspc&a=0&b=01&c=1998&d=4&e=25&f=2017&g=d&q=q&y=0&z=^gspc&x=.csv'
    Execution halted
Flavor: r-patched-linux-x86_64

Version: 0.10-40
Check: running examples for arch ‘i386’
Result: ERROR
    Running examples in 'tseries-Ex.R' failed
    The error most likely occurred in:
    
    > ### Name: get.hist.quote
    > ### Title: Download Historical Finance Data
    > ### Aliases: get.hist.quote
    > ### Keywords: ts
    >
    > ### ** Examples
    >
    > con <- url("https://finance.yahoo.com")
    > if(!inherits(try(open(con), silent = TRUE), "try-error")) {
    + close(con)
    + x <- get.hist.quote(instrument = "^gspc", start = "1998-01-01",
    + quote = "Close")
    + plot(x)
    +
    + x <- get.hist.quote(instrument = "ibm", quote = c("Cl", "Vol"))
    + plot(x, main = "International Business Machines Corp")
    +
    + spc <- get.hist.quote(instrument = "^gspc", start = "1998-01-01",
    + quote = "Close")
    + ibm <- get.hist.quote(instrument = "ibm", start = "1998-01-01",
    + quote = "AdjClose")
    + require("zoo") # For merge() method.
    + x <- merge(spc, ibm)
    + plot(x, main = "IBM vs S&P 500")
    + }
    trying URL 'https://ichart.finance.yahoo.com/table.csv?s=^gspc&a=0&b=01&c=1998&d=4&e=23&f=2017&g=d&q=q&y=0&z=^gspc&x=.csv'
    Warning in download.file(url, destfile, method = method, quiet = quiet) :
     cannot open URL 'https://ichart.finance.yahoo.com/table.csv?s=^gspc&a=0&b=01&c=1998&d=4&e=23&f=2017&g=d&q=q&y=0&z=^gspc&x=.csv': HTTP status was '504 Maximum Transaction Time Exceeded'
    download error, retrying ...
    trying URL 'https://ichart.finance.yahoo.com/table.csv?s=^gspc&a=0&b=01&c=1998&d=4&e=23&f=2017&g=d&q=q&y=0&z=^gspc&x=.csv'
    Warning in download.file(url, destfile, method = method, quiet = quiet) :
     cannot open URL 'https://ichart.finance.yahoo.com/table.csv?s=^gspc&a=0&b=01&c=1998&d=4&e=23&f=2017&g=d&q=q&y=0&z=^gspc&x=.csv': HTTP status was '504 Maximum Transaction Time Exceeded'
    download error, retrying ...
    trying URL 'https://ichart.finance.yahoo.com/table.csv?s=^gspc&a=0&b=01&c=1998&d=4&e=23&f=2017&g=d&q=q&y=0&z=^gspc&x=.csv'
    Warning in download.file(url, destfile, method = method, quiet = quiet) :
     cannot open URL 'https://ichart.finance.yahoo.com/table.csv?s=^gspc&a=0&b=01&c=1998&d=4&e=23&f=2017&g=d&q=q&y=0&z=^gspc&x=.csv': HTTP status was '504 Maximum Transaction Time Exceeded'
    download error, retrying ...
    trying URL 'https://ichart.finance.yahoo.com/table.csv?s=^gspc&a=0&b=01&c=1998&d=4&e=23&f=2017&g=d&q=q&y=0&z=^gspc&x=.csv'
    Warning in download.file(url, destfile, method = method, quiet = quiet) :
     cannot open URL 'https://ichart.finance.yahoo.com/table.csv?s=^gspc&a=0&b=01&c=1998&d=4&e=23&f=2017&g=d&q=q&y=0&z=^gspc&x=.csv': HTTP status was '504 Maximum Transaction Time Exceeded'
    download error, retrying ...
    trying URL 'https://ichart.finance.yahoo.com/table.csv?s=^gspc&a=0&b=01&c=1998&d=4&e=23&f=2017&g=d&q=q&y=0&z=^gspc&x=.csv'
    Warning in download.file(url, destfile, method = method, quiet = quiet) :
     cannot open URL 'https://ichart.finance.yahoo.com/table.csv?s=^gspc&a=0&b=01&c=1998&d=4&e=23&f=2017&g=d&q=q&y=0&z=^gspc&x=.csv': HTTP status was '504 Maximum Transaction Time Exceeded'
    Error in get.hist.quote(instrument = "^gspc", start = "1998-01-01", quote = "Close") :
     cannot open URL 'https://ichart.finance.yahoo.com/table.csv?s=^gspc&a=0&b=01&c=1998&d=4&e=23&f=2017&g=d&q=q&y=0&z=^gspc&x=.csv'
    Execution halted
Flavor: r-release-windows-ix86+x86_64

Version: 0.10-40
Check: running examples for arch ‘x64’
Result: ERROR
    Running examples in 'tseries-Ex.R' failed
    The error most likely occurred in:
    
    > ### Name: get.hist.quote
    > ### Title: Download Historical Finance Data
    > ### Aliases: get.hist.quote
    > ### Keywords: ts
    >
    > ### ** Examples
    >
    > con <- url("https://finance.yahoo.com")
    > if(!inherits(try(open(con), silent = TRUE), "try-error")) {
    + close(con)
    + x <- get.hist.quote(instrument = "^gspc", start = "1998-01-01",
    + quote = "Close")
    + plot(x)
    +
    + x <- get.hist.quote(instrument = "ibm", quote = c("Cl", "Vol"))
    + plot(x, main = "International Business Machines Corp")
    +
    + spc <- get.hist.quote(instrument = "^gspc", start = "1998-01-01",
    + quote = "Close")
    + ibm <- get.hist.quote(instrument = "ibm", start = "1998-01-01",
    + quote = "AdjClose")
    + require("zoo") # For merge() method.
    + x <- merge(spc, ibm)
    + plot(x, main = "IBM vs S&P 500")
    + }
    trying URL 'https://ichart.finance.yahoo.com/table.csv?s=^gspc&a=0&b=01&c=1998&d=4&e=23&f=2017&g=d&q=q&y=0&z=^gspc&x=.csv'
    Warning in download.file(url, destfile, method = method, quiet = quiet) :
     cannot open URL 'https://ichart.finance.yahoo.com/table.csv?s=^gspc&a=0&b=01&c=1998&d=4&e=23&f=2017&g=d&q=q&y=0&z=^gspc&x=.csv': HTTP status was '504 Maximum Transaction Time Exceeded'
    download error, retrying ...
    trying URL 'https://ichart.finance.yahoo.com/table.csv?s=^gspc&a=0&b=01&c=1998&d=4&e=23&f=2017&g=d&q=q&y=0&z=^gspc&x=.csv'
    Warning in download.file(url, destfile, method = method, quiet = quiet) :
     cannot open URL 'https://ichart.finance.yahoo.com/table.csv?s=^gspc&a=0&b=01&c=1998&d=4&e=23&f=2017&g=d&q=q&y=0&z=^gspc&x=.csv': HTTP status was '504 Maximum Transaction Time Exceeded'
    download error, retrying ...
    trying URL 'https://ichart.finance.yahoo.com/table.csv?s=^gspc&a=0&b=01&c=1998&d=4&e=23&f=2017&g=d&q=q&y=0&z=^gspc&x=.csv'
    Warning in download.file(url, destfile, method = method, quiet = quiet) :
     cannot open URL 'https://ichart.finance.yahoo.com/table.csv?s=^gspc&a=0&b=01&c=1998&d=4&e=23&f=2017&g=d&q=q&y=0&z=^gspc&x=.csv': HTTP status was '504 Maximum Transaction Time Exceeded'
    download error, retrying ...
    trying URL 'https://ichart.finance.yahoo.com/table.csv?s=^gspc&a=0&b=01&c=1998&d=4&e=23&f=2017&g=d&q=q&y=0&z=^gspc&x=.csv'
    Warning in download.file(url, destfile, method = method, quiet = quiet) :
     cannot open URL 'https://ichart.finance.yahoo.com/table.csv?s=^gspc&a=0&b=01&c=1998&d=4&e=23&f=2017&g=d&q=q&y=0&z=^gspc&x=.csv': HTTP status was '504 Maximum Transaction Time Exceeded'
    download error, retrying ...
    trying URL 'https://ichart.finance.yahoo.com/table.csv?s=^gspc&a=0&b=01&c=1998&d=4&e=23&f=2017&g=d&q=q&y=0&z=^gspc&x=.csv'
    Warning in download.file(url, destfile, method = method, quiet = quiet) :
     cannot open URL 'https://ichart.finance.yahoo.com/table.csv?s=^gspc&a=0&b=01&c=1998&d=4&e=23&f=2017&g=d&q=q&y=0&z=^gspc&x=.csv': HTTP status was '504 Maximum Transaction Time Exceeded'
    Error in get.hist.quote(instrument = "^gspc", start = "1998-01-01", quote = "Close") :
     cannot open URL 'https://ichart.finance.yahoo.com/table.csv?s=^gspc&a=0&b=01&c=1998&d=4&e=23&f=2017&g=d&q=q&y=0&z=^gspc&x=.csv'
    Execution halted
Flavor: r-release-windows-ix86+x86_64

Version: 0.10-40
Check: running examples for arch ‘i386’
Result: ERROR
    Running examples in 'tseries-Ex.R' failed
    The error most likely occurred in:
    
    > ### Name: get.hist.quote
    > ### Title: Download Historical Finance Data
    > ### Aliases: get.hist.quote
    > ### Keywords: ts
    >
    > ### ** Examples
    >
    > con <- url("https://finance.yahoo.com")
    > if(!inherits(try(open(con), silent = TRUE), "try-error")) {
    + close(con)
    + x <- get.hist.quote(instrument = "^gspc", start = "1998-01-01",
    + quote = "Close")
    + plot(x)
    +
    + x <- get.hist.quote(instrument = "ibm", quote = c("Cl", "Vol"))
    + plot(x, main = "International Business Machines Corp")
    +
    + spc <- get.hist.quote(instrument = "^gspc", start = "1998-01-01",
    + quote = "Close")
    + ibm <- get.hist.quote(instrument = "ibm", start = "1998-01-01",
    + quote = "AdjClose")
    + require("zoo") # For merge() method.
    + x <- merge(spc, ibm)
    + plot(x, main = "IBM vs S&P 500")
    + }
    trying URL 'https://ichart.finance.yahoo.com/table.csv?s=^gspc&a=0&b=01&c=1998&d=4&e=21&f=2017&g=d&q=q&y=0&z=^gspc&x=.csv'
    Warning in download.file(url, destfile, method = method, quiet = quiet) :
     cannot open URL 'https://ichart.finance.yahoo.com/table.csv?s=^gspc&a=0&b=01&c=1998&d=4&e=21&f=2017&g=d&q=q&y=0&z=^gspc&x=.csv': HTTP status was '504 Maximum Transaction Time Exceeded'
    download error, retrying ...
    trying URL 'https://ichart.finance.yahoo.com/table.csv?s=^gspc&a=0&b=01&c=1998&d=4&e=21&f=2017&g=d&q=q&y=0&z=^gspc&x=.csv'
    Warning in download.file(url, destfile, method = method, quiet = quiet) :
     cannot open URL 'https://ichart.finance.yahoo.com/table.csv?s=^gspc&a=0&b=01&c=1998&d=4&e=21&f=2017&g=d&q=q&y=0&z=^gspc&x=.csv': HTTP status was '504 Maximum Transaction Time Exceeded'
    download error, retrying ...
    trying URL 'https://ichart.finance.yahoo.com/table.csv?s=^gspc&a=0&b=01&c=1998&d=4&e=21&f=2017&g=d&q=q&y=0&z=^gspc&x=.csv'
    Warning in download.file(url, destfile, method = method, quiet = quiet) :
     cannot open URL 'https://ichart.finance.yahoo.com/table.csv?s=^gspc&a=0&b=01&c=1998&d=4&e=21&f=2017&g=d&q=q&y=0&z=^gspc&x=.csv': HTTP status was '504 Maximum Transaction Time Exceeded'
    download error, retrying ...
    trying URL 'https://ichart.finance.yahoo.com/table.csv?s=^gspc&a=0&b=01&c=1998&d=4&e=21&f=2017&g=d&q=q&y=0&z=^gspc&x=.csv'
    Warning in download.file(url, destfile, method = method, quiet = quiet) :
     cannot open URL 'https://ichart.finance.yahoo.com/table.csv?s=^gspc&a=0&b=01&c=1998&d=4&e=21&f=2017&g=d&q=q&y=0&z=^gspc&x=.csv': HTTP status was '504 Maximum Transaction Time Exceeded'
    download error, retrying ...
    trying URL 'https://ichart.finance.yahoo.com/table.csv?s=^gspc&a=0&b=01&c=1998&d=4&e=21&f=2017&g=d&q=q&y=0&z=^gspc&x=.csv'
    Warning in download.file(url, destfile, method = method, quiet = quiet) :
     cannot open URL 'https://ichart.finance.yahoo.com/table.csv?s=^gspc&a=0&b=01&c=1998&d=4&e=21&f=2017&g=d&q=q&y=0&z=^gspc&x=.csv': HTTP status was '504 Maximum Transaction Time Exceeded'
    Error in get.hist.quote(instrument = "^gspc", start = "1998-01-01", quote = "Close") :
     cannot open URL 'https://ichart.finance.yahoo.com/table.csv?s=^gspc&a=0&b=01&c=1998&d=4&e=21&f=2017&g=d&q=q&y=0&z=^gspc&x=.csv'
    Execution halted
Flavor: r-oldrel-windows-ix86+x86_64

Version: 0.10-40
Check: running examples for arch ‘x64’
Result: ERROR
    Running examples in 'tseries-Ex.R' failed
    The error most likely occurred in:
    
    > ### Name: get.hist.quote
    > ### Title: Download Historical Finance Data
    > ### Aliases: get.hist.quote
    > ### Keywords: ts
    >
    > ### ** Examples
    >
    > con <- url("https://finance.yahoo.com")
    > if(!inherits(try(open(con), silent = TRUE), "try-error")) {
    + close(con)
    + x <- get.hist.quote(instrument = "^gspc", start = "1998-01-01",
    + quote = "Close")
    + plot(x)
    +
    + x <- get.hist.quote(instrument = "ibm", quote = c("Cl", "Vol"))
    + plot(x, main = "International Business Machines Corp")
    +
    + spc <- get.hist.quote(instrument = "^gspc", start = "1998-01-01",
    + quote = "Close")
    + ibm <- get.hist.quote(instrument = "ibm", start = "1998-01-01",
    + quote = "AdjClose")
    + require("zoo") # For merge() method.
    + x <- merge(spc, ibm)
    + plot(x, main = "IBM vs S&P 500")
    + }
    trying URL 'https://ichart.finance.yahoo.com/table.csv?s=^gspc&a=0&b=01&c=1998&d=4&e=21&f=2017&g=d&q=q&y=0&z=^gspc&x=.csv'
    Warning in download.file(url, destfile, method = method, quiet = quiet) :
     cannot open URL 'https://ichart.finance.yahoo.com/table.csv?s=^gspc&a=0&b=01&c=1998&d=4&e=21&f=2017&g=d&q=q&y=0&z=^gspc&x=.csv': HTTP status was '504 Maximum Transaction Time Exceeded'
    download error, retrying ...
    trying URL 'https://ichart.finance.yahoo.com/table.csv?s=^gspc&a=0&b=01&c=1998&d=4&e=21&f=2017&g=d&q=q&y=0&z=^gspc&x=.csv'
    Warning in download.file(url, destfile, method = method, quiet = quiet) :
     cannot open URL 'https://ichart.finance.yahoo.com/table.csv?s=^gspc&a=0&b=01&c=1998&d=4&e=21&f=2017&g=d&q=q&y=0&z=^gspc&x=.csv': HTTP status was '504 Maximum Transaction Time Exceeded'
    download error, retrying ...
    trying URL 'https://ichart.finance.yahoo.com/table.csv?s=^gspc&a=0&b=01&c=1998&d=4&e=21&f=2017&g=d&q=q&y=0&z=^gspc&x=.csv'
    Warning in download.file(url, destfile, method = method, quiet = quiet) :
     cannot open URL 'https://ichart.finance.yahoo.com/table.csv?s=^gspc&a=0&b=01&c=1998&d=4&e=21&f=2017&g=d&q=q&y=0&z=^gspc&x=.csv': HTTP status was '504 Maximum Transaction Time Exceeded'
    download error, retrying ...
    trying URL 'https://ichart.finance.yahoo.com/table.csv?s=^gspc&a=0&b=01&c=1998&d=4&e=21&f=2017&g=d&q=q&y=0&z=^gspc&x=.csv'
    Warning in download.file(url, destfile, method = method, quiet = quiet) :
     cannot open URL 'https://ichart.finance.yahoo.com/table.csv?s=^gspc&a=0&b=01&c=1998&d=4&e=21&f=2017&g=d&q=q&y=0&z=^gspc&x=.csv': HTTP status was '504 Maximum Transaction Time Exceeded'
    download error, retrying ...
    trying URL 'https://ichart.finance.yahoo.com/table.csv?s=^gspc&a=0&b=01&c=1998&d=4&e=21&f=2017&g=d&q=q&y=0&z=^gspc&x=.csv'
    Warning in download.file(url, destfile, method = method, quiet = quiet) :
     cannot open URL 'https://ichart.finance.yahoo.com/table.csv?s=^gspc&a=0&b=01&c=1998&d=4&e=21&f=2017&g=d&q=q&y=0&z=^gspc&x=.csv': HTTP status was '504 Maximum Transaction Time Exceeded'
    Error in get.hist.quote(instrument = "^gspc", start = "1998-01-01", quote = "Close") :
     cannot open URL 'https://ichart.finance.yahoo.com/table.csv?s=^gspc&a=0&b=01&c=1998&d=4&e=21&f=2017&g=d&q=q&y=0&z=^gspc&x=.csv'
    Execution halted
Flavor: r-oldrel-windows-ix86+x86_64