CRAN Package Check Results for Package tseries

Last updated on 2014-04-24 15:50:50.

Flavor Version Tinstall Tcheck Ttotal Status Flags
r-devel-linux-x86_64-debian-clang 0.10-32 3.00 31.63 34.63 OK
r-devel-linux-x86_64-debian-gcc 0.10-32 3.14 36.58 39.72 OK
r-devel-linux-x86_64-fedora-clang 0.10-32 51.42 OK
r-devel-linux-x86_64-fedora-gcc 0.10-32 49.71 OK
r-devel-osx-x86_64-clang 0.10-32 59.08 OK
r-devel-osx-x86_64-gcc 0.10-32 ERROR
r-devel-windows-ix86+x86_64 0.10-32 15.00 67.00 82.00 OK
r-patched-linux-x86_64 0.10-32 3.11 37.30 40.41 OK
r-patched-solaris-sparc 0.10-32 335.90 OK
r-patched-solaris-x86 0.10-32 67.80 OK
r-release-linux-ix86 0.10-32 5.00 54.00 59.00 OK
r-release-linux-x86_64 0.10-32 2.99 38.26 41.25 OK
r-release-osx-x86_64-mavericks 0.10-32 WARN
r-release-windows-ix86+x86_64 0.10-32 14.00 71.00 85.00 OK
r-oldrel-windows-ix86+x86_64 0.10-32 15.00 71.00 86.00 OK

Check Details

Version: 0.10-32
Check: package dependencies
Result: ERROR
    Package required but not available: ‘zoo’
    
    Package suggested but not available for checking: ‘its’
    
    See the information on DESCRIPTION files in the chapter ‘Creating R
    packages’ of the ‘Writing R Extensions’ manual.
Flavor: r-devel-osx-x86_64-gcc

Version: 0.10-32
Check: PDF version of manual
Result: WARNING
    LaTeX errors when creating PDF version.
    This typically indicates Rd problems.
    LaTeX errors found:
    ! LaTeX Error: File `upquote.sty' not found.
    
    Type X to quit or <RETURN> to proceed,
    or enter new name. (Default extension: sty)
    
    7ba6cdd6/Rd2.tex:8: ==> Fatal error occurred, no output PDF file produced!
Flavor: r-release-osx-x86_64-mavericks