CRAN Package Check Results for Package tseriesChaos

Last updated on 2014-10-24 19:47:54.

Flavor Version Tinstall Tcheck Ttotal Status Flags
r-devel-linux-x86_64-debian-clang 0.1-13 1.49 12.86 14.35 NOTE
r-devel-linux-x86_64-debian-gcc 0.1-13 1.50 13.04 14.54 NOTE
r-devel-linux-x86_64-fedora-clang 0.1-13 27.24 NOTE
r-devel-linux-x86_64-fedora-gcc 0.1-13 26.21 NOTE
r-devel-osx-x86_64-clang 0.1-13 29.23 NOTE
r-devel-windows-ix86+x86_64 0.1-13 13.00 28.00 41.00 NOTE
r-patched-linux-x86_64 0.1-13 1.55 12.78 14.33 NOTE
r-patched-solaris-sparc 0.1-13 158.50 NOTE
r-patched-solaris-x86 0.1-13 39.60 NOTE
r-release-linux-ix86 0.1-13 2.32 19.52 21.84 NOTE
r-release-linux-x86_64 0.1-13 1.50 12.50 14.00 NOTE
r-release-osx-x86_64-mavericks 0.1-13 NOTE
r-release-windows-ix86+x86_64 0.1-13 17.00 37.00 54.00 NOTE
r-oldrel-windows-ix86+x86_64 0.1-13 12.00 31.00 43.00 NOTE

Check Details

Version: 0.1-13
Check: dependencies in R code
Result: NOTE
    Package in Depends field not imported from: ‘deSolve’
     These packages need to be imported from (in the NAMESPACE file)
     for when this namespace is loaded but not attached.
    See the information on DESCRIPTION files in the chapter ‘Creating R
    packages’ of the ‘Writing R Extensions’ manual.
Flavors: r-devel-linux-x86_64-debian-clang, r-devel-linux-x86_64-debian-gcc, r-devel-linux-x86_64-fedora-clang, r-devel-linux-x86_64-fedora-gcc, r-devel-osx-x86_64-clang, r-devel-windows-ix86+x86_64, r-patched-linux-x86_64, r-patched-solaris-sparc, r-patched-solaris-x86, r-release-linux-ix86, r-release-linux-x86_64, r-release-osx-x86_64-mavericks, r-release-windows-ix86+x86_64, r-oldrel-windows-ix86+x86_64

Version: 0.1-13
Check: R code for possible problems
Result: NOTE
    sim.cont: no visible global function definition for ‘lsoda’
Flavors: r-devel-linux-x86_64-debian-clang, r-devel-linux-x86_64-debian-gcc, r-devel-linux-x86_64-fedora-clang, r-devel-linux-x86_64-fedora-gcc, r-devel-osx-x86_64-clang, r-devel-windows-ix86+x86_64, r-patched-linux-x86_64, r-patched-solaris-sparc, r-patched-solaris-x86

Version: 0.1-13
Check: Rd line widths
Result: NOTE
    Rd file 'sim.cont.Rd':
     \examples lines wider than 100 characters:
     rossler.ts <- sim.cont(rossler.syst, start=0, end=650, dt=0.1, start.x=c(0,0,0), parms=c(0.15, 0.2, 10))
    
    These lines will be truncated in the PDF manual.
Flavors: r-devel-linux-x86_64-debian-clang, r-devel-linux-x86_64-debian-gcc, r-devel-linux-x86_64-fedora-clang, r-devel-linux-x86_64-fedora-gcc, r-patched-linux-x86_64, r-release-linux-x86_64