CRAN Package Check Results for Package tseriesChaos

Last updated on 2015-04-02 08:49:46.

Flavor Version Tinstall Tcheck Ttotal Status Flags
r-devel-linux-x86_64-debian-clang 0.1-13 1.51 12.16 13.66 NOTE
r-devel-linux-x86_64-debian-gcc 0.1-13 1.50 11.44 12.95 NOTE
r-devel-linux-x86_64-fedora-clang 0.1-13 24.37 NOTE
r-devel-linux-x86_64-fedora-gcc 0.1-13 23.56 NOTE
r-devel-osx-x86_64-clang 0.1-13 30.05 NOTE
r-prerel-windows-ix86+x86_64 0.1-13 21.00 27.00 48.00 NOTE
r-prerel-linux-x86_64 0.1-13 1.48 11.53 13.01 NOTE
r-prerel-solaris-sparc 0.1-13 151.10 NOTE
r-prerel-solaris-x86 0.1-13 35.00 NOTE
r-release-linux-x86_64 0.1-13 1.50 12.78 14.28 NOTE
r-release-osx-x86_64-mavericks 0.1-13 NOTE
r-release-windows-ix86+x86_64 0.1-13 16.00 29.00 45.00 NOTE
r-oldrel-windows-ix86+x86_64 0.1-13 13.00 27.00 40.00 NOTE

Check Details

Version: 0.1-13
Check: DESCRIPTION meta-information
Result: NOTE
    Malformed Description field: should contain one or more complete sentences.
Flavors: r-devel-linux-x86_64-debian-clang, r-devel-linux-x86_64-debian-gcc, r-devel-linux-x86_64-fedora-clang, r-devel-linux-x86_64-fedora-gcc, r-devel-osx-x86_64-clang, r-prerel-windows-ix86+x86_64, r-prerel-linux-x86_64, r-prerel-solaris-sparc, r-prerel-solaris-x86

Version: 0.1-13
Check: dependencies in R code
Result: NOTE
    Package in Depends field not imported from: ‘deSolve’
     These packages need to be imported from (in the NAMESPACE file)
     for when this namespace is loaded but not attached.
Flavors: r-devel-linux-x86_64-debian-clang, r-devel-linux-x86_64-debian-gcc, r-devel-linux-x86_64-fedora-clang, r-devel-linux-x86_64-fedora-gcc, r-devel-osx-x86_64-clang, r-prerel-windows-ix86+x86_64, r-prerel-linux-x86_64, r-prerel-solaris-sparc, r-prerel-solaris-x86, r-release-linux-x86_64, r-release-windows-ix86+x86_64

Version: 0.1-13
Check: S3 generic/method consistency
Result: NOTE
    Found the following apparent S3 methods exported but not registered:
     plot.ami plot.d2 plot.false.nearest print.d2 print.false.nearest
    See section ‘Registering S3 methods’ in the ‘Writing R Extensions’
    manual.
Flavors: r-devel-linux-x86_64-debian-clang, r-devel-linux-x86_64-debian-gcc, r-devel-linux-x86_64-fedora-clang, r-devel-linux-x86_64-fedora-gcc, r-devel-osx-x86_64-clang, r-prerel-linux-x86_64

Version: 0.1-13
Check: R code for possible problems
Result: NOTE
    sim.cont: no visible global function definition for ‘lsoda’
Flavors: r-devel-linux-x86_64-debian-clang, r-devel-linux-x86_64-debian-gcc, r-devel-linux-x86_64-fedora-clang, r-devel-linux-x86_64-fedora-gcc, r-devel-osx-x86_64-clang, r-prerel-windows-ix86+x86_64, r-prerel-linux-x86_64, r-prerel-solaris-sparc, r-prerel-solaris-x86, r-release-linux-x86_64, r-release-osx-x86_64-mavericks, r-release-windows-ix86+x86_64

Version: 0.1-13
Check: Rd line widths
Result: NOTE
    Rd file 'sim.cont.Rd':
     \examples lines wider than 100 characters:
     rossler.ts <- sim.cont(rossler.syst, start=0, end=650, dt=0.1, start.x=c(0,0,0), parms=c(0.15, 0.2, 10))
    
    These lines will be truncated in the PDF manual.
Flavors: r-devel-linux-x86_64-debian-clang, r-devel-linux-x86_64-debian-gcc, r-devel-linux-x86_64-fedora-clang, r-devel-linux-x86_64-fedora-gcc, r-prerel-linux-x86_64, r-release-linux-x86_64

Version: 0.1-13
Check: dependencies in R code
Result: NOTE
    Package in Depends field not imported from: ‘deSolve’
     These packages need to be imported from (in the NAMESPACE file)
     for when this namespace is loaded but not attached.
    See the information on DESCRIPTION files in the chapter ‘Creating R
    packages’ of the ‘Writing R Extensions’ manual.
Flavors: r-release-osx-x86_64-mavericks, r-oldrel-windows-ix86+x86_64