CRAN Package Check Results for Package tseriesChaos

Last updated on 2023-12-10 01:52:44 CET.

Flavor Version Tinstall Tcheck Ttotal Status Flags
r-devel-linux-x86_64-debian-clang 0.1-13.1 5.10 29.20 34.30 OK
r-devel-linux-x86_64-debian-gcc 0.1-13.1 3.77 22.32 26.09 OK
r-devel-linux-x86_64-fedora-clang 0.1-13.1 44.59 NOTE
r-devel-linux-x86_64-fedora-gcc 0.1-13.1 41.71 NOTE
r-devel-windows-x86_64 0.1-13.1 9.00 51.00 60.00 OK
r-patched-linux-x86_64 0.1-13.1 5.38 29.60 34.98 OK
r-release-linux-x86_64 0.1-13.1 4.45 28.64 33.09 OK
r-release-macos-arm64 0.1-13.1 30.00 OK
r-release-macos-x86_64 0.1-13.1 27.00 OK
r-release-windows-x86_64 0.1-13.1 9.00 45.00 54.00 OK
r-oldrel-macos-arm64 0.1-13.1 19.00 OK
r-oldrel-macos-x86_64 0.1-13.1 24.00 OK
r-oldrel-windows-x86_64 0.1-13.1 10.00 53.00 63.00 OK

Check Details

Version: 0.1-13.1
Check: compiled code
Result: NOTE File ‘tseriesChaos/libs/tseriesChaos.so’: Found no calls to: ‘R_registerRoutines’, ‘R_useDynamicSymbols’ It is good practice to register native routines and to disable symbol search. See ‘Writing portable packages’ in the ‘Writing R Extensions’ manual. Flavors: r-devel-linux-x86_64-fedora-clang, r-devel-linux-x86_64-fedora-gcc