CRAN Package Check Results for Package tseriesChaos

Last updated on 2015-07-06 03:48:09.

Flavor Version Tinstall Tcheck Ttotal Status Flags
r-devel-linux-x86_64-debian-clang 0.1-13 1.41 11.05 12.46 NOTE
r-devel-linux-x86_64-debian-gcc 0.1-13 1.45 10.98 12.43 NOTE
r-devel-linux-x86_64-fedora-clang 0.1-13 23.08 NOTE
r-devel-linux-x86_64-fedora-gcc 0.1-13 22.60 NOTE
r-devel-osx-x86_64-clang 0.1-13 21.58 NOTE
r-devel-windows-ix86+x86_64 0.1-13 21.00 28.00 49.00 NOTE
r-patched-linux-x86_64 0.1-13 1.54 11.47 13.01 NOTE
r-patched-solaris-sparc 0.1-13 145.00 NOTE
r-patched-solaris-x86 0.1-13 35.00 NOTE
r-release-linux-x86_64 0.1-13 1.51 11.68 13.19 NOTE
r-release-osx-x86_64-mavericks 0.1-13 NOTE
r-release-windows-ix86+x86_64 0.1-13 12.00 29.00 41.00 NOTE
r-oldrel-windows-ix86+x86_64 0.1-13 16.00 29.00 45.00 NOTE

Check Details

Version: 0.1-13
Check: DESCRIPTION meta-information
Result: NOTE
    Malformed Description field: should contain one or more complete sentences.
Flavors: r-devel-linux-x86_64-debian-clang, r-devel-linux-x86_64-debian-gcc, r-devel-linux-x86_64-fedora-clang, r-devel-linux-x86_64-fedora-gcc, r-devel-osx-x86_64-clang, r-devel-windows-ix86+x86_64, r-patched-linux-x86_64, r-patched-solaris-sparc, r-patched-solaris-x86, r-release-linux-x86_64, r-release-osx-x86_64-mavericks, r-release-windows-ix86+x86_64

Version: 0.1-13
Check: dependencies in R code
Result: NOTE
    Package in Depends field not imported from: ‘deSolve’
     These packages need to be imported from (in the NAMESPACE file)
     for when this namespace is loaded but not attached.
Flavors: r-devel-linux-x86_64-debian-clang, r-devel-linux-x86_64-debian-gcc, r-devel-linux-x86_64-fedora-clang, r-devel-linux-x86_64-fedora-gcc, r-devel-osx-x86_64-clang, r-devel-windows-ix86+x86_64, r-patched-linux-x86_64, r-patched-solaris-sparc, r-patched-solaris-x86, r-release-linux-x86_64, r-release-osx-x86_64-mavericks, r-release-windows-ix86+x86_64, r-oldrel-windows-ix86+x86_64

Version: 0.1-13
Check: S3 generic/method consistency
Result: NOTE
    Found the following apparent S3 methods exported but not registered:
     plot.ami plot.d2 plot.false.nearest print.d2 print.false.nearest
    See section ‘Registering S3 methods’ in the ‘Writing R Extensions’
    manual.
Flavors: r-devel-linux-x86_64-debian-clang, r-devel-linux-x86_64-debian-gcc, r-devel-linux-x86_64-fedora-clang, r-devel-linux-x86_64-fedora-gcc, r-devel-osx-x86_64-clang, r-patched-linux-x86_64, r-patched-solaris-sparc, r-patched-solaris-x86, r-release-linux-x86_64

Version: 0.1-13
Check: R code for possible problems
Result: NOTE
    embedd: no visible global function definition for ‘as.ts’
    embedd: no visible global function definition for ‘lag’
    embedd: no visible global function definition for ‘ts.intersect’
    false.nearest: no visible global function definition for ‘sd’
    lyap: no visible global function definition for ‘as.ts’
    lyap: no visible global function definition for ‘tsp’
    lyap: no visible global function definition for ‘window’
    lyap: no visible global function definition for ‘lm’
    lyap_k: no visible global function definition for ‘as.ts’
    lyap_k: no visible global function definition for ‘ts’
    lyap_k: no visible global function definition for ‘frequency’
    plot.ami: no visible global function definition for ‘plot’
    plot.ami: no visible global function definition for ‘abline’
    plot.d2: no visible global function definition for ‘plot’
    plot.d2: no visible global function definition for ‘lines’
    plot.false.nearest: no visible global function definition for ‘plot’
    print.d2: no visible global function definition for ‘plot’
    recurr: no visible global function definition for ‘start’
    recurr: no visible global function definition for ‘end’
    recurr: no visible global function definition for ‘window’
    recurr: no visible global function definition for ‘dist’
    recurr: no visible global function definition for ‘time’
    recurr: no visible global function definition for ‘filled.contour’
    recurr : <anonymous>: no visible global function definition for ‘gray’
    sim.cont: no visible global function definition for ‘lsoda’
    sim.cont: no visible global function definition for ‘ts’
    stplot: no visible global function definition for ‘plot’
    stplot: no visible global function definition for ‘frequency’
    stplot: no visible global function definition for ‘lines’
    Undefined global functions or variables:
     abline as.ts dist end filled.contour frequency gray lag lines lm
     lsoda plot sd start time ts ts.intersect tsp window
Flavors: r-devel-linux-x86_64-debian-clang, r-devel-linux-x86_64-debian-gcc, r-devel-linux-x86_64-fedora-clang, r-devel-linux-x86_64-fedora-gcc, r-devel-windows-ix86+x86_64

Version: 0.1-13
Check: Rd line widths
Result: NOTE
    Rd file 'sim.cont.Rd':
     \examples lines wider than 100 characters:
     rossler.ts <- sim.cont(rossler.syst, start=0, end=650, dt=0.1, start.x=c(0,0,0), parms=c(0.15, 0.2, 10))
    
    These lines will be truncated in the PDF manual.
Flavors: r-devel-linux-x86_64-debian-clang, r-devel-linux-x86_64-debian-gcc, r-devel-linux-x86_64-fedora-clang, r-devel-linux-x86_64-fedora-gcc, r-patched-linux-x86_64, r-release-linux-x86_64

Version: 0.1-13
Check: R code for possible problems
Result: NOTE
    sim.cont: no visible global function definition for ‘lsoda’
    Undefined global functions or variables:
     lsoda
Flavor: r-devel-osx-x86_64-clang

Version: 0.1-13
Check: R code for possible problems
Result: NOTE
    sim.cont: no visible global function definition for ‘lsoda’
Flavors: r-patched-linux-x86_64, r-patched-solaris-sparc, r-patched-solaris-x86, r-release-linux-x86_64, r-release-osx-x86_64-mavericks, r-release-windows-ix86+x86_64, r-oldrel-windows-ix86+x86_64