CRAN Package Check Results for Package tseriesChaos

Last updated on 2015-01-31 09:57:36.

Flavor Version Tinstall Tcheck Ttotal Status Flags
r-devel-linux-x86_64-debian-clang 0.1-13 1.53 11.51 13.04 NOTE
r-devel-linux-x86_64-debian-gcc 0.1-13 1.50 11.44 12.94 NOTE
r-devel-linux-x86_64-fedora-clang 0.1-13 26.44 NOTE
r-devel-linux-x86_64-fedora-gcc 0.1-13 26.27 NOTE
r-devel-osx-x86_64-clang 0.1-13 29.86 NOTE
r-devel-windows-ix86+x86_64 0.1-13 14.00 29.00 43.00 NOTE
r-patched-linux-x86_64 0.1-13 1.58 12.87 14.45 NOTE
r-patched-solaris-sparc 0.1-13 155.80 NOTE
r-patched-solaris-x86 0.1-13 39.40 NOTE
r-release-linux-ix86 0.1-13 2.24 18.30 20.54 NOTE
r-release-linux-x86_64 0.1-13 1.72 12.74 14.46 NOTE
r-release-osx-x86_64-mavericks 0.1-13 NOTE
r-release-windows-ix86+x86_64 0.1-13 13.00 36.00 49.00 NOTE
r-oldrel-windows-ix86+x86_64 0.1-13 13.00 27.00 40.00 NOTE

Check Details

Version: 0.1-13
Check: dependencies in R code
Result: NOTE
    Package in Depends field not imported from: ‘deSolve’
     These packages need to be imported from (in the NAMESPACE file)
     for when this namespace is loaded but not attached.
Flavors: r-devel-linux-x86_64-debian-clang, r-devel-linux-x86_64-debian-gcc, r-devel-linux-x86_64-fedora-clang, r-devel-linux-x86_64-fedora-gcc, r-devel-osx-x86_64-clang, r-devel-windows-ix86+x86_64

Version: 0.1-13
Check: S3 generic/method consistency
Result: NOTE
    Found the following apparent S3 methods exported but not registered:
     print.d2 print.false.nearest plot.ami plot.d2 plot.false.nearest
    See section ‘Registering S3 methods’ in the ‘Writing R Extensions’
    manual.
Flavors: r-devel-linux-x86_64-debian-clang, r-devel-linux-x86_64-debian-gcc, r-devel-linux-x86_64-fedora-clang, r-devel-linux-x86_64-fedora-gcc, r-devel-osx-x86_64-clang

Version: 0.1-13
Check: R code for possible problems
Result: NOTE
    sim.cont: no visible global function definition for ‘lsoda’
Flavors: r-devel-linux-x86_64-debian-clang, r-devel-linux-x86_64-debian-gcc, r-devel-linux-x86_64-fedora-clang, r-devel-linux-x86_64-fedora-gcc, r-devel-osx-x86_64-clang, r-devel-windows-ix86+x86_64, r-patched-linux-x86_64, r-patched-solaris-sparc, r-patched-solaris-x86, r-release-linux-ix86, r-release-linux-x86_64, r-release-osx-x86_64-mavericks, r-release-windows-ix86+x86_64

Version: 0.1-13
Check: Rd line widths
Result: NOTE
    Rd file 'sim.cont.Rd':
     \examples lines wider than 100 characters:
     rossler.ts <- sim.cont(rossler.syst, start=0, end=650, dt=0.1, start.x=c(0,0,0), parms=c(0.15, 0.2, 10))
    
    These lines will be truncated in the PDF manual.
Flavors: r-devel-linux-x86_64-debian-clang, r-devel-linux-x86_64-debian-gcc, r-devel-linux-x86_64-fedora-clang, r-devel-linux-x86_64-fedora-gcc, r-patched-linux-x86_64, r-release-linux-x86_64

Version: 0.1-13
Check: dependencies in R code
Result: NOTE
    Package in Depends field not imported from: ‘deSolve’
     These packages need to be imported from (in the NAMESPACE file)
     for when this namespace is loaded but not attached.
    See the information on DESCRIPTION files in the chapter ‘Creating R
    packages’ of the ‘Writing R Extensions’ manual.
Flavors: r-patched-linux-x86_64, r-patched-solaris-sparc, r-patched-solaris-x86, r-release-linux-ix86, r-release-linux-x86_64, r-release-osx-x86_64-mavericks, r-release-windows-ix86+x86_64, r-oldrel-windows-ix86+x86_64